{"id":9766,"date":"2023-05-09T03:31:33","date_gmt":"2023-05-09T03:31:33","guid":{"rendered":"https:\/\/yaomarket.cl\/?post_type=product&#038;p=9766"},"modified":"2025-11-04T15:59:17","modified_gmt":"2025-11-04T15:59:17","slug":"miel-o-jarabe-de-datil-turco-450g","status":"publish","type":"product","link":"https:\/\/yaomarket.cl\/?product=miel-o-jarabe-de-datil-turco-450g","title":{"rendered":"Miel o jarabe de D\u00e1til turco 450g"},"content":{"rendered":"<div id=\"product-description-short-427\" class=\"rte-content product-description\">\n<div class=\"rte-content product-description\"><\/div>\n<div class=\"product-actions\">\n<form id=\"add-to-cart-or-refresh\" action=\"https:\/\/europasecreta.cl\/carrito\" method=\"post\">\n<div class=\"product-variants\"><\/div>\n<div class=\"product-add-to-cart pt-3\">\n<div class=\"row extra-small-gutters product-quantity \">\n<div class=\"col col-12 col-sm-auto col-add-qty\">\n<div class=\"qty \">\n<div class=\"input-group bootstrap-touchspin\"><\/div>\n<\/div>\n<\/div>\n<\/div>\n<\/div>\n<\/form>\n<\/div>\n<\/div>\n<div class=\"product-actions\">\n<form id=\"add-to-cart-or-refresh\" action=\"https:\/\/europasecreta.cl\/carrito\" method=\"post\">\n<div class=\"product-variants\"><\/div>\n<div class=\"product-add-to-cart pt-3\">\n<div class=\"row extra-small-gutters product-quantity \">\n<div class=\"col col-12 col-sm-auto col-add-qty\">\n<div class=\"qty \">\n<div class=\"input-group bootstrap-touchspin\"><\/div>\n<\/div>\n<\/div>\n<\/div>\n<\/div>\n<\/form>\n<\/div>\n","protected":false},"excerpt":{"rendered":"<p>Miel de d\u00e1tiles 450GR<br \/>\n. El jarabe o miel de d\u00e1til se consume ampliamente en el Medio Oriente, muestra actividad antibacteriana que inhibe el crecimiento de algunas bacterias como Staphylococcus Aureus y Escherichia Coli. Los d\u00e1tiles est\u00e1n constituidos por un 70% de sacarosa lo cual, hace que este jarabe sea el perfecto sucesor del az\u00facar.<\/p>\n<p>Comparada con la miel de maple y miel de abeja tiene un nivel bajo de fructosa. Las personas diab\u00e9ticas pueden incluir este elemento en su dieta sin temor a que afecte su salud, siempre y cuando su consumo sea moderado.<\/p>\n<p>Est\u00e1 considerado como un alimento del futuro ya que proporciona una amplia gama de nutrientes esenciales con beneficios para la salud como potasio, magnesio, antioxidantes y vitamina B6, que aceleran nuestro metabolismo.<\/p>\n<p>Si buscas una alternativa del az\u00facar para endulzar tus hot cakes por la ma\u00f1ana, el yogurt, infusiones, smoothies o postres te recomendamos que pruebes nuestra miel de d\u00e1til originaria de Baja California, 100% natural sin az\u00facar a\u00f1adida, su \u00fanico ingrediente es d\u00e1til. \u00a1Disfr\u00fatala ya!<\/p>\n","protected":false},"featured_media":9751,"template":"","meta":[],"product_cat":[414],"product_tag":[427,428,424,425,423],"class_list":{"0":"post-9766","1":"product","2":"type-product","3":"status-publish","4":"has-post-thumbnail","6":"product_cat-endulzantes","7":"product_tag-datil","8":"product_tag-datiles","9":"product_tag-diabetico","10":"product_tag-endulza","11":"product_tag-endulzante","13":"first","14":"outofstock","15":"shipping-taxable","16":"purchasable","17":"product-type-simple"},"yoast_head":"<!-- This site is optimized with the Yoast SEO plugin v25.2 - https:\/\/yoast.com\/wordpress\/plugins\/seo\/ -->\n<title>Miel o jarabe de D\u00e1til turco 450g - YAOMARKET<\/title>\n<meta name=\"robots\" content=\"index, follow, max-snippet:-1, max-image-preview:large, max-video-preview:-1\" \/>\n<link rel=\"canonical\" href=\"https:\/\/yaomarket.cl\/?product=miel-o-jarabe-de-datil-turco-450g\" \/>\n<meta property=\"og:locale\" content=\"es_ES\" \/>\n<meta property=\"og:type\" content=\"article\" \/>\n<meta property=\"og:title\" content=\"Miel o jarabe de D\u00e1til turco 450g - YAOMARKET\" \/>\n<meta property=\"og:description\" content=\"Miel de d\u00e1tiles 450GR . El jarabe o miel de d\u00e1til se consume ampliamente en el Medio Oriente, muestra actividad antibacteriana que inhibe el crecimiento de algunas bacterias como Staphylococcus Aureus y Escherichia Coli. Los d\u00e1tiles est\u00e1n constituidos por un 70% de sacarosa lo cual, hace que este jarabe sea el perfecto sucesor del az\u00facar.  Comparada con la miel de maple y miel de abeja tiene un nivel bajo de fructosa. Las personas diab\u00e9ticas pueden incluir este elemento en su dieta sin temor a que afecte su salud, siempre y cuando su consumo sea moderado.  Est\u00e1 considerado como un alimento del futuro ya que proporciona una amplia gama de nutrientes esenciales con beneficios para la salud como potasio, magnesio, antioxidantes y vitamina B6, que aceleran nuestro metabolismo.  Si buscas una alternativa del az\u00facar para endulzar tus hot cakes por la ma\u00f1ana, el yogurt, infusiones, smoothies o postres te recomendamos que pruebes nuestra miel de d\u00e1til originaria de Baja California, 100% natural sin az\u00facar a\u00f1adida, su \u00fanico ingrediente es d\u00e1til. \u00a1Disfr\u00fatala ya!\" \/>\n<meta property=\"og:url\" content=\"https:\/\/yaomarket.cl\/?product=miel-o-jarabe-de-datil-turco-450g\" \/>\n<meta property=\"og:site_name\" content=\"YAOMARKET\" \/>\n<meta property=\"article:publisher\" content=\"https:\/\/www.facebook.com\/yaomarketchile\/\" \/>\n<meta property=\"article:modified_time\" content=\"2025-11-04T15:59:17+00:00\" \/>\n<meta property=\"og:image\" content=\"https:\/\/yaomarket.cl\/wp-content\/uploads\/2023\/05\/Diapositiva13-1.jpg\" \/>\n\t<meta property=\"og:image:width\" content=\"753\" \/>\n\t<meta property=\"og:image:height\" content=\"565\" \/>\n\t<meta property=\"og:image:type\" content=\"image\/jpeg\" \/>\n<meta name=\"twitter:card\" content=\"summary_large_image\" \/>\n<script type=\"application\/ld+json\" class=\"yoast-schema-graph\">{\"@context\":\"https:\/\/schema.org\",\"@graph\":[{\"@type\":\"WebPage\",\"@id\":\"https:\/\/yaomarket.cl\/?product=miel-o-jarabe-de-datil-turco-450g\",\"url\":\"https:\/\/yaomarket.cl\/?product=miel-o-jarabe-de-datil-turco-450g\",\"name\":\"Miel o jarabe de D\u00e1til turco 450g - YAOMARKET\",\"isPartOf\":{\"@id\":\"https:\/\/yaomarket.cl\/#website\"},\"primaryImageOfPage\":{\"@id\":\"https:\/\/yaomarket.cl\/?product=miel-o-jarabe-de-datil-turco-450g#primaryimage\"},\"image\":{\"@id\":\"https:\/\/yaomarket.cl\/?product=miel-o-jarabe-de-datil-turco-450g#primaryimage\"},\"thumbnailUrl\":\"https:\/\/yaomarket.cl\/wp-content\/uploads\/2023\/05\/Diapositiva13-1.jpg\",\"datePublished\":\"2023-05-09T03:31:33+00:00\",\"dateModified\":\"2025-11-04T15:59:17+00:00\",\"breadcrumb\":{\"@id\":\"https:\/\/yaomarket.cl\/?product=miel-o-jarabe-de-datil-turco-450g#breadcrumb\"},\"inLanguage\":\"es\",\"potentialAction\":[{\"@type\":\"ReadAction\",\"target\":[\"https:\/\/yaomarket.cl\/?product=miel-o-jarabe-de-datil-turco-450g\"]}]},{\"@type\":\"ImageObject\",\"inLanguage\":\"es\",\"@id\":\"https:\/\/yaomarket.cl\/?product=miel-o-jarabe-de-datil-turco-450g#primaryimage\",\"url\":\"https:\/\/yaomarket.cl\/wp-content\/uploads\/2023\/05\/Diapositiva13-1.jpg\",\"contentUrl\":\"https:\/\/yaomarket.cl\/wp-content\/uploads\/2023\/05\/Diapositiva13-1.jpg\",\"width\":753,\"height\":565},{\"@type\":\"BreadcrumbList\",\"@id\":\"https:\/\/yaomarket.cl\/?product=miel-o-jarabe-de-datil-turco-450g#breadcrumb\",\"itemListElement\":[{\"@type\":\"ListItem\",\"position\":1,\"name\":\"Portada\",\"item\":\"https:\/\/yaomarket.cl\/\"},{\"@type\":\"ListItem\",\"position\":2,\"name\":\"TIENDA\",\"item\":\"https:\/\/yaomarket.cl\/?page_id=8\"},{\"@type\":\"ListItem\",\"position\":3,\"name\":\"Miel o jarabe de D\u00e1til turco 450g\"}]},{\"@type\":\"WebSite\",\"@id\":\"https:\/\/yaomarket.cl\/#website\",\"url\":\"https:\/\/yaomarket.cl\/\",\"name\":\"YAOMARKET\",\"description\":\"\",\"publisher\":{\"@id\":\"https:\/\/yaomarket.cl\/#organization\"},\"potentialAction\":[{\"@type\":\"SearchAction\",\"target\":{\"@type\":\"EntryPoint\",\"urlTemplate\":\"https:\/\/yaomarket.cl\/?s={search_term_string}\"},\"query-input\":{\"@type\":\"PropertyValueSpecification\",\"valueRequired\":true,\"valueName\":\"search_term_string\"}}],\"inLanguage\":\"es\"},{\"@type\":\"Organization\",\"@id\":\"https:\/\/yaomarket.cl\/#organization\",\"name\":\"YAOMARKET\",\"url\":\"https:\/\/yaomarket.cl\/\",\"logo\":{\"@type\":\"ImageObject\",\"inLanguage\":\"es\",\"@id\":\"https:\/\/yaomarket.cl\/#\/schema\/logo\/image\/\",\"url\":\"https:\/\/yaomarket.cl\/wp-content\/uploads\/2023\/08\/Logo-Original-Yao-Market-Circular.png\",\"contentUrl\":\"https:\/\/yaomarket.cl\/wp-content\/uploads\/2023\/08\/Logo-Original-Yao-Market-Circular.png\",\"width\":522,\"height\":522,\"caption\":\"YAOMARKET\"},\"image\":{\"@id\":\"https:\/\/yaomarket.cl\/#\/schema\/logo\/image\/\"},\"sameAs\":[\"https:\/\/www.facebook.com\/yaomarketchile\/\",\"https:\/\/www.instagram.com\/yao_market\/\"]}]}<\/script>\n<!-- \/ Yoast SEO plugin. -->","yoast_head_json":{"title":"Miel o jarabe de D\u00e1til turco 450g - YAOMARKET","robots":{"index":"index","follow":"follow","max-snippet":"max-snippet:-1","max-image-preview":"max-image-preview:large","max-video-preview":"max-video-preview:-1"},"canonical":"https:\/\/yaomarket.cl\/?product=miel-o-jarabe-de-datil-turco-450g","og_locale":"es_ES","og_type":"article","og_title":"Miel o jarabe de D\u00e1til turco 450g - YAOMARKET","og_description":"Miel de d\u00e1tiles 450GR . El jarabe o miel de d\u00e1til se consume ampliamente en el Medio Oriente, muestra actividad antibacteriana que inhibe el crecimiento de algunas bacterias como Staphylococcus Aureus y Escherichia Coli. Los d\u00e1tiles est\u00e1n constituidos por un 70% de sacarosa lo cual, hace que este jarabe sea el perfecto sucesor del az\u00facar.  Comparada con la miel de maple y miel de abeja tiene un nivel bajo de fructosa. Las personas diab\u00e9ticas pueden incluir este elemento en su dieta sin temor a que afecte su salud, siempre y cuando su consumo sea moderado.  Est\u00e1 considerado como un alimento del futuro ya que proporciona una amplia gama de nutrientes esenciales con beneficios para la salud como potasio, magnesio, antioxidantes y vitamina B6, que aceleran nuestro metabolismo.  Si buscas una alternativa del az\u00facar para endulzar tus hot cakes por la ma\u00f1ana, el yogurt, infusiones, smoothies o postres te recomendamos que pruebes nuestra miel de d\u00e1til originaria de Baja California, 100% natural sin az\u00facar a\u00f1adida, su \u00fanico ingrediente es d\u00e1til. \u00a1Disfr\u00fatala ya!","og_url":"https:\/\/yaomarket.cl\/?product=miel-o-jarabe-de-datil-turco-450g","og_site_name":"YAOMARKET","article_publisher":"https:\/\/www.facebook.com\/yaomarketchile\/","article_modified_time":"2025-11-04T15:59:17+00:00","og_image":[{"width":753,"height":565,"url":"https:\/\/yaomarket.cl\/wp-content\/uploads\/2023\/05\/Diapositiva13-1.jpg","type":"image\/jpeg"}],"twitter_card":"summary_large_image","schema":{"@context":"https:\/\/schema.org","@graph":[{"@type":"WebPage","@id":"https:\/\/yaomarket.cl\/?product=miel-o-jarabe-de-datil-turco-450g","url":"https:\/\/yaomarket.cl\/?product=miel-o-jarabe-de-datil-turco-450g","name":"Miel o jarabe de D\u00e1til turco 450g - YAOMARKET","isPartOf":{"@id":"https:\/\/yaomarket.cl\/#website"},"primaryImageOfPage":{"@id":"https:\/\/yaomarket.cl\/?product=miel-o-jarabe-de-datil-turco-450g#primaryimage"},"image":{"@id":"https:\/\/yaomarket.cl\/?product=miel-o-jarabe-de-datil-turco-450g#primaryimage"},"thumbnailUrl":"https:\/\/yaomarket.cl\/wp-content\/uploads\/2023\/05\/Diapositiva13-1.jpg","datePublished":"2023-05-09T03:31:33+00:00","dateModified":"2025-11-04T15:59:17+00:00","breadcrumb":{"@id":"https:\/\/yaomarket.cl\/?product=miel-o-jarabe-de-datil-turco-450g#breadcrumb"},"inLanguage":"es","potentialAction":[{"@type":"ReadAction","target":["https:\/\/yaomarket.cl\/?product=miel-o-jarabe-de-datil-turco-450g"]}]},{"@type":"ImageObject","inLanguage":"es","@id":"https:\/\/yaomarket.cl\/?product=miel-o-jarabe-de-datil-turco-450g#primaryimage","url":"https:\/\/yaomarket.cl\/wp-content\/uploads\/2023\/05\/Diapositiva13-1.jpg","contentUrl":"https:\/\/yaomarket.cl\/wp-content\/uploads\/2023\/05\/Diapositiva13-1.jpg","width":753,"height":565},{"@type":"BreadcrumbList","@id":"https:\/\/yaomarket.cl\/?product=miel-o-jarabe-de-datil-turco-450g#breadcrumb","itemListElement":[{"@type":"ListItem","position":1,"name":"Portada","item":"https:\/\/yaomarket.cl\/"},{"@type":"ListItem","position":2,"name":"TIENDA","item":"https:\/\/yaomarket.cl\/?page_id=8"},{"@type":"ListItem","position":3,"name":"Miel o jarabe de D\u00e1til turco 450g"}]},{"@type":"WebSite","@id":"https:\/\/yaomarket.cl\/#website","url":"https:\/\/yaomarket.cl\/","name":"YAOMARKET","description":"","publisher":{"@id":"https:\/\/yaomarket.cl\/#organization"},"potentialAction":[{"@type":"SearchAction","target":{"@type":"EntryPoint","urlTemplate":"https:\/\/yaomarket.cl\/?s={search_term_string}"},"query-input":{"@type":"PropertyValueSpecification","valueRequired":true,"valueName":"search_term_string"}}],"inLanguage":"es"},{"@type":"Organization","@id":"https:\/\/yaomarket.cl\/#organization","name":"YAOMARKET","url":"https:\/\/yaomarket.cl\/","logo":{"@type":"ImageObject","inLanguage":"es","@id":"https:\/\/yaomarket.cl\/#\/schema\/logo\/image\/","url":"https:\/\/yaomarket.cl\/wp-content\/uploads\/2023\/08\/Logo-Original-Yao-Market-Circular.png","contentUrl":"https:\/\/yaomarket.cl\/wp-content\/uploads\/2023\/08\/Logo-Original-Yao-Market-Circular.png","width":522,"height":522,"caption":"YAOMARKET"},"image":{"@id":"https:\/\/yaomarket.cl\/#\/schema\/logo\/image\/"},"sameAs":["https:\/\/www.facebook.com\/yaomarketchile\/","https:\/\/www.instagram.com\/yao_market\/"]}]}},"_links":{"self":[{"href":"https:\/\/yaomarket.cl\/index.php?rest_route=\/wp\/v2\/product\/9766","targetHints":{"allow":["GET"]}}],"collection":[{"href":"https:\/\/yaomarket.cl\/index.php?rest_route=\/wp\/v2\/product"}],"about":[{"href":"https:\/\/yaomarket.cl\/index.php?rest_route=\/wp\/v2\/types\/product"}],"wp:featuredmedia":[{"embeddable":true,"href":"https:\/\/yaomarket.cl\/index.php?rest_route=\/wp\/v2\/media\/9751"}],"wp:attachment":[{"href":"https:\/\/yaomarket.cl\/index.php?rest_route=%2Fwp%2Fv2%2Fmedia&parent=9766"}],"wp:term":[{"taxonomy":"product_cat","embeddable":true,"href":"https:\/\/yaomarket.cl\/index.php?rest_route=%2Fwp%2Fv2%2Fproduct_cat&post=9766"},{"taxonomy":"product_tag","embeddable":true,"href":"https:\/\/yaomarket.cl\/index.php?rest_route=%2Fwp%2Fv2%2Fproduct_tag&post=9766"}],"curies":[{"name":"wp","href":"https:\/\/api.w.org\/{rel}","templated":true}]}}