{"id":9717,"date":"2023-05-03T02:59:40","date_gmt":"2023-05-03T02:59:40","guid":{"rendered":"https:\/\/yaomarket.cl\/?post_type=product&#038;p=9717"},"modified":"2023-05-03T03:01:38","modified_gmt":"2023-05-03T03:01:38","slug":"vitamina-c","status":"publish","type":"product","link":"https:\/\/yaomarket.cl\/?product=vitamina-c","title":{"rendered":"Vitamina C"},"content":{"rendered":"<div id=\"product-description-short-427\" class=\"rte-content product-description\">\n<div class=\"rte-content product-description\"><\/div>\n<div class=\"product-actions\">\n<form id=\"add-to-cart-or-refresh\" action=\"https:\/\/europasecreta.cl\/carrito\" method=\"post\">\n<div class=\"product-variants\"><\/div>\n<div class=\"product-add-to-cart pt-3\">\n<div class=\"row extra-small-gutters product-quantity \">\n<div class=\"col col-12 col-sm-auto col-add-qty\">\n<div class=\"qty \">\n<div class=\"input-group bootstrap-touchspin\"><\/div>\n<\/div>\n<\/div>\n<\/div>\n<\/div>\n<\/form>\n<\/div>\n<\/div>\n<div class=\"product-actions\">\n<form id=\"add-to-cart-or-refresh\" action=\"https:\/\/europasecreta.cl\/carrito\" method=\"post\">\n<div class=\"product-variants\"><\/div>\n<div class=\"product-add-to-cart pt-3\">\n<div class=\"row extra-small-gutters product-quantity \">\n<div class=\"col col-12 col-sm-auto col-add-qty\">\n<div class=\"qty \">\n<div class=\"input-group bootstrap-touchspin\"><\/div>\n<\/div>\n<\/div>\n<\/div>\n<\/div>\n<\/form>\n<\/div>\n","protected":false},"excerpt":{"rendered":"<ul>\n<li>\n<section class=\"elementor-section elementor-top-section elementor-element elementor-element-2dff0b1 elementor-section-boxed elementor-section-height-default elementor-section-height-default\" data-id=\"2dff0b1\" data-element_type=\"section\">\n<div class=\"elementor-container elementor-column-gap-wider\">\n<div class=\"elementor-row\">\n<div class=\"elementor-column elementor-col-50 elementor-top-column elementor-element elementor-element-a2772c1\" data-id=\"a2772c1\" data-element_type=\"column\">\n<div class=\"elementor-column-wrap elementor-element-populated\">\n<div class=\"elementor-widget-wrap\">\n<div class=\"elementor-element elementor-element-d6c1980 lista-principal elementor-widget elementor-widget-text-editor\" data-id=\"d6c1980\" data-element_type=\"widget\" data-widget_type=\"text-editor.default\">\n<div class=\"elementor-widget-container\">\n<div class=\"elementor-text-editor elementor-clearfix\">\n<ul>\n<li>120 porciones con 500 mg devitamina C.<\/li>\n<li>O tambi\u00e9n 60 porciones con 1000 mg (1 g) de vitamina C<\/li>\n<li>Esto es Vitamina C pura, endulzada con nuestra stevia, pura tambi\u00e9n.<\/li>\n<li>Coloca la porci\u00f3n en tu boca y se disolver\u00e1 en segundos, o m\u00e9zclala con un jugo, batido o alimento ( Evita colocar la porci\u00f3n directamente en tus muelas o dientes, para evitar la sentir la sensibilidad a la vitamina C.)<\/li>\n<li>1 dosificador al ras = 500 mg<\/li>\n<li>2 dosificadores\u00a0 \u00a0al ras = 1000 mg (1g)<\/li>\n<\/ul>\n<\/div>\n<\/div>\n<\/div>\n<\/div>\n<\/div>\n<\/div>\n<div class=\"elementor-column elementor-col-50 elementor-top-column elementor-element elementor-element-4a04878\" data-id=\"4a04878\" data-element_type=\"column\">\n<div class=\"elementor-column-wrap elementor-element-populated\">\n<div class=\"elementor-widget-wrap\">\n<div class=\"elementor-element elementor-element-13ef1a3 elementor-widget elementor-widget-heading\" data-id=\"13ef1a3\" data-element_type=\"widget\" data-widget_type=\"heading.default\">\n<div class=\"elementor-widget-container\">\n<h3 class=\"elementor-heading-title elementor-size-default\">Valor de referencia en Chile<\/h3>\n<\/div>\n<\/div>\n<div class=\"elementor-element elementor-element-6c1346d elementor-widget elementor-widget-heading\" data-id=\"6c1346d\" data-element_type=\"widget\" data-widget_type=\"heading.default\">\n<div class=\"elementor-widget-container\">\n<p class=\"elementor-heading-title elementor-size-default\">M\u00e1s o menos 4.490.<\/p>\n<\/div>\n<\/div>\n<div class=\"elementor-element elementor-element-d5f0395 elementor-widget elementor-widget-heading\" data-id=\"d5f0395\" data-element_type=\"widget\" data-widget_type=\"heading.default\">\n<div class=\"elementor-widget-container\">\n<p class=\"elementor-heading-title elementor-size-default\">Puede existir una diferencia de alrededor de 350 pesos.<\/p>\n<\/div>\n<\/div>\n<div class=\"elementor-element elementor-element-251d193 elementor-widget elementor-widget-heading\" data-id=\"251d193\" data-element_type=\"widget\" data-widget_type=\"heading.default\">\n<div class=\"elementor-widget-container\">\n<h3 class=\"elementor-heading-title elementor-size-default\">Estamos en todo Chile:<\/h3>\n<\/div>\n<\/div>\n<div class=\"elementor-element elementor-element-39bb9f9 elementor-widget elementor-widget-heading\" data-id=\"39bb9f9\" data-element_type=\"widget\" data-widget_type=\"heading.default\">\n<div class=\"elementor-widget-container\">\n<p class=\"elementor-heading-title elementor-size-default\"><a href=\"https:\/\/www.dulzuranatural.cl\/donde-estamos\/\">Haz click\u00a0<b>AQU\u00cd<\/b>\u00a0para ir a ver la lista de tiendas<br \/>\ny sus direcciones.<\/a><\/p>\n<\/div>\n<\/div>\n<div class=\"elementor-element elementor-element-68fc04a elementor-hidden-mobile elementor-widget elementor-widget-spacer\" data-id=\"68fc04a\" data-element_type=\"widget\" data-widget_type=\"spacer.default\">\n<div class=\"elementor-widget-container\">\n<div class=\"elementor-spacer\">\n<div class=\"elementor-spacer-inner\"><\/div>\n<\/div>\n<\/div>\n<\/div>\n<div class=\"elementor-element elementor-element-942466b elementor-hidden-mobile elementor-widget elementor-widget-image\" data-id=\"942466b\" data-element_type=\"widget\" data-widget_type=\"image.default\">\n<div class=\"elementor-widget-container\">\n<div class=\"elementor-image\"><img loading=\"lazy\" decoding=\"async\" class=\"attachment-large size-large wp-image-864\" src=\"https:\/\/www.dulzuranatural.cl\/wp-content\/uploads\/2020\/06\/vitaminac_natural.png\" sizes=\"auto, (max-width: 408px) 100vw, 408px\" srcset=\"https:\/\/www.dulzuranatural.cl\/wp-content\/uploads\/2020\/06\/vitaminac_natural.png 408w, https:\/\/www.dulzuranatural.cl\/wp-content\/uploads\/2020\/06\/vitaminac_natural-228x300.png 228w\" alt=\"\" width=\"408\" height=\"538\" \/><\/div>\n<\/div>\n<\/div>\n<\/div>\n<\/div>\n<\/div>\n<\/div>\n<\/div>\n<\/section>\n<section class=\"elementor-section elementor-top-section elementor-element elementor-element-57fcc7b elementor-section-boxed elementor-section-height-default elementor-section-height-default\" data-id=\"57fcc7b\" data-element_type=\"section\">\n<div class=\"elementor-container elementor-column-gap-wider\">\n<div class=\"elementor-row\">\n<div class=\"elementor-column elementor-col-50 elementor-top-column elementor-element elementor-element-740b4c0\" data-id=\"740b4c0\" data-element_type=\"column\">\n<div class=\"elementor-column-wrap elementor-element-populated\">\n<div class=\"elementor-widget-wrap\">\n<div class=\"elementor-element elementor-element-fd2e614 elementor-widget elementor-widget-heading\" data-id=\"fd2e614\" data-element_type=\"widget\" data-widget_type=\"heading.default\">\n<div class=\"elementor-widget-container\">\n<h2 class=\"elementor-heading-title elementor-size-default\">Beneficios y usos de la Vitamina C<\/h2>\n<\/div>\n<\/div>\n<div class=\"elementor-element elementor-element-a08079a elementor-widget elementor-widget-text-editor\" data-id=\"a08079a\" data-element_type=\"widget\" data-widget_type=\"text-editor.default\">\n<div class=\"elementor-widget-container\">\n<div class=\"elementor-text-editor elementor-clearfix\">\n<p>\u2013 La vitamina C es la principal vitamina antioxidante Incluso en peque\u00f1as cantidades, la vitamina C puede proteger a las mol\u00e9culas indispensables para tu cuerpo, como las prote\u00ednas, l\u00edpidos (grasas), los carbohidratos y los \u00e1cidos nucleicos (ADN y ARN), del da\u00f1o causado por los radicales libres y las especies reactivas de ox\u00edgeno (ERO) .<\/p>\n<p>\u2013 Tienen la capacidad de regenerar a la vitamina E (1)<\/p>\n<p>\u2013 Cumple un papel muy importante en tu sistema inmune, ya que la vitamina C estimula la producci\u00f3n y funci\u00f3n de los gl\u00f3bulos blancos (leucocitos) (2) (3) (4) (5), a la vez que su poder antioxidante protege a tus leucocitos de un da\u00f1o oxidativo auto-infligido (6)<\/p>\n<p>\u2013 La vitamina C es un cofactor importante en tu bios\u00edntesis de col\u00e1geno , carnitina y neurop\u00e9ptidos, y en la regulaci\u00f3n de la expresi\u00f3n de genes (1)<\/p>\n<p>\u2013 La Vitamina C aumenta la biodisponibilidad y absorci\u00f3n del hierro, por eso se recomienda tomar hierro junto con vitamina C (7)<\/p>\n<p>\u2013 Te previene de las enfermedades cardiovasculares asociadas a la disfunci\u00f3n endotelial y aterosclerosis (12)<\/p>\n<p>\u2013 Ayuda a prevenir y regular la hipertensi\u00f3n (13) (14)<\/p>\n<p>\u2013 Resfr\u00edo Com\u00fan: Los estudios sugieren que si tu tomas suplementos de vitamina C con frecuencia tendr\u00edas resfriados de duraci\u00f3n algo m\u00e1s corta o s\u00edntomas algo m\u00e1s leves, sin embargo, esto solo es \u00fatil si has tomado la vitamina C con regularidad antes de refriarte. (20) (21).<\/p>\n<\/div>\n<\/div>\n<\/div>\n<\/div>\n<\/div>\n<\/div>\n<\/div>\n<\/div>\n<\/section>\n<\/li>\n<\/ul>\n","protected":false},"featured_media":9701,"template":"","meta":[],"product_cat":[384,383],"product_tag":[397,389,391,392,388],"class_list":{"0":"post-9717","1":"product","2":"type-product","3":"status-publish","4":"has-post-thumbnail","6":"product_cat-suplementos-y-vitaminas","7":"product_cat-vegano","8":"product_tag-c","9":"product_tag-dulzura-natural","10":"product_tag-vegano","11":"product_tag-vitamina","12":"product_tag-vitaminas","14":"first","15":"instock","16":"shipping-taxable","17":"purchasable","18":"product-type-simple"},"yoast_head":"<!-- This site is optimized with the Yoast SEO plugin v25.2 - https:\/\/yoast.com\/wordpress\/plugins\/seo\/ -->\n<title>Vitamina C - YAOMARKET<\/title>\n<meta name=\"robots\" content=\"index, follow, max-snippet:-1, max-image-preview:large, max-video-preview:-1\" \/>\n<link rel=\"canonical\" href=\"https:\/\/yaomarket.cl\/?product=vitamina-c\" \/>\n<meta property=\"og:locale\" content=\"es_ES\" \/>\n<meta property=\"og:type\" content=\"article\" \/>\n<meta property=\"og:title\" content=\"Vitamina C - YAOMARKET\" \/>\n<meta property=\"og:description\" content=\"120 porciones con 500 mg devitamina C.  O tambi\u00e9n 60 porciones con 1000 mg (1 g) de vitamina C  Esto es Vitamina C pura, endulzada con nuestra stevia, pura tambi\u00e9n.  Coloca la porci\u00f3n en tu boca y se disolver\u00e1 en segundos, o m\u00e9zclala con un jugo, batido o alimento ( Evita colocar la porci\u00f3n directamente en tus muelas o dientes, para evitar la sentir la sensibilidad a la vitamina C.)  1 dosificador al ras = 500 mg  2 dosificadores\u00a0 \u00a0al ras = 1000 mg (1g)             Valor de referencia en Chile     M\u00e1s o menos 4.490.      Puede existir una diferencia de alrededor de 350 pesos.      Estamos en todo Chile:     Haz click\u00a0AQU\u00cd\u00a0para ir a ver la lista de tiendas y sus direcciones.                             Beneficios y usos de la Vitamina C       \u2013 La vitamina C es la principal vitamina antioxidante Incluso en peque\u00f1as cantidades, la vitamina C puede proteger a las mol\u00e9culas indispensables para tu cuerpo, como las prote\u00ednas, l\u00edpidos (grasas), los carbohidratos y los \u00e1cidos nucleicos (ADN y ARN), del da\u00f1o causado por los radicales libres y las especies reactivas de ox\u00edgeno (ERO) .  \u2013 Tienen la capacidad de regenerar a la vitamina E (1)  \u2013 Cumple un papel muy importante en tu sistema inmune, ya que la vitamina C estimula la producci\u00f3n y funci\u00f3n de los gl\u00f3bulos blancos (leucocitos) (2) (3) (4) (5), a la vez que su poder antioxidante protege a tus leucocitos de un da\u00f1o oxidativo auto-infligido (6)  \u2013 La vitamina C es un cofactor importante en tu bios\u00edntesis de col\u00e1geno , carnitina y neurop\u00e9ptidos, y en la regulaci\u00f3n de la expresi\u00f3n de genes (1)  \u2013 La Vitamina C aumenta la biodisponibilidad y absorci\u00f3n del hierro, por eso se recomienda tomar hierro junto con vitamina C (7)  \u2013 Te previene de las enfermedades cardiovasculares asociadas a la disfunci\u00f3n endotelial y aterosclerosis (12)  \u2013 Ayuda a prevenir y regular la hipertensi\u00f3n (13) (14)  \u2013 Resfr\u00edo Com\u00fan: Los estudios sugieren que si tu tomas suplementos de vitamina C con frecuencia tendr\u00edas resfriados de duraci\u00f3n algo m\u00e1s corta o s\u00edntomas algo m\u00e1s leves, sin embargo, esto solo es \u00fatil si has tomado la vitamina C con regularidad antes de refriarte. (20) (21).\" \/>\n<meta property=\"og:url\" content=\"https:\/\/yaomarket.cl\/?product=vitamina-c\" \/>\n<meta property=\"og:site_name\" content=\"YAOMARKET\" \/>\n<meta property=\"article:publisher\" content=\"https:\/\/www.facebook.com\/yaomarketchile\/\" \/>\n<meta property=\"article:modified_time\" content=\"2023-05-03T03:01:38+00:00\" \/>\n<meta property=\"og:image\" content=\"https:\/\/yaomarket.cl\/wp-content\/uploads\/2023\/05\/Diapositiva6.jpg\" \/>\n\t<meta property=\"og:image:width\" content=\"753\" \/>\n\t<meta property=\"og:image:height\" content=\"565\" \/>\n\t<meta property=\"og:image:type\" content=\"image\/jpeg\" \/>\n<meta name=\"twitter:card\" content=\"summary_large_image\" \/>\n<script type=\"application\/ld+json\" class=\"yoast-schema-graph\">{\"@context\":\"https:\/\/schema.org\",\"@graph\":[{\"@type\":\"WebPage\",\"@id\":\"https:\/\/yaomarket.cl\/?product=vitamina-c\",\"url\":\"https:\/\/yaomarket.cl\/?product=vitamina-c\",\"name\":\"Vitamina C - YAOMARKET\",\"isPartOf\":{\"@id\":\"https:\/\/yaomarket.cl\/#website\"},\"primaryImageOfPage\":{\"@id\":\"https:\/\/yaomarket.cl\/?product=vitamina-c#primaryimage\"},\"image\":{\"@id\":\"https:\/\/yaomarket.cl\/?product=vitamina-c#primaryimage\"},\"thumbnailUrl\":\"https:\/\/yaomarket.cl\/wp-content\/uploads\/2023\/05\/Diapositiva6.jpg\",\"datePublished\":\"2023-05-03T02:59:40+00:00\",\"dateModified\":\"2023-05-03T03:01:38+00:00\",\"breadcrumb\":{\"@id\":\"https:\/\/yaomarket.cl\/?product=vitamina-c#breadcrumb\"},\"inLanguage\":\"es\",\"potentialAction\":[{\"@type\":\"ReadAction\",\"target\":[\"https:\/\/yaomarket.cl\/?product=vitamina-c\"]}]},{\"@type\":\"ImageObject\",\"inLanguage\":\"es\",\"@id\":\"https:\/\/yaomarket.cl\/?product=vitamina-c#primaryimage\",\"url\":\"https:\/\/yaomarket.cl\/wp-content\/uploads\/2023\/05\/Diapositiva6.jpg\",\"contentUrl\":\"https:\/\/yaomarket.cl\/wp-content\/uploads\/2023\/05\/Diapositiva6.jpg\",\"width\":753,\"height\":565},{\"@type\":\"BreadcrumbList\",\"@id\":\"https:\/\/yaomarket.cl\/?product=vitamina-c#breadcrumb\",\"itemListElement\":[{\"@type\":\"ListItem\",\"position\":1,\"name\":\"Portada\",\"item\":\"https:\/\/yaomarket.cl\/\"},{\"@type\":\"ListItem\",\"position\":2,\"name\":\"TIENDA\",\"item\":\"https:\/\/yaomarket.cl\/?page_id=8\"},{\"@type\":\"ListItem\",\"position\":3,\"name\":\"Vitamina C\"}]},{\"@type\":\"WebSite\",\"@id\":\"https:\/\/yaomarket.cl\/#website\",\"url\":\"https:\/\/yaomarket.cl\/\",\"name\":\"YAOMARKET\",\"description\":\"\",\"publisher\":{\"@id\":\"https:\/\/yaomarket.cl\/#organization\"},\"potentialAction\":[{\"@type\":\"SearchAction\",\"target\":{\"@type\":\"EntryPoint\",\"urlTemplate\":\"https:\/\/yaomarket.cl\/?s={search_term_string}\"},\"query-input\":{\"@type\":\"PropertyValueSpecification\",\"valueRequired\":true,\"valueName\":\"search_term_string\"}}],\"inLanguage\":\"es\"},{\"@type\":\"Organization\",\"@id\":\"https:\/\/yaomarket.cl\/#organization\",\"name\":\"YAOMARKET\",\"url\":\"https:\/\/yaomarket.cl\/\",\"logo\":{\"@type\":\"ImageObject\",\"inLanguage\":\"es\",\"@id\":\"https:\/\/yaomarket.cl\/#\/schema\/logo\/image\/\",\"url\":\"https:\/\/yaomarket.cl\/wp-content\/uploads\/2023\/08\/Logo-Original-Yao-Market-Circular.png\",\"contentUrl\":\"https:\/\/yaomarket.cl\/wp-content\/uploads\/2023\/08\/Logo-Original-Yao-Market-Circular.png\",\"width\":522,\"height\":522,\"caption\":\"YAOMARKET\"},\"image\":{\"@id\":\"https:\/\/yaomarket.cl\/#\/schema\/logo\/image\/\"},\"sameAs\":[\"https:\/\/www.facebook.com\/yaomarketchile\/\",\"https:\/\/www.instagram.com\/yao_market\/\"]}]}<\/script>\n<!-- \/ Yoast SEO plugin. -->","yoast_head_json":{"title":"Vitamina C - YAOMARKET","robots":{"index":"index","follow":"follow","max-snippet":"max-snippet:-1","max-image-preview":"max-image-preview:large","max-video-preview":"max-video-preview:-1"},"canonical":"https:\/\/yaomarket.cl\/?product=vitamina-c","og_locale":"es_ES","og_type":"article","og_title":"Vitamina C - YAOMARKET","og_description":"120 porciones con 500 mg devitamina C.  O tambi\u00e9n 60 porciones con 1000 mg (1 g) de vitamina C  Esto es Vitamina C pura, endulzada con nuestra stevia, pura tambi\u00e9n.  Coloca la porci\u00f3n en tu boca y se disolver\u00e1 en segundos, o m\u00e9zclala con un jugo, batido o alimento ( Evita colocar la porci\u00f3n directamente en tus muelas o dientes, para evitar la sentir la sensibilidad a la vitamina C.)  1 dosificador al ras = 500 mg  2 dosificadores\u00a0 \u00a0al ras = 1000 mg (1g)             Valor de referencia en Chile     M\u00e1s o menos 4.490.      Puede existir una diferencia de alrededor de 350 pesos.      Estamos en todo Chile:     Haz click\u00a0AQU\u00cd\u00a0para ir a ver la lista de tiendas y sus direcciones.                             Beneficios y usos de la Vitamina C       \u2013 La vitamina C es la principal vitamina antioxidante Incluso en peque\u00f1as cantidades, la vitamina C puede proteger a las mol\u00e9culas indispensables para tu cuerpo, como las prote\u00ednas, l\u00edpidos (grasas), los carbohidratos y los \u00e1cidos nucleicos (ADN y ARN), del da\u00f1o causado por los radicales libres y las especies reactivas de ox\u00edgeno (ERO) .  \u2013 Tienen la capacidad de regenerar a la vitamina E (1)  \u2013 Cumple un papel muy importante en tu sistema inmune, ya que la vitamina C estimula la producci\u00f3n y funci\u00f3n de los gl\u00f3bulos blancos (leucocitos) (2) (3) (4) (5), a la vez que su poder antioxidante protege a tus leucocitos de un da\u00f1o oxidativo auto-infligido (6)  \u2013 La vitamina C es un cofactor importante en tu bios\u00edntesis de col\u00e1geno , carnitina y neurop\u00e9ptidos, y en la regulaci\u00f3n de la expresi\u00f3n de genes (1)  \u2013 La Vitamina C aumenta la biodisponibilidad y absorci\u00f3n del hierro, por eso se recomienda tomar hierro junto con vitamina C (7)  \u2013 Te previene de las enfermedades cardiovasculares asociadas a la disfunci\u00f3n endotelial y aterosclerosis (12)  \u2013 Ayuda a prevenir y regular la hipertensi\u00f3n (13) (14)  \u2013 Resfr\u00edo Com\u00fan: Los estudios sugieren que si tu tomas suplementos de vitamina C con frecuencia tendr\u00edas resfriados de duraci\u00f3n algo m\u00e1s corta o s\u00edntomas algo m\u00e1s leves, sin embargo, esto solo es \u00fatil si has tomado la vitamina C con regularidad antes de refriarte. (20) (21).","og_url":"https:\/\/yaomarket.cl\/?product=vitamina-c","og_site_name":"YAOMARKET","article_publisher":"https:\/\/www.facebook.com\/yaomarketchile\/","article_modified_time":"2023-05-03T03:01:38+00:00","og_image":[{"width":753,"height":565,"url":"https:\/\/yaomarket.cl\/wp-content\/uploads\/2023\/05\/Diapositiva6.jpg","type":"image\/jpeg"}],"twitter_card":"summary_large_image","schema":{"@context":"https:\/\/schema.org","@graph":[{"@type":"WebPage","@id":"https:\/\/yaomarket.cl\/?product=vitamina-c","url":"https:\/\/yaomarket.cl\/?product=vitamina-c","name":"Vitamina C - YAOMARKET","isPartOf":{"@id":"https:\/\/yaomarket.cl\/#website"},"primaryImageOfPage":{"@id":"https:\/\/yaomarket.cl\/?product=vitamina-c#primaryimage"},"image":{"@id":"https:\/\/yaomarket.cl\/?product=vitamina-c#primaryimage"},"thumbnailUrl":"https:\/\/yaomarket.cl\/wp-content\/uploads\/2023\/05\/Diapositiva6.jpg","datePublished":"2023-05-03T02:59:40+00:00","dateModified":"2023-05-03T03:01:38+00:00","breadcrumb":{"@id":"https:\/\/yaomarket.cl\/?product=vitamina-c#breadcrumb"},"inLanguage":"es","potentialAction":[{"@type":"ReadAction","target":["https:\/\/yaomarket.cl\/?product=vitamina-c"]}]},{"@type":"ImageObject","inLanguage":"es","@id":"https:\/\/yaomarket.cl\/?product=vitamina-c#primaryimage","url":"https:\/\/yaomarket.cl\/wp-content\/uploads\/2023\/05\/Diapositiva6.jpg","contentUrl":"https:\/\/yaomarket.cl\/wp-content\/uploads\/2023\/05\/Diapositiva6.jpg","width":753,"height":565},{"@type":"BreadcrumbList","@id":"https:\/\/yaomarket.cl\/?product=vitamina-c#breadcrumb","itemListElement":[{"@type":"ListItem","position":1,"name":"Portada","item":"https:\/\/yaomarket.cl\/"},{"@type":"ListItem","position":2,"name":"TIENDA","item":"https:\/\/yaomarket.cl\/?page_id=8"},{"@type":"ListItem","position":3,"name":"Vitamina C"}]},{"@type":"WebSite","@id":"https:\/\/yaomarket.cl\/#website","url":"https:\/\/yaomarket.cl\/","name":"YAOMARKET","description":"","publisher":{"@id":"https:\/\/yaomarket.cl\/#organization"},"potentialAction":[{"@type":"SearchAction","target":{"@type":"EntryPoint","urlTemplate":"https:\/\/yaomarket.cl\/?s={search_term_string}"},"query-input":{"@type":"PropertyValueSpecification","valueRequired":true,"valueName":"search_term_string"}}],"inLanguage":"es"},{"@type":"Organization","@id":"https:\/\/yaomarket.cl\/#organization","name":"YAOMARKET","url":"https:\/\/yaomarket.cl\/","logo":{"@type":"ImageObject","inLanguage":"es","@id":"https:\/\/yaomarket.cl\/#\/schema\/logo\/image\/","url":"https:\/\/yaomarket.cl\/wp-content\/uploads\/2023\/08\/Logo-Original-Yao-Market-Circular.png","contentUrl":"https:\/\/yaomarket.cl\/wp-content\/uploads\/2023\/08\/Logo-Original-Yao-Market-Circular.png","width":522,"height":522,"caption":"YAOMARKET"},"image":{"@id":"https:\/\/yaomarket.cl\/#\/schema\/logo\/image\/"},"sameAs":["https:\/\/www.facebook.com\/yaomarketchile\/","https:\/\/www.instagram.com\/yao_market\/"]}]}},"_links":{"self":[{"href":"https:\/\/yaomarket.cl\/index.php?rest_route=\/wp\/v2\/product\/9717","targetHints":{"allow":["GET"]}}],"collection":[{"href":"https:\/\/yaomarket.cl\/index.php?rest_route=\/wp\/v2\/product"}],"about":[{"href":"https:\/\/yaomarket.cl\/index.php?rest_route=\/wp\/v2\/types\/product"}],"wp:featuredmedia":[{"embeddable":true,"href":"https:\/\/yaomarket.cl\/index.php?rest_route=\/wp\/v2\/media\/9701"}],"wp:attachment":[{"href":"https:\/\/yaomarket.cl\/index.php?rest_route=%2Fwp%2Fv2%2Fmedia&parent=9717"}],"wp:term":[{"taxonomy":"product_cat","embeddable":true,"href":"https:\/\/yaomarket.cl\/index.php?rest_route=%2Fwp%2Fv2%2Fproduct_cat&post=9717"},{"taxonomy":"product_tag","embeddable":true,"href":"https:\/\/yaomarket.cl\/index.php?rest_route=%2Fwp%2Fv2%2Fproduct_tag&post=9717"}],"curies":[{"name":"wp","href":"https:\/\/api.w.org\/{rel}","templated":true}]}}