{"id":9392,"date":"2023-04-06T01:51:56","date_gmt":"2023-04-06T01:51:56","guid":{"rendered":"https:\/\/yaomarket.cl\/?post_type=product&#038;p=9392"},"modified":"2023-04-06T01:53:30","modified_gmt":"2023-04-06T01:53:30","slug":"set-dammann-grenat-5-variedades","status":"publish","type":"product","link":"https:\/\/yaomarket.cl\/?product=set-dammann-grenat-5-variedades","title":{"rendered":"Set Dammann Grenat &#8211; 5 variedades"},"content":{"rendered":"","protected":false},"excerpt":{"rendered":"<div id=\"product-description-short-752\" class=\"rte-content product-description\">\n<div id=\"product-description-short-151\" class=\"rte-content product-description\">\n<div id=\"product-description-short-153\" class=\"rte-content product-description\">\n<div id=\"product-description-short-226\" class=\"rte-content product-description\">\n<div id=\"product-description-short-228\" class=\"rte-content product-description\">\n<div id=\"product-description-short-229\" class=\"rte-content product-description\">\n<div id=\"product-description-short-230\" class=\"rte-content product-description\">\n<div id=\"product-description-short-232\" class=\"rte-content product-description\">\n<div id=\"product-description-short-233\" class=\"rte-content product-description\">\n<div id=\"product-description-short-239\" class=\"rte-content product-description\">\n<div id=\"product-description-short-240\" class=\"rte-content product-description\">\n<div id=\"product-description-short-241\" class=\"rte-content product-description\">\n<div id=\"product-description-short-244\" class=\"rte-content product-description\">\n<div id=\"product-description-short-245\" class=\"rte-content product-description\">\n<div id=\"product-description-short-248\" class=\"rte-content product-description\">\n<div id=\"product-description-short-249\" class=\"rte-content product-description\">\n<div id=\"product-description-short-261\" class=\"rte-content product-description\">\n<p>En su caja de color rojo oscuro: un surtido de 5 mezclas con suntuosas notas c\u00edtricas. 5 Variedades (4 unidades c\/u) incluidas en el Estuche:<\/p>\n<p>&#8211; Grand Gout Russe &#8211; Th\u00e9 Noir Aromatis\u00e9 (t\u00e9 negro aromatizado)<\/p>\n<p>&#8211; Earl Grey des Seigneurs, The Noir Aromatis\u00e9\u00a0 (t\u00e9 negro aromatizado)<\/p>\n<p>&#8211; Miss Dammann, El Vert Aromatis\u00e9 (t\u00e9 verde aromatizado)<\/p>\n<p>&#8211; Cidras Oolong, Flavored Oolong aromatis\u00e9\u00a0 (aromatizado oolong)<\/p>\n<p>&#8211; Carcadet Litchi Citron Vert, Flavored Blend for Infusion (mezcla aromatizada para infusi\u00f3n, sabores de lichi y lima)<\/p>\n<\/div>\n<\/div>\n<\/div>\n<\/div>\n<\/div>\n<\/div>\n<\/div>\n<\/div>\n<\/div>\n<\/div>\n<\/div>\n<\/div>\n<\/div>\n<\/div>\n<\/div>\n<\/div>\n<\/div>\n","protected":false},"featured_media":9393,"template":"","meta":[],"product_cat":[226,84,86],"product_tag":[175,228,200,229,214,215,174,199],"class_list":{"0":"post-9392","1":"product","2":"type-product","3":"status-publish","4":"has-post-thumbnail","6":"product_cat-regaleria-df","7":"product_cat-mundo-te","8":"product_cat-dammann-freres","9":"product_tag-black-tea","10":"product_tag-dammann","11":"product_tag-green-tea","12":"product_tag-regalo","13":"product_tag-te","14":"product_tag-te-en-hojas","15":"product_tag-te-negro","16":"product_tag-te-verde","18":"first","19":"instock","20":"shipping-taxable","21":"purchasable","22":"product-type-simple"},"yoast_head":"<!-- This site is optimized with the Yoast SEO plugin v25.2 - https:\/\/yoast.com\/wordpress\/plugins\/seo\/ -->\n<title>Set Dammann Grenat - 5 variedades - YAOMARKET<\/title>\n<meta name=\"robots\" content=\"index, follow, max-snippet:-1, max-image-preview:large, max-video-preview:-1\" \/>\n<link rel=\"canonical\" href=\"https:\/\/yaomarket.cl\/product\/set-dammann-grenat-5-variedades\/\" \/>\n<meta property=\"og:locale\" content=\"es_ES\" \/>\n<meta property=\"og:type\" content=\"article\" \/>\n<meta property=\"og:title\" content=\"Set Dammann Grenat - 5 variedades - YAOMARKET\" \/>\n<meta property=\"og:description\" content=\"En su caja de color rojo oscuro: un surtido de 5 mezclas con suntuosas notas c\u00edtricas. 5 Variedades (4 unidades c\/u) incluidas en el Estuche:  - Grand Gout Russe - Th\u00e9 Noir Aromatis\u00e9 (t\u00e9 negro aromatizado)  - Earl Grey des Seigneurs, The Noir Aromatis\u00e9\u00a0 (t\u00e9 negro aromatizado)  - Miss Dammann, El Vert Aromatis\u00e9 (t\u00e9 verde aromatizado)  - Cidras Oolong, Flavored Oolong aromatis\u00e9\u00a0 (aromatizado oolong)  - Carcadet Litchi Citron Vert, Flavored Blend for Infusion (mezcla aromatizada para infusi\u00f3n, sabores de lichi y lima)\" \/>\n<meta property=\"og:url\" content=\"https:\/\/yaomarket.cl\/product\/set-dammann-grenat-5-variedades\/\" \/>\n<meta property=\"og:site_name\" content=\"YAOMARKET\" \/>\n<meta property=\"article:publisher\" content=\"https:\/\/www.facebook.com\/yaomarketchile\/\" \/>\n<meta property=\"article:modified_time\" content=\"2023-04-06T01:53:30+00:00\" \/>\n<meta property=\"og:image\" content=\"https:\/\/yaomarket.cl\/wp-content\/uploads\/2023\/04\/set-de-regalo-grenat-20-sachets-de-sabores-variados.jpg\" \/>\n\t<meta property=\"og:image:width\" content=\"1100\" \/>\n\t<meta property=\"og:image:height\" content=\"1422\" \/>\n\t<meta property=\"og:image:type\" content=\"image\/jpeg\" \/>\n<meta name=\"twitter:card\" content=\"summary_large_image\" \/>\n<script type=\"application\/ld+json\" class=\"yoast-schema-graph\">{\"@context\":\"https:\/\/schema.org\",\"@graph\":[{\"@type\":\"WebPage\",\"@id\":\"https:\/\/yaomarket.cl\/product\/set-dammann-grenat-5-variedades\/\",\"url\":\"https:\/\/yaomarket.cl\/product\/set-dammann-grenat-5-variedades\/\",\"name\":\"Set Dammann Grenat - 5 variedades - YAOMARKET\",\"isPartOf\":{\"@id\":\"https:\/\/yaomarket.cl\/#website\"},\"primaryImageOfPage\":{\"@id\":\"https:\/\/yaomarket.cl\/product\/set-dammann-grenat-5-variedades\/#primaryimage\"},\"image\":{\"@id\":\"https:\/\/yaomarket.cl\/product\/set-dammann-grenat-5-variedades\/#primaryimage\"},\"thumbnailUrl\":\"https:\/\/yaomarket.cl\/wp-content\/uploads\/2023\/04\/set-de-regalo-grenat-20-sachets-de-sabores-variados.jpg\",\"datePublished\":\"2023-04-06T01:51:56+00:00\",\"dateModified\":\"2023-04-06T01:53:30+00:00\",\"breadcrumb\":{\"@id\":\"https:\/\/yaomarket.cl\/product\/set-dammann-grenat-5-variedades\/#breadcrumb\"},\"inLanguage\":\"es\",\"potentialAction\":[{\"@type\":\"ReadAction\",\"target\":[\"https:\/\/yaomarket.cl\/product\/set-dammann-grenat-5-variedades\/\"]}]},{\"@type\":\"ImageObject\",\"inLanguage\":\"es\",\"@id\":\"https:\/\/yaomarket.cl\/product\/set-dammann-grenat-5-variedades\/#primaryimage\",\"url\":\"https:\/\/yaomarket.cl\/wp-content\/uploads\/2023\/04\/set-de-regalo-grenat-20-sachets-de-sabores-variados.jpg\",\"contentUrl\":\"https:\/\/yaomarket.cl\/wp-content\/uploads\/2023\/04\/set-de-regalo-grenat-20-sachets-de-sabores-variados.jpg\",\"width\":1100,\"height\":1422},{\"@type\":\"BreadcrumbList\",\"@id\":\"https:\/\/yaomarket.cl\/product\/set-dammann-grenat-5-variedades\/#breadcrumb\",\"itemListElement\":[{\"@type\":\"ListItem\",\"position\":1,\"name\":\"Portada\",\"item\":\"https:\/\/yaomarket.cl\/\"},{\"@type\":\"ListItem\",\"position\":2,\"name\":\"TIENDA\",\"item\":\"https:\/\/yaomarket.cl\/?page_id=8\"},{\"@type\":\"ListItem\",\"position\":3,\"name\":\"Set Dammann Grenat &#8211; 5 variedades\"}]},{\"@type\":\"WebSite\",\"@id\":\"https:\/\/yaomarket.cl\/#website\",\"url\":\"https:\/\/yaomarket.cl\/\",\"name\":\"YAOMARKET\",\"description\":\"\",\"publisher\":{\"@id\":\"https:\/\/yaomarket.cl\/#organization\"},\"potentialAction\":[{\"@type\":\"SearchAction\",\"target\":{\"@type\":\"EntryPoint\",\"urlTemplate\":\"https:\/\/yaomarket.cl\/?s={search_term_string}\"},\"query-input\":{\"@type\":\"PropertyValueSpecification\",\"valueRequired\":true,\"valueName\":\"search_term_string\"}}],\"inLanguage\":\"es\"},{\"@type\":\"Organization\",\"@id\":\"https:\/\/yaomarket.cl\/#organization\",\"name\":\"YAOMARKET\",\"url\":\"https:\/\/yaomarket.cl\/\",\"logo\":{\"@type\":\"ImageObject\",\"inLanguage\":\"es\",\"@id\":\"https:\/\/yaomarket.cl\/#\/schema\/logo\/image\/\",\"url\":\"https:\/\/yaomarket.cl\/wp-content\/uploads\/2023\/08\/Logo-Original-Yao-Market-Circular.png\",\"contentUrl\":\"https:\/\/yaomarket.cl\/wp-content\/uploads\/2023\/08\/Logo-Original-Yao-Market-Circular.png\",\"width\":522,\"height\":522,\"caption\":\"YAOMARKET\"},\"image\":{\"@id\":\"https:\/\/yaomarket.cl\/#\/schema\/logo\/image\/\"},\"sameAs\":[\"https:\/\/www.facebook.com\/yaomarketchile\/\",\"https:\/\/www.instagram.com\/yao_market\/\"]}]}<\/script>\n<!-- \/ Yoast SEO plugin. -->","yoast_head_json":{"title":"Set Dammann Grenat - 5 variedades - YAOMARKET","robots":{"index":"index","follow":"follow","max-snippet":"max-snippet:-1","max-image-preview":"max-image-preview:large","max-video-preview":"max-video-preview:-1"},"canonical":"https:\/\/yaomarket.cl\/product\/set-dammann-grenat-5-variedades\/","og_locale":"es_ES","og_type":"article","og_title":"Set Dammann Grenat - 5 variedades - YAOMARKET","og_description":"En su caja de color rojo oscuro: un surtido de 5 mezclas con suntuosas notas c\u00edtricas. 5 Variedades (4 unidades c\/u) incluidas en el Estuche:  - Grand Gout Russe - Th\u00e9 Noir Aromatis\u00e9 (t\u00e9 negro aromatizado)  - Earl Grey des Seigneurs, The Noir Aromatis\u00e9\u00a0 (t\u00e9 negro aromatizado)  - Miss Dammann, El Vert Aromatis\u00e9 (t\u00e9 verde aromatizado)  - Cidras Oolong, Flavored Oolong aromatis\u00e9\u00a0 (aromatizado oolong)  - Carcadet Litchi Citron Vert, Flavored Blend for Infusion (mezcla aromatizada para infusi\u00f3n, sabores de lichi y lima)","og_url":"https:\/\/yaomarket.cl\/product\/set-dammann-grenat-5-variedades\/","og_site_name":"YAOMARKET","article_publisher":"https:\/\/www.facebook.com\/yaomarketchile\/","article_modified_time":"2023-04-06T01:53:30+00:00","og_image":[{"width":1100,"height":1422,"url":"https:\/\/yaomarket.cl\/wp-content\/uploads\/2023\/04\/set-de-regalo-grenat-20-sachets-de-sabores-variados.jpg","type":"image\/jpeg"}],"twitter_card":"summary_large_image","schema":{"@context":"https:\/\/schema.org","@graph":[{"@type":"WebPage","@id":"https:\/\/yaomarket.cl\/product\/set-dammann-grenat-5-variedades\/","url":"https:\/\/yaomarket.cl\/product\/set-dammann-grenat-5-variedades\/","name":"Set Dammann Grenat - 5 variedades - YAOMARKET","isPartOf":{"@id":"https:\/\/yaomarket.cl\/#website"},"primaryImageOfPage":{"@id":"https:\/\/yaomarket.cl\/product\/set-dammann-grenat-5-variedades\/#primaryimage"},"image":{"@id":"https:\/\/yaomarket.cl\/product\/set-dammann-grenat-5-variedades\/#primaryimage"},"thumbnailUrl":"https:\/\/yaomarket.cl\/wp-content\/uploads\/2023\/04\/set-de-regalo-grenat-20-sachets-de-sabores-variados.jpg","datePublished":"2023-04-06T01:51:56+00:00","dateModified":"2023-04-06T01:53:30+00:00","breadcrumb":{"@id":"https:\/\/yaomarket.cl\/product\/set-dammann-grenat-5-variedades\/#breadcrumb"},"inLanguage":"es","potentialAction":[{"@type":"ReadAction","target":["https:\/\/yaomarket.cl\/product\/set-dammann-grenat-5-variedades\/"]}]},{"@type":"ImageObject","inLanguage":"es","@id":"https:\/\/yaomarket.cl\/product\/set-dammann-grenat-5-variedades\/#primaryimage","url":"https:\/\/yaomarket.cl\/wp-content\/uploads\/2023\/04\/set-de-regalo-grenat-20-sachets-de-sabores-variados.jpg","contentUrl":"https:\/\/yaomarket.cl\/wp-content\/uploads\/2023\/04\/set-de-regalo-grenat-20-sachets-de-sabores-variados.jpg","width":1100,"height":1422},{"@type":"BreadcrumbList","@id":"https:\/\/yaomarket.cl\/product\/set-dammann-grenat-5-variedades\/#breadcrumb","itemListElement":[{"@type":"ListItem","position":1,"name":"Portada","item":"https:\/\/yaomarket.cl\/"},{"@type":"ListItem","position":2,"name":"TIENDA","item":"https:\/\/yaomarket.cl\/?page_id=8"},{"@type":"ListItem","position":3,"name":"Set Dammann Grenat &#8211; 5 variedades"}]},{"@type":"WebSite","@id":"https:\/\/yaomarket.cl\/#website","url":"https:\/\/yaomarket.cl\/","name":"YAOMARKET","description":"","publisher":{"@id":"https:\/\/yaomarket.cl\/#organization"},"potentialAction":[{"@type":"SearchAction","target":{"@type":"EntryPoint","urlTemplate":"https:\/\/yaomarket.cl\/?s={search_term_string}"},"query-input":{"@type":"PropertyValueSpecification","valueRequired":true,"valueName":"search_term_string"}}],"inLanguage":"es"},{"@type":"Organization","@id":"https:\/\/yaomarket.cl\/#organization","name":"YAOMARKET","url":"https:\/\/yaomarket.cl\/","logo":{"@type":"ImageObject","inLanguage":"es","@id":"https:\/\/yaomarket.cl\/#\/schema\/logo\/image\/","url":"https:\/\/yaomarket.cl\/wp-content\/uploads\/2023\/08\/Logo-Original-Yao-Market-Circular.png","contentUrl":"https:\/\/yaomarket.cl\/wp-content\/uploads\/2023\/08\/Logo-Original-Yao-Market-Circular.png","width":522,"height":522,"caption":"YAOMARKET"},"image":{"@id":"https:\/\/yaomarket.cl\/#\/schema\/logo\/image\/"},"sameAs":["https:\/\/www.facebook.com\/yaomarketchile\/","https:\/\/www.instagram.com\/yao_market\/"]}]}},"_links":{"self":[{"href":"https:\/\/yaomarket.cl\/index.php?rest_route=\/wp\/v2\/product\/9392","targetHints":{"allow":["GET"]}}],"collection":[{"href":"https:\/\/yaomarket.cl\/index.php?rest_route=\/wp\/v2\/product"}],"about":[{"href":"https:\/\/yaomarket.cl\/index.php?rest_route=\/wp\/v2\/types\/product"}],"wp:featuredmedia":[{"embeddable":true,"href":"https:\/\/yaomarket.cl\/index.php?rest_route=\/wp\/v2\/media\/9393"}],"wp:attachment":[{"href":"https:\/\/yaomarket.cl\/index.php?rest_route=%2Fwp%2Fv2%2Fmedia&parent=9392"}],"wp:term":[{"taxonomy":"product_cat","embeddable":true,"href":"https:\/\/yaomarket.cl\/index.php?rest_route=%2Fwp%2Fv2%2Fproduct_cat&post=9392"},{"taxonomy":"product_tag","embeddable":true,"href":"https:\/\/yaomarket.cl\/index.php?rest_route=%2Fwp%2Fv2%2Fproduct_tag&post=9392"}],"curies":[{"name":"wp","href":"https:\/\/api.w.org\/{rel}","templated":true}]}}