{"id":9259,"date":"2023-03-30T02:13:07","date_gmt":"2023-03-30T02:13:07","guid":{"rendered":"https:\/\/yaomarket.cl\/?post_type=product&#038;p=9259"},"modified":"2023-03-30T02:16:08","modified_gmt":"2023-03-30T02:16:08","slug":"caja-variedades-evergreen-60-sachets","status":"publish","type":"product","link":"https:\/\/yaomarket.cl\/?product=caja-variedades-evergreen-60-sachets","title":{"rendered":"Caja Variedades Evergreen (60 Sachets)"},"content":{"rendered":"","protected":false},"excerpt":{"rendered":"<p>Esta encantadora selecci\u00f3n re\u00fane seis infusiones verdes deliciosamente \u00fanicas. Hemos combinado t\u00e9s verdes chinos especialmente seleccionados con los delicados aromas de las flores de jazm\u00edn, los sabores frescos de lim\u00f3n y menta, y la dulzura veraniega del mango, el lichi, la frambuesa y la granada.<\/p>\n<p>\u00a1En conjunto, es el regalo perfecto para cualquier persona con una actitud de \u00abno puedo obtener suficiente\u00bb hacia el t\u00e9 verde de calidad!<\/p>\n<p>Contiene las siguientes variedades (10 cada uno):<\/p>\n<p>Green Tea Pure<br \/>\nJasmine Romance<br \/>\nMint Mystique<br \/>\nLemon Vitality<br \/>\nMango &amp; Lychee<br \/>\nRaspberry &amp; Pomegranate<\/p>\n","protected":false},"featured_media":9261,"template":"","meta":[],"product_cat":[169,84,85],"product_tag":[180,173,172,219,175,218,182,216,214,215,174],"class_list":{"0":"post-9259","1":"product","2":"type-product","3":"status-publish","4":"has-post-thumbnail","6":"product_cat-regaleria","7":"product_cat-mundo-te","8":"product_cat-ahmad-tea","9":"product_tag-180","10":"product_tag-ahmad","11":"product_tag-ahmad-tea","12":"product_tag-alcancia","13":"product_tag-black-tea","14":"product_tag-ceylan","15":"product_tag-ceylon","16":"product_tag-hoja","17":"product_tag-te","18":"product_tag-te-en-hojas","19":"product_tag-te-negro","21":"first","22":"instock","23":"shipping-taxable","24":"purchasable","25":"product-type-simple"},"yoast_head":"<!-- This site is optimized with the Yoast SEO plugin v25.2 - https:\/\/yoast.com\/wordpress\/plugins\/seo\/ -->\n<title>Caja Variedades Evergreen (60 Sachets) - YAOMARKET<\/title>\n<meta name=\"robots\" content=\"index, follow, max-snippet:-1, max-image-preview:large, max-video-preview:-1\" \/>\n<link rel=\"canonical\" href=\"https:\/\/yaomarket.cl\/product\/caja-variedades-evergreen-60-sachets\/\" \/>\n<meta property=\"og:locale\" content=\"es_ES\" \/>\n<meta property=\"og:type\" content=\"article\" \/>\n<meta property=\"og:title\" content=\"Caja Variedades Evergreen (60 Sachets) - YAOMARKET\" \/>\n<meta property=\"og:description\" content=\"Esta encantadora selecci\u00f3n re\u00fane seis infusiones verdes deliciosamente \u00fanicas. Hemos combinado t\u00e9s verdes chinos especialmente seleccionados con los delicados aromas de las flores de jazm\u00edn, los sabores frescos de lim\u00f3n y menta, y la dulzura veraniega del mango, el lichi, la frambuesa y la granada.  \u00a1En conjunto, es el regalo perfecto para cualquier persona con una actitud de &quot;no puedo obtener suficiente&quot; hacia el t\u00e9 verde de calidad!  Contiene las siguientes variedades (10 cada uno):  Green Tea Pure Jasmine Romance Mint Mystique Lemon Vitality Mango &amp; Lychee Raspberry &amp; Pomegranate\" \/>\n<meta property=\"og:url\" content=\"https:\/\/yaomarket.cl\/product\/caja-variedades-evergreen-60-sachets\/\" \/>\n<meta property=\"og:site_name\" content=\"YAOMARKET\" \/>\n<meta property=\"article:publisher\" content=\"https:\/\/www.facebook.com\/yaomarketchile\/\" \/>\n<meta property=\"article:modified_time\" content=\"2023-03-30T02:16:08+00:00\" \/>\n<meta property=\"og:image\" content=\"https:\/\/yaomarket.cl\/wp-content\/uploads\/2023\/03\/caja-variedades-evergreen-60-sachets.png\" \/>\n\t<meta property=\"og:image:width\" content=\"1100\" \/>\n\t<meta property=\"og:image:height\" content=\"1422\" \/>\n\t<meta property=\"og:image:type\" content=\"image\/png\" \/>\n<meta name=\"twitter:card\" content=\"summary_large_image\" \/>\n<script type=\"application\/ld+json\" class=\"yoast-schema-graph\">{\"@context\":\"https:\/\/schema.org\",\"@graph\":[{\"@type\":\"WebPage\",\"@id\":\"https:\/\/yaomarket.cl\/product\/caja-variedades-evergreen-60-sachets\/\",\"url\":\"https:\/\/yaomarket.cl\/product\/caja-variedades-evergreen-60-sachets\/\",\"name\":\"Caja Variedades Evergreen (60 Sachets) - YAOMARKET\",\"isPartOf\":{\"@id\":\"https:\/\/yaomarket.cl\/#website\"},\"primaryImageOfPage\":{\"@id\":\"https:\/\/yaomarket.cl\/product\/caja-variedades-evergreen-60-sachets\/#primaryimage\"},\"image\":{\"@id\":\"https:\/\/yaomarket.cl\/product\/caja-variedades-evergreen-60-sachets\/#primaryimage\"},\"thumbnailUrl\":\"https:\/\/yaomarket.cl\/wp-content\/uploads\/2023\/03\/caja-variedades-evergreen-60-sachets.png\",\"datePublished\":\"2023-03-30T02:13:07+00:00\",\"dateModified\":\"2023-03-30T02:16:08+00:00\",\"breadcrumb\":{\"@id\":\"https:\/\/yaomarket.cl\/product\/caja-variedades-evergreen-60-sachets\/#breadcrumb\"},\"inLanguage\":\"es\",\"potentialAction\":[{\"@type\":\"ReadAction\",\"target\":[\"https:\/\/yaomarket.cl\/product\/caja-variedades-evergreen-60-sachets\/\"]}]},{\"@type\":\"ImageObject\",\"inLanguage\":\"es\",\"@id\":\"https:\/\/yaomarket.cl\/product\/caja-variedades-evergreen-60-sachets\/#primaryimage\",\"url\":\"https:\/\/yaomarket.cl\/wp-content\/uploads\/2023\/03\/caja-variedades-evergreen-60-sachets.png\",\"contentUrl\":\"https:\/\/yaomarket.cl\/wp-content\/uploads\/2023\/03\/caja-variedades-evergreen-60-sachets.png\",\"width\":1100,\"height\":1422},{\"@type\":\"BreadcrumbList\",\"@id\":\"https:\/\/yaomarket.cl\/product\/caja-variedades-evergreen-60-sachets\/#breadcrumb\",\"itemListElement\":[{\"@type\":\"ListItem\",\"position\":1,\"name\":\"Portada\",\"item\":\"https:\/\/yaomarket.cl\/\"},{\"@type\":\"ListItem\",\"position\":2,\"name\":\"TIENDA\",\"item\":\"https:\/\/yaomarket.cl\/?page_id=8\"},{\"@type\":\"ListItem\",\"position\":3,\"name\":\"Caja Variedades Evergreen (60 Sachets)\"}]},{\"@type\":\"WebSite\",\"@id\":\"https:\/\/yaomarket.cl\/#website\",\"url\":\"https:\/\/yaomarket.cl\/\",\"name\":\"YAOMARKET\",\"description\":\"\",\"publisher\":{\"@id\":\"https:\/\/yaomarket.cl\/#organization\"},\"potentialAction\":[{\"@type\":\"SearchAction\",\"target\":{\"@type\":\"EntryPoint\",\"urlTemplate\":\"https:\/\/yaomarket.cl\/?s={search_term_string}\"},\"query-input\":{\"@type\":\"PropertyValueSpecification\",\"valueRequired\":true,\"valueName\":\"search_term_string\"}}],\"inLanguage\":\"es\"},{\"@type\":\"Organization\",\"@id\":\"https:\/\/yaomarket.cl\/#organization\",\"name\":\"YAOMARKET\",\"url\":\"https:\/\/yaomarket.cl\/\",\"logo\":{\"@type\":\"ImageObject\",\"inLanguage\":\"es\",\"@id\":\"https:\/\/yaomarket.cl\/#\/schema\/logo\/image\/\",\"url\":\"https:\/\/yaomarket.cl\/wp-content\/uploads\/2023\/08\/Logo-Original-Yao-Market-Circular.png\",\"contentUrl\":\"https:\/\/yaomarket.cl\/wp-content\/uploads\/2023\/08\/Logo-Original-Yao-Market-Circular.png\",\"width\":522,\"height\":522,\"caption\":\"YAOMARKET\"},\"image\":{\"@id\":\"https:\/\/yaomarket.cl\/#\/schema\/logo\/image\/\"},\"sameAs\":[\"https:\/\/www.facebook.com\/yaomarketchile\/\",\"https:\/\/www.instagram.com\/yao_market\/\"]}]}<\/script>\n<!-- \/ Yoast SEO plugin. -->","yoast_head_json":{"title":"Caja Variedades Evergreen (60 Sachets) - YAOMARKET","robots":{"index":"index","follow":"follow","max-snippet":"max-snippet:-1","max-image-preview":"max-image-preview:large","max-video-preview":"max-video-preview:-1"},"canonical":"https:\/\/yaomarket.cl\/product\/caja-variedades-evergreen-60-sachets\/","og_locale":"es_ES","og_type":"article","og_title":"Caja Variedades Evergreen (60 Sachets) - YAOMARKET","og_description":"Esta encantadora selecci\u00f3n re\u00fane seis infusiones verdes deliciosamente \u00fanicas. Hemos combinado t\u00e9s verdes chinos especialmente seleccionados con los delicados aromas de las flores de jazm\u00edn, los sabores frescos de lim\u00f3n y menta, y la dulzura veraniega del mango, el lichi, la frambuesa y la granada.  \u00a1En conjunto, es el regalo perfecto para cualquier persona con una actitud de \"no puedo obtener suficiente\" hacia el t\u00e9 verde de calidad!  Contiene las siguientes variedades (10 cada uno):  Green Tea Pure Jasmine Romance Mint Mystique Lemon Vitality Mango &amp; Lychee Raspberry &amp; Pomegranate","og_url":"https:\/\/yaomarket.cl\/product\/caja-variedades-evergreen-60-sachets\/","og_site_name":"YAOMARKET","article_publisher":"https:\/\/www.facebook.com\/yaomarketchile\/","article_modified_time":"2023-03-30T02:16:08+00:00","og_image":[{"width":1100,"height":1422,"url":"https:\/\/yaomarket.cl\/wp-content\/uploads\/2023\/03\/caja-variedades-evergreen-60-sachets.png","type":"image\/png"}],"twitter_card":"summary_large_image","schema":{"@context":"https:\/\/schema.org","@graph":[{"@type":"WebPage","@id":"https:\/\/yaomarket.cl\/product\/caja-variedades-evergreen-60-sachets\/","url":"https:\/\/yaomarket.cl\/product\/caja-variedades-evergreen-60-sachets\/","name":"Caja Variedades Evergreen (60 Sachets) - YAOMARKET","isPartOf":{"@id":"https:\/\/yaomarket.cl\/#website"},"primaryImageOfPage":{"@id":"https:\/\/yaomarket.cl\/product\/caja-variedades-evergreen-60-sachets\/#primaryimage"},"image":{"@id":"https:\/\/yaomarket.cl\/product\/caja-variedades-evergreen-60-sachets\/#primaryimage"},"thumbnailUrl":"https:\/\/yaomarket.cl\/wp-content\/uploads\/2023\/03\/caja-variedades-evergreen-60-sachets.png","datePublished":"2023-03-30T02:13:07+00:00","dateModified":"2023-03-30T02:16:08+00:00","breadcrumb":{"@id":"https:\/\/yaomarket.cl\/product\/caja-variedades-evergreen-60-sachets\/#breadcrumb"},"inLanguage":"es","potentialAction":[{"@type":"ReadAction","target":["https:\/\/yaomarket.cl\/product\/caja-variedades-evergreen-60-sachets\/"]}]},{"@type":"ImageObject","inLanguage":"es","@id":"https:\/\/yaomarket.cl\/product\/caja-variedades-evergreen-60-sachets\/#primaryimage","url":"https:\/\/yaomarket.cl\/wp-content\/uploads\/2023\/03\/caja-variedades-evergreen-60-sachets.png","contentUrl":"https:\/\/yaomarket.cl\/wp-content\/uploads\/2023\/03\/caja-variedades-evergreen-60-sachets.png","width":1100,"height":1422},{"@type":"BreadcrumbList","@id":"https:\/\/yaomarket.cl\/product\/caja-variedades-evergreen-60-sachets\/#breadcrumb","itemListElement":[{"@type":"ListItem","position":1,"name":"Portada","item":"https:\/\/yaomarket.cl\/"},{"@type":"ListItem","position":2,"name":"TIENDA","item":"https:\/\/yaomarket.cl\/?page_id=8"},{"@type":"ListItem","position":3,"name":"Caja Variedades Evergreen (60 Sachets)"}]},{"@type":"WebSite","@id":"https:\/\/yaomarket.cl\/#website","url":"https:\/\/yaomarket.cl\/","name":"YAOMARKET","description":"","publisher":{"@id":"https:\/\/yaomarket.cl\/#organization"},"potentialAction":[{"@type":"SearchAction","target":{"@type":"EntryPoint","urlTemplate":"https:\/\/yaomarket.cl\/?s={search_term_string}"},"query-input":{"@type":"PropertyValueSpecification","valueRequired":true,"valueName":"search_term_string"}}],"inLanguage":"es"},{"@type":"Organization","@id":"https:\/\/yaomarket.cl\/#organization","name":"YAOMARKET","url":"https:\/\/yaomarket.cl\/","logo":{"@type":"ImageObject","inLanguage":"es","@id":"https:\/\/yaomarket.cl\/#\/schema\/logo\/image\/","url":"https:\/\/yaomarket.cl\/wp-content\/uploads\/2023\/08\/Logo-Original-Yao-Market-Circular.png","contentUrl":"https:\/\/yaomarket.cl\/wp-content\/uploads\/2023\/08\/Logo-Original-Yao-Market-Circular.png","width":522,"height":522,"caption":"YAOMARKET"},"image":{"@id":"https:\/\/yaomarket.cl\/#\/schema\/logo\/image\/"},"sameAs":["https:\/\/www.facebook.com\/yaomarketchile\/","https:\/\/www.instagram.com\/yao_market\/"]}]}},"_links":{"self":[{"href":"https:\/\/yaomarket.cl\/index.php?rest_route=\/wp\/v2\/product\/9259","targetHints":{"allow":["GET"]}}],"collection":[{"href":"https:\/\/yaomarket.cl\/index.php?rest_route=\/wp\/v2\/product"}],"about":[{"href":"https:\/\/yaomarket.cl\/index.php?rest_route=\/wp\/v2\/types\/product"}],"wp:featuredmedia":[{"embeddable":true,"href":"https:\/\/yaomarket.cl\/index.php?rest_route=\/wp\/v2\/media\/9261"}],"wp:attachment":[{"href":"https:\/\/yaomarket.cl\/index.php?rest_route=%2Fwp%2Fv2%2Fmedia&parent=9259"}],"wp:term":[{"taxonomy":"product_cat","embeddable":true,"href":"https:\/\/yaomarket.cl\/index.php?rest_route=%2Fwp%2Fv2%2Fproduct_cat&post=9259"},{"taxonomy":"product_tag","embeddable":true,"href":"https:\/\/yaomarket.cl\/index.php?rest_route=%2Fwp%2Fv2%2Fproduct_tag&post=9259"}],"curies":[{"name":"wp","href":"https:\/\/api.w.org\/{rel}","templated":true}]}}