{"id":9144,"date":"2023-03-24T01:52:35","date_gmt":"2023-03-24T01:52:35","guid":{"rendered":"https:\/\/yaomarket.cl\/?post_type=product&#038;p=9144"},"modified":"2025-11-04T16:29:18","modified_gmt":"2025-11-04T16:29:18","slug":"seleccion-clasica-de-te-negro-ahmad-tea","status":"publish","type":"product","link":"https:\/\/yaomarket.cl\/?product=seleccion-clasica-de-te-negro-ahmad-tea","title":{"rendered":"Selecci\u00f3n Cl\u00e1sica de T\u00e9 Negro Ahmad Tea 60s"},"content":{"rendered":"","protected":false},"excerpt":{"rendered":"<p style=\"font-weight: 400;\">\u00a1Cl\u00e1sico paquete de selecci\u00f3n de t\u00e9 negro est\u00e1 seleccionado con nuestras mezclas de t\u00e9 negro m\u00e1s populares y galardonadas!\u00a0Este es el paquete de selecci\u00f3n definitivo para los verdaderos amantes del t\u00e9 negro.<\/p>\n<p style=\"font-weight: 400;\">Elaboradas por los maestros catadores de t\u00e9 que mezclan el t\u00e9 negro de alta calidad especialmente de \u00a0los jardines \u00e9ticos en India, Sri Lanka y Kenia, para una experiencia m\u00e1s aut\u00e9ntica.<\/p>\n<p style=\"font-weight: 400;\">Cada paquete incluye:<\/p>\n<p style=\"font-weight: 400;\">10 bolsitas de t\u00e9 Ceylon Ahmad Tea<\/p>\n<p style=\"font-weight: 400;\">10 bolsitas de t\u00e9 English Breakfast Ahmad Tea<\/p>\n<p style=\"font-weight: 400;\">10 bolsitas de English Afternoon Ahmad Tea<\/p>\n<p style=\"font-weight: 400;\">10 bolsitas de Earl Grey Ahmad Tea<\/p>\n<p style=\"font-weight: 400;\">10 bolsitas de English n\u00ba\u00a01 Ahmad Tea<\/p>\n<p style=\"font-weight: 400;\">10 bolsitas de T\u00e9 Verde Ahmad Tea<\/p>\n","protected":false},"featured_media":9145,"template":"","meta":[],"product_cat":[169,84,85],"product_tag":[180,173,172,175,174],"class_list":{"0":"post-9144","1":"product","2":"type-product","3":"status-publish","4":"has-post-thumbnail","6":"product_cat-regaleria","7":"product_cat-mundo-te","8":"product_cat-ahmad-tea","9":"product_tag-180","10":"product_tag-ahmad","11":"product_tag-ahmad-tea","12":"product_tag-black-tea","13":"product_tag-te-negro","15":"first","16":"instock","17":"shipping-taxable","18":"purchasable","19":"product-type-simple"},"yoast_head":"<!-- This site is optimized with the Yoast SEO plugin v25.2 - https:\/\/yoast.com\/wordpress\/plugins\/seo\/ -->\n<title>Selecci\u00f3n Cl\u00e1sica de T\u00e9 Negro Ahmad Tea 60s - YAOMARKET<\/title>\n<meta name=\"robots\" content=\"index, follow, max-snippet:-1, max-image-preview:large, max-video-preview:-1\" \/>\n<link rel=\"canonical\" href=\"https:\/\/yaomarket.cl\/?product=seleccion-clasica-de-te-negro-ahmad-tea\" \/>\n<meta property=\"og:locale\" content=\"es_ES\" \/>\n<meta property=\"og:type\" content=\"article\" \/>\n<meta property=\"og:title\" content=\"Selecci\u00f3n Cl\u00e1sica de T\u00e9 Negro Ahmad Tea 60s - YAOMARKET\" \/>\n<meta property=\"og:description\" content=\"\u00a1Cl\u00e1sico paquete de selecci\u00f3n de t\u00e9 negro est\u00e1 seleccionado con nuestras mezclas de t\u00e9 negro m\u00e1s populares y galardonadas!\u00a0Este es el paquete de selecci\u00f3n definitivo para los verdaderos amantes del t\u00e9 negro. Elaboradas por los maestros catadores de t\u00e9 que mezclan el t\u00e9 negro de alta calidad especialmente de \u00a0los jardines \u00e9ticos en India, Sri Lanka y Kenia, para una experiencia m\u00e1s aut\u00e9ntica. Cada paquete incluye: 10 bolsitas de t\u00e9 Ceylon Ahmad Tea 10 bolsitas de t\u00e9 English Breakfast Ahmad Tea 10 bolsitas de English Afternoon Ahmad Tea 10 bolsitas de Earl Grey Ahmad Tea 10 bolsitas de English n\u00ba\u00a01 Ahmad Tea 10 bolsitas de T\u00e9 Verde Ahmad Tea\" \/>\n<meta property=\"og:url\" content=\"https:\/\/yaomarket.cl\/?product=seleccion-clasica-de-te-negro-ahmad-tea\" \/>\n<meta property=\"og:site_name\" content=\"YAOMARKET\" \/>\n<meta property=\"article:publisher\" content=\"https:\/\/www.facebook.com\/yaomarketchile\/\" \/>\n<meta property=\"article:modified_time\" content=\"2025-11-04T16:29:18+00:00\" \/>\n<meta property=\"og:image\" content=\"https:\/\/yaomarket.cl\/wp-content\/uploads\/2023\/03\/seleccion-clasica-de-te-negro-ahmad-tea.png\" \/>\n\t<meta property=\"og:image:width\" content=\"1100\" \/>\n\t<meta property=\"og:image:height\" content=\"1422\" \/>\n\t<meta property=\"og:image:type\" content=\"image\/png\" \/>\n<meta name=\"twitter:card\" content=\"summary_large_image\" \/>\n<meta name=\"twitter:label1\" content=\"Tiempo de lectura\" \/>\n\t<meta name=\"twitter:data1\" content=\"1 minuto\" \/>\n<script type=\"application\/ld+json\" class=\"yoast-schema-graph\">{\"@context\":\"https:\/\/schema.org\",\"@graph\":[{\"@type\":\"WebPage\",\"@id\":\"https:\/\/yaomarket.cl\/?product=seleccion-clasica-de-te-negro-ahmad-tea\",\"url\":\"https:\/\/yaomarket.cl\/?product=seleccion-clasica-de-te-negro-ahmad-tea\",\"name\":\"Selecci\u00f3n Cl\u00e1sica de T\u00e9 Negro Ahmad Tea 60s - YAOMARKET\",\"isPartOf\":{\"@id\":\"https:\/\/yaomarket.cl\/#website\"},\"primaryImageOfPage\":{\"@id\":\"https:\/\/yaomarket.cl\/?product=seleccion-clasica-de-te-negro-ahmad-tea#primaryimage\"},\"image\":{\"@id\":\"https:\/\/yaomarket.cl\/?product=seleccion-clasica-de-te-negro-ahmad-tea#primaryimage\"},\"thumbnailUrl\":\"https:\/\/yaomarket.cl\/wp-content\/uploads\/2023\/03\/seleccion-clasica-de-te-negro-ahmad-tea.png\",\"datePublished\":\"2023-03-24T01:52:35+00:00\",\"dateModified\":\"2025-11-04T16:29:18+00:00\",\"breadcrumb\":{\"@id\":\"https:\/\/yaomarket.cl\/?product=seleccion-clasica-de-te-negro-ahmad-tea#breadcrumb\"},\"inLanguage\":\"es\",\"potentialAction\":[{\"@type\":\"ReadAction\",\"target\":[\"https:\/\/yaomarket.cl\/?product=seleccion-clasica-de-te-negro-ahmad-tea\"]}]},{\"@type\":\"ImageObject\",\"inLanguage\":\"es\",\"@id\":\"https:\/\/yaomarket.cl\/?product=seleccion-clasica-de-te-negro-ahmad-tea#primaryimage\",\"url\":\"https:\/\/yaomarket.cl\/wp-content\/uploads\/2023\/03\/seleccion-clasica-de-te-negro-ahmad-tea.png\",\"contentUrl\":\"https:\/\/yaomarket.cl\/wp-content\/uploads\/2023\/03\/seleccion-clasica-de-te-negro-ahmad-tea.png\",\"width\":1100,\"height\":1422},{\"@type\":\"BreadcrumbList\",\"@id\":\"https:\/\/yaomarket.cl\/?product=seleccion-clasica-de-te-negro-ahmad-tea#breadcrumb\",\"itemListElement\":[{\"@type\":\"ListItem\",\"position\":1,\"name\":\"Portada\",\"item\":\"https:\/\/yaomarket.cl\/\"},{\"@type\":\"ListItem\",\"position\":2,\"name\":\"TIENDA\",\"item\":\"https:\/\/yaomarket.cl\/?page_id=8\"},{\"@type\":\"ListItem\",\"position\":3,\"name\":\"Selecci\u00f3n Cl\u00e1sica de T\u00e9 Negro Ahmad Tea 60s\"}]},{\"@type\":\"WebSite\",\"@id\":\"https:\/\/yaomarket.cl\/#website\",\"url\":\"https:\/\/yaomarket.cl\/\",\"name\":\"YAOMARKET\",\"description\":\"\",\"publisher\":{\"@id\":\"https:\/\/yaomarket.cl\/#organization\"},\"potentialAction\":[{\"@type\":\"SearchAction\",\"target\":{\"@type\":\"EntryPoint\",\"urlTemplate\":\"https:\/\/yaomarket.cl\/?s={search_term_string}\"},\"query-input\":{\"@type\":\"PropertyValueSpecification\",\"valueRequired\":true,\"valueName\":\"search_term_string\"}}],\"inLanguage\":\"es\"},{\"@type\":\"Organization\",\"@id\":\"https:\/\/yaomarket.cl\/#organization\",\"name\":\"YAOMARKET\",\"url\":\"https:\/\/yaomarket.cl\/\",\"logo\":{\"@type\":\"ImageObject\",\"inLanguage\":\"es\",\"@id\":\"https:\/\/yaomarket.cl\/#\/schema\/logo\/image\/\",\"url\":\"https:\/\/yaomarket.cl\/wp-content\/uploads\/2023\/08\/Logo-Original-Yao-Market-Circular.png\",\"contentUrl\":\"https:\/\/yaomarket.cl\/wp-content\/uploads\/2023\/08\/Logo-Original-Yao-Market-Circular.png\",\"width\":522,\"height\":522,\"caption\":\"YAOMARKET\"},\"image\":{\"@id\":\"https:\/\/yaomarket.cl\/#\/schema\/logo\/image\/\"},\"sameAs\":[\"https:\/\/www.facebook.com\/yaomarketchile\/\",\"https:\/\/www.instagram.com\/yao_market\/\"]}]}<\/script>\n<!-- \/ Yoast SEO plugin. -->","yoast_head_json":{"title":"Selecci\u00f3n Cl\u00e1sica de T\u00e9 Negro Ahmad Tea 60s - YAOMARKET","robots":{"index":"index","follow":"follow","max-snippet":"max-snippet:-1","max-image-preview":"max-image-preview:large","max-video-preview":"max-video-preview:-1"},"canonical":"https:\/\/yaomarket.cl\/?product=seleccion-clasica-de-te-negro-ahmad-tea","og_locale":"es_ES","og_type":"article","og_title":"Selecci\u00f3n Cl\u00e1sica de T\u00e9 Negro Ahmad Tea 60s - YAOMARKET","og_description":"\u00a1Cl\u00e1sico paquete de selecci\u00f3n de t\u00e9 negro est\u00e1 seleccionado con nuestras mezclas de t\u00e9 negro m\u00e1s populares y galardonadas!\u00a0Este es el paquete de selecci\u00f3n definitivo para los verdaderos amantes del t\u00e9 negro. Elaboradas por los maestros catadores de t\u00e9 que mezclan el t\u00e9 negro de alta calidad especialmente de \u00a0los jardines \u00e9ticos en India, Sri Lanka y Kenia, para una experiencia m\u00e1s aut\u00e9ntica. Cada paquete incluye: 10 bolsitas de t\u00e9 Ceylon Ahmad Tea 10 bolsitas de t\u00e9 English Breakfast Ahmad Tea 10 bolsitas de English Afternoon Ahmad Tea 10 bolsitas de Earl Grey Ahmad Tea 10 bolsitas de English n\u00ba\u00a01 Ahmad Tea 10 bolsitas de T\u00e9 Verde Ahmad Tea","og_url":"https:\/\/yaomarket.cl\/?product=seleccion-clasica-de-te-negro-ahmad-tea","og_site_name":"YAOMARKET","article_publisher":"https:\/\/www.facebook.com\/yaomarketchile\/","article_modified_time":"2025-11-04T16:29:18+00:00","og_image":[{"width":1100,"height":1422,"url":"https:\/\/yaomarket.cl\/wp-content\/uploads\/2023\/03\/seleccion-clasica-de-te-negro-ahmad-tea.png","type":"image\/png"}],"twitter_card":"summary_large_image","twitter_misc":{"Tiempo de lectura":"1 minuto"},"schema":{"@context":"https:\/\/schema.org","@graph":[{"@type":"WebPage","@id":"https:\/\/yaomarket.cl\/?product=seleccion-clasica-de-te-negro-ahmad-tea","url":"https:\/\/yaomarket.cl\/?product=seleccion-clasica-de-te-negro-ahmad-tea","name":"Selecci\u00f3n Cl\u00e1sica de T\u00e9 Negro Ahmad Tea 60s - YAOMARKET","isPartOf":{"@id":"https:\/\/yaomarket.cl\/#website"},"primaryImageOfPage":{"@id":"https:\/\/yaomarket.cl\/?product=seleccion-clasica-de-te-negro-ahmad-tea#primaryimage"},"image":{"@id":"https:\/\/yaomarket.cl\/?product=seleccion-clasica-de-te-negro-ahmad-tea#primaryimage"},"thumbnailUrl":"https:\/\/yaomarket.cl\/wp-content\/uploads\/2023\/03\/seleccion-clasica-de-te-negro-ahmad-tea.png","datePublished":"2023-03-24T01:52:35+00:00","dateModified":"2025-11-04T16:29:18+00:00","breadcrumb":{"@id":"https:\/\/yaomarket.cl\/?product=seleccion-clasica-de-te-negro-ahmad-tea#breadcrumb"},"inLanguage":"es","potentialAction":[{"@type":"ReadAction","target":["https:\/\/yaomarket.cl\/?product=seleccion-clasica-de-te-negro-ahmad-tea"]}]},{"@type":"ImageObject","inLanguage":"es","@id":"https:\/\/yaomarket.cl\/?product=seleccion-clasica-de-te-negro-ahmad-tea#primaryimage","url":"https:\/\/yaomarket.cl\/wp-content\/uploads\/2023\/03\/seleccion-clasica-de-te-negro-ahmad-tea.png","contentUrl":"https:\/\/yaomarket.cl\/wp-content\/uploads\/2023\/03\/seleccion-clasica-de-te-negro-ahmad-tea.png","width":1100,"height":1422},{"@type":"BreadcrumbList","@id":"https:\/\/yaomarket.cl\/?product=seleccion-clasica-de-te-negro-ahmad-tea#breadcrumb","itemListElement":[{"@type":"ListItem","position":1,"name":"Portada","item":"https:\/\/yaomarket.cl\/"},{"@type":"ListItem","position":2,"name":"TIENDA","item":"https:\/\/yaomarket.cl\/?page_id=8"},{"@type":"ListItem","position":3,"name":"Selecci\u00f3n Cl\u00e1sica de T\u00e9 Negro Ahmad Tea 60s"}]},{"@type":"WebSite","@id":"https:\/\/yaomarket.cl\/#website","url":"https:\/\/yaomarket.cl\/","name":"YAOMARKET","description":"","publisher":{"@id":"https:\/\/yaomarket.cl\/#organization"},"potentialAction":[{"@type":"SearchAction","target":{"@type":"EntryPoint","urlTemplate":"https:\/\/yaomarket.cl\/?s={search_term_string}"},"query-input":{"@type":"PropertyValueSpecification","valueRequired":true,"valueName":"search_term_string"}}],"inLanguage":"es"},{"@type":"Organization","@id":"https:\/\/yaomarket.cl\/#organization","name":"YAOMARKET","url":"https:\/\/yaomarket.cl\/","logo":{"@type":"ImageObject","inLanguage":"es","@id":"https:\/\/yaomarket.cl\/#\/schema\/logo\/image\/","url":"https:\/\/yaomarket.cl\/wp-content\/uploads\/2023\/08\/Logo-Original-Yao-Market-Circular.png","contentUrl":"https:\/\/yaomarket.cl\/wp-content\/uploads\/2023\/08\/Logo-Original-Yao-Market-Circular.png","width":522,"height":522,"caption":"YAOMARKET"},"image":{"@id":"https:\/\/yaomarket.cl\/#\/schema\/logo\/image\/"},"sameAs":["https:\/\/www.facebook.com\/yaomarketchile\/","https:\/\/www.instagram.com\/yao_market\/"]}]}},"_links":{"self":[{"href":"https:\/\/yaomarket.cl\/index.php?rest_route=\/wp\/v2\/product\/9144","targetHints":{"allow":["GET"]}}],"collection":[{"href":"https:\/\/yaomarket.cl\/index.php?rest_route=\/wp\/v2\/product"}],"about":[{"href":"https:\/\/yaomarket.cl\/index.php?rest_route=\/wp\/v2\/types\/product"}],"wp:featuredmedia":[{"embeddable":true,"href":"https:\/\/yaomarket.cl\/index.php?rest_route=\/wp\/v2\/media\/9145"}],"wp:attachment":[{"href":"https:\/\/yaomarket.cl\/index.php?rest_route=%2Fwp%2Fv2%2Fmedia&parent=9144"}],"wp:term":[{"taxonomy":"product_cat","embeddable":true,"href":"https:\/\/yaomarket.cl\/index.php?rest_route=%2Fwp%2Fv2%2Fproduct_cat&post=9144"},{"taxonomy":"product_tag","embeddable":true,"href":"https:\/\/yaomarket.cl\/index.php?rest_route=%2Fwp%2Fv2%2Fproduct_tag&post=9144"}],"curies":[{"name":"wp","href":"https:\/\/api.w.org\/{rel}","templated":true}]}}