{"id":9101,"date":"2023-03-18T02:48:06","date_gmt":"2023-03-18T02:48:06","guid":{"rendered":"https:\/\/yaomarket.cl\/?post_type=product&#038;p=9101"},"modified":"2025-05-25T22:41:00","modified_gmt":"2025-05-25T22:41:00","slug":"tetera-cuello-de-cisne-12-lts","status":"publish","type":"product","link":"https:\/\/yaomarket.cl\/?product=tetera-cuello-de-cisne-12-lts","title":{"rendered":"Tetera cuello de Cisne 1,2 Lts"},"content":{"rendered":"","protected":false},"excerpt":{"rendered":"<div id=\"product-description-short-29\" class=\"rte-content product-description\">\n<div id=\"product-description-short-587\" class=\"rte-content product-description\">\n<div id=\"product-description-short-588\" class=\"rte-content product-description\">\n<div id=\"product-description-short-601\" class=\"rte-content product-description\">\n<div id=\"product-description-short-40\" class=\"rte-content product-description\">\n<div id=\"product-description-short-44\" class=\"rte-content product-description\">\n<div id=\"product-description-short-74\" class=\"rte-content product-description\">\n<div id=\"product-description-short-595\" class=\"rte-content product-description\">\n<div id=\"product-description-short-600\" class=\"rte-content product-description\">\n<p>Tetera para preparar caf\u00e9 filtrado.<\/p>\n<p>Su dise\u00f1o permite tener un control total sobre la ca\u00edda del agua en el filtrado con hervidor de cuello de cisne, tiene una capacidad de 1,2 litros y est\u00e1 fabricada con acero inoxidable.<\/p>\n<p>Capacidad recipiente: 1,2 lt<\/p>\n<\/div>\n<\/div>\n<\/div>\n<\/div>\n<\/div>\n<\/div>\n<\/div>\n<\/div>\n<\/div>\n","protected":false},"featured_media":9102,"template":"","meta":[],"product_cat":[72,79,82],"product_tag":[104,103,109,127,113,110,140,141,107,105,118,143,108,147],"class_list":{"0":"post-9101","1":"product","2":"type-product","3":"status-publish","4":"has-post-thumbnail","6":"product_cat-cafe","7":"product_cat-accesorios-para-cafe","8":"product_cat-tazas-y-teteras2","9":"product_tag-arabico","10":"product_tag-cafe","11":"product_tag-cafeina","12":"product_tag-capsula","13":"product_tag-espresso","14":"product_tag-extrema-cafeina","15":"product_tag-filtrado","16":"product_tag-glass","17":"product_tag-grano","18":"product_tag-hausbrandt","19":"product_tag-moka","20":"product_tag-plato","21":"product_tag-robusta","22":"product_tag-tetera","23":"pa_tipo-de-cafe-cafe-en-grano","25":"first","26":"instock","27":"shipping-taxable","28":"purchasable","29":"product-type-simple"},"yoast_head":"<!-- This site is optimized with the Yoast SEO plugin v25.2 - https:\/\/yoast.com\/wordpress\/plugins\/seo\/ -->\n<title>Tetera cuello de Cisne 1,2 Lts - YAOMARKET<\/title>\n<meta name=\"robots\" content=\"index, follow, max-snippet:-1, max-image-preview:large, max-video-preview:-1\" \/>\n<link rel=\"canonical\" href=\"https:\/\/yaomarket.cl\/?product=tetera-cuello-de-cisne-12-lts\" \/>\n<meta property=\"og:locale\" content=\"es_ES\" \/>\n<meta property=\"og:type\" content=\"article\" \/>\n<meta property=\"og:title\" content=\"Tetera cuello de Cisne 1,2 Lts - YAOMARKET\" \/>\n<meta property=\"og:description\" content=\"Tetera para preparar caf\u00e9 filtrado.  Su dise\u00f1o permite tener un control total sobre la ca\u00edda del agua en el filtrado con hervidor de cuello de cisne, tiene una capacidad de 1,2 litros y est\u00e1 fabricada con acero inoxidable.  Capacidad recipiente: 1,2 lt\" \/>\n<meta property=\"og:url\" content=\"https:\/\/yaomarket.cl\/?product=tetera-cuello-de-cisne-12-lts\" \/>\n<meta property=\"og:site_name\" content=\"YAOMARKET\" \/>\n<meta property=\"article:publisher\" content=\"https:\/\/www.facebook.com\/yaomarketchile\/\" \/>\n<meta property=\"article:modified_time\" content=\"2025-05-25T22:41:00+00:00\" \/>\n<meta property=\"og:image\" content=\"https:\/\/yaomarket.cl\/wp-content\/uploads\/2023\/03\/tetera-cafe-12-lts.png\" \/>\n\t<meta property=\"og:image:width\" content=\"1100\" \/>\n\t<meta property=\"og:image:height\" content=\"1422\" \/>\n\t<meta property=\"og:image:type\" content=\"image\/png\" \/>\n<meta name=\"twitter:card\" content=\"summary_large_image\" \/>\n<script type=\"application\/ld+json\" class=\"yoast-schema-graph\">{\"@context\":\"https:\/\/schema.org\",\"@graph\":[{\"@type\":\"WebPage\",\"@id\":\"https:\/\/yaomarket.cl\/?product=tetera-cuello-de-cisne-12-lts\",\"url\":\"https:\/\/yaomarket.cl\/?product=tetera-cuello-de-cisne-12-lts\",\"name\":\"Tetera cuello de Cisne 1,2 Lts - YAOMARKET\",\"isPartOf\":{\"@id\":\"https:\/\/yaomarket.cl\/#website\"},\"primaryImageOfPage\":{\"@id\":\"https:\/\/yaomarket.cl\/?product=tetera-cuello-de-cisne-12-lts#primaryimage\"},\"image\":{\"@id\":\"https:\/\/yaomarket.cl\/?product=tetera-cuello-de-cisne-12-lts#primaryimage\"},\"thumbnailUrl\":\"https:\/\/yaomarket.cl\/wp-content\/uploads\/2023\/03\/tetera-cafe-12-lts.png\",\"datePublished\":\"2023-03-18T02:48:06+00:00\",\"dateModified\":\"2025-05-25T22:41:00+00:00\",\"breadcrumb\":{\"@id\":\"https:\/\/yaomarket.cl\/?product=tetera-cuello-de-cisne-12-lts#breadcrumb\"},\"inLanguage\":\"es\",\"potentialAction\":[{\"@type\":\"ReadAction\",\"target\":[\"https:\/\/yaomarket.cl\/?product=tetera-cuello-de-cisne-12-lts\"]}]},{\"@type\":\"ImageObject\",\"inLanguage\":\"es\",\"@id\":\"https:\/\/yaomarket.cl\/?product=tetera-cuello-de-cisne-12-lts#primaryimage\",\"url\":\"https:\/\/yaomarket.cl\/wp-content\/uploads\/2023\/03\/tetera-cafe-12-lts.png\",\"contentUrl\":\"https:\/\/yaomarket.cl\/wp-content\/uploads\/2023\/03\/tetera-cafe-12-lts.png\",\"width\":1100,\"height\":1422},{\"@type\":\"BreadcrumbList\",\"@id\":\"https:\/\/yaomarket.cl\/?product=tetera-cuello-de-cisne-12-lts#breadcrumb\",\"itemListElement\":[{\"@type\":\"ListItem\",\"position\":1,\"name\":\"Portada\",\"item\":\"https:\/\/yaomarket.cl\/\"},{\"@type\":\"ListItem\",\"position\":2,\"name\":\"TIENDA\",\"item\":\"https:\/\/yaomarket.cl\/?page_id=8\"},{\"@type\":\"ListItem\",\"position\":3,\"name\":\"Tetera cuello de Cisne 1,2 Lts\"}]},{\"@type\":\"WebSite\",\"@id\":\"https:\/\/yaomarket.cl\/#website\",\"url\":\"https:\/\/yaomarket.cl\/\",\"name\":\"YAOMARKET\",\"description\":\"\",\"publisher\":{\"@id\":\"https:\/\/yaomarket.cl\/#organization\"},\"potentialAction\":[{\"@type\":\"SearchAction\",\"target\":{\"@type\":\"EntryPoint\",\"urlTemplate\":\"https:\/\/yaomarket.cl\/?s={search_term_string}\"},\"query-input\":{\"@type\":\"PropertyValueSpecification\",\"valueRequired\":true,\"valueName\":\"search_term_string\"}}],\"inLanguage\":\"es\"},{\"@type\":\"Organization\",\"@id\":\"https:\/\/yaomarket.cl\/#organization\",\"name\":\"YAOMARKET\",\"url\":\"https:\/\/yaomarket.cl\/\",\"logo\":{\"@type\":\"ImageObject\",\"inLanguage\":\"es\",\"@id\":\"https:\/\/yaomarket.cl\/#\/schema\/logo\/image\/\",\"url\":\"https:\/\/yaomarket.cl\/wp-content\/uploads\/2023\/08\/Logo-Original-Yao-Market-Circular.png\",\"contentUrl\":\"https:\/\/yaomarket.cl\/wp-content\/uploads\/2023\/08\/Logo-Original-Yao-Market-Circular.png\",\"width\":522,\"height\":522,\"caption\":\"YAOMARKET\"},\"image\":{\"@id\":\"https:\/\/yaomarket.cl\/#\/schema\/logo\/image\/\"},\"sameAs\":[\"https:\/\/www.facebook.com\/yaomarketchile\/\",\"https:\/\/www.instagram.com\/yao_market\/\"]}]}<\/script>\n<!-- \/ Yoast SEO plugin. -->","yoast_head_json":{"title":"Tetera cuello de Cisne 1,2 Lts - YAOMARKET","robots":{"index":"index","follow":"follow","max-snippet":"max-snippet:-1","max-image-preview":"max-image-preview:large","max-video-preview":"max-video-preview:-1"},"canonical":"https:\/\/yaomarket.cl\/?product=tetera-cuello-de-cisne-12-lts","og_locale":"es_ES","og_type":"article","og_title":"Tetera cuello de Cisne 1,2 Lts - YAOMARKET","og_description":"Tetera para preparar caf\u00e9 filtrado.  Su dise\u00f1o permite tener un control total sobre la ca\u00edda del agua en el filtrado con hervidor de cuello de cisne, tiene una capacidad de 1,2 litros y est\u00e1 fabricada con acero inoxidable.  Capacidad recipiente: 1,2 lt","og_url":"https:\/\/yaomarket.cl\/?product=tetera-cuello-de-cisne-12-lts","og_site_name":"YAOMARKET","article_publisher":"https:\/\/www.facebook.com\/yaomarketchile\/","article_modified_time":"2025-05-25T22:41:00+00:00","og_image":[{"width":1100,"height":1422,"url":"https:\/\/yaomarket.cl\/wp-content\/uploads\/2023\/03\/tetera-cafe-12-lts.png","type":"image\/png"}],"twitter_card":"summary_large_image","schema":{"@context":"https:\/\/schema.org","@graph":[{"@type":"WebPage","@id":"https:\/\/yaomarket.cl\/?product=tetera-cuello-de-cisne-12-lts","url":"https:\/\/yaomarket.cl\/?product=tetera-cuello-de-cisne-12-lts","name":"Tetera cuello de Cisne 1,2 Lts - YAOMARKET","isPartOf":{"@id":"https:\/\/yaomarket.cl\/#website"},"primaryImageOfPage":{"@id":"https:\/\/yaomarket.cl\/?product=tetera-cuello-de-cisne-12-lts#primaryimage"},"image":{"@id":"https:\/\/yaomarket.cl\/?product=tetera-cuello-de-cisne-12-lts#primaryimage"},"thumbnailUrl":"https:\/\/yaomarket.cl\/wp-content\/uploads\/2023\/03\/tetera-cafe-12-lts.png","datePublished":"2023-03-18T02:48:06+00:00","dateModified":"2025-05-25T22:41:00+00:00","breadcrumb":{"@id":"https:\/\/yaomarket.cl\/?product=tetera-cuello-de-cisne-12-lts#breadcrumb"},"inLanguage":"es","potentialAction":[{"@type":"ReadAction","target":["https:\/\/yaomarket.cl\/?product=tetera-cuello-de-cisne-12-lts"]}]},{"@type":"ImageObject","inLanguage":"es","@id":"https:\/\/yaomarket.cl\/?product=tetera-cuello-de-cisne-12-lts#primaryimage","url":"https:\/\/yaomarket.cl\/wp-content\/uploads\/2023\/03\/tetera-cafe-12-lts.png","contentUrl":"https:\/\/yaomarket.cl\/wp-content\/uploads\/2023\/03\/tetera-cafe-12-lts.png","width":1100,"height":1422},{"@type":"BreadcrumbList","@id":"https:\/\/yaomarket.cl\/?product=tetera-cuello-de-cisne-12-lts#breadcrumb","itemListElement":[{"@type":"ListItem","position":1,"name":"Portada","item":"https:\/\/yaomarket.cl\/"},{"@type":"ListItem","position":2,"name":"TIENDA","item":"https:\/\/yaomarket.cl\/?page_id=8"},{"@type":"ListItem","position":3,"name":"Tetera cuello de Cisne 1,2 Lts"}]},{"@type":"WebSite","@id":"https:\/\/yaomarket.cl\/#website","url":"https:\/\/yaomarket.cl\/","name":"YAOMARKET","description":"","publisher":{"@id":"https:\/\/yaomarket.cl\/#organization"},"potentialAction":[{"@type":"SearchAction","target":{"@type":"EntryPoint","urlTemplate":"https:\/\/yaomarket.cl\/?s={search_term_string}"},"query-input":{"@type":"PropertyValueSpecification","valueRequired":true,"valueName":"search_term_string"}}],"inLanguage":"es"},{"@type":"Organization","@id":"https:\/\/yaomarket.cl\/#organization","name":"YAOMARKET","url":"https:\/\/yaomarket.cl\/","logo":{"@type":"ImageObject","inLanguage":"es","@id":"https:\/\/yaomarket.cl\/#\/schema\/logo\/image\/","url":"https:\/\/yaomarket.cl\/wp-content\/uploads\/2023\/08\/Logo-Original-Yao-Market-Circular.png","contentUrl":"https:\/\/yaomarket.cl\/wp-content\/uploads\/2023\/08\/Logo-Original-Yao-Market-Circular.png","width":522,"height":522,"caption":"YAOMARKET"},"image":{"@id":"https:\/\/yaomarket.cl\/#\/schema\/logo\/image\/"},"sameAs":["https:\/\/www.facebook.com\/yaomarketchile\/","https:\/\/www.instagram.com\/yao_market\/"]}]}},"_links":{"self":[{"href":"https:\/\/yaomarket.cl\/index.php?rest_route=\/wp\/v2\/product\/9101","targetHints":{"allow":["GET"]}}],"collection":[{"href":"https:\/\/yaomarket.cl\/index.php?rest_route=\/wp\/v2\/product"}],"about":[{"href":"https:\/\/yaomarket.cl\/index.php?rest_route=\/wp\/v2\/types\/product"}],"wp:featuredmedia":[{"embeddable":true,"href":"https:\/\/yaomarket.cl\/index.php?rest_route=\/wp\/v2\/media\/9102"}],"wp:attachment":[{"href":"https:\/\/yaomarket.cl\/index.php?rest_route=%2Fwp%2Fv2%2Fmedia&parent=9101"}],"wp:term":[{"taxonomy":"product_cat","embeddable":true,"href":"https:\/\/yaomarket.cl\/index.php?rest_route=%2Fwp%2Fv2%2Fproduct_cat&post=9101"},{"taxonomy":"product_tag","embeddable":true,"href":"https:\/\/yaomarket.cl\/index.php?rest_route=%2Fwp%2Fv2%2Fproduct_tag&post=9101"}],"curies":[{"name":"wp","href":"https:\/\/api.w.org\/{rel}","templated":true}]}}