{"id":8978,"date":"2023-02-24T01:42:47","date_gmt":"2023-02-24T01:42:47","guid":{"rendered":"https:\/\/yaomarket.cl\/?post_type=product&#038;p=8978"},"modified":"2025-05-19T18:55:13","modified_gmt":"2025-05-19T18:55:13","slug":"cafe-molido-hausbrandt-descaffeinato-250-grs","status":"publish","type":"product","link":"https:\/\/yaomarket.cl\/?product=cafe-molido-hausbrandt-descaffeinato-250-grs","title":{"rendered":"Caf\u00e9 Molido Hausbrandt Descafeinado 250 Grs para Espresso"},"content":{"rendered":"","protected":false},"excerpt":{"rendered":"<p>Hausbrandt Decaffeinato es caf\u00e9 sin cafe\u00edna. \u00a1Este caf\u00e9 de Hausbrandt es un caf\u00e9 de muy alta calidad! El contenido de cafe\u00edna en este caf\u00e9 no supera el 0,10%. Hausbrandt ha elaborado un caf\u00e9 de m\u00e1xima calidad con estos granos de caf\u00e9 descafeinado. \u00a1Puede saborear el delicioso aroma, que se basa en el caf\u00e9 Gourmet de Hausbrandt!<\/p>\n<p>Contenido Neto: 250grs<\/p>\n","protected":false},"featured_media":8979,"template":"","meta":[],"product_cat":[72,74],"product_tag":[104,103,119,105,106,117,120],"class_list":{"0":"post-8978","1":"product","2":"type-product","3":"status-publish","4":"has-post-thumbnail","6":"product_cat-cafe","7":"product_cat-cafe-molido","8":"product_tag-arabico","9":"product_tag-cafe","10":"product_tag-descafeinado","11":"product_tag-hausbrandt","12":"product_tag-italia","13":"product_tag-molido","14":"product_tag-sin-cafeina","15":"pa_tipo-de-cafe-cafe-molido","17":"first","18":"instock","19":"shipping-taxable","20":"purchasable","21":"product-type-simple"},"yoast_head":"<!-- This site is optimized with the Yoast SEO plugin v25.2 - https:\/\/yoast.com\/wordpress\/plugins\/seo\/ -->\n<title>Caf\u00e9 Molido Hausbrandt Descafeinado 250 Grs para Espresso - YAOMARKET<\/title>\n<meta name=\"robots\" content=\"index, follow, max-snippet:-1, max-image-preview:large, max-video-preview:-1\" \/>\n<link rel=\"canonical\" href=\"https:\/\/yaomarket.cl\/?product=cafe-molido-hausbrandt-descaffeinato-250-grs\" \/>\n<meta property=\"og:locale\" content=\"es_ES\" \/>\n<meta property=\"og:type\" content=\"article\" \/>\n<meta property=\"og:title\" content=\"Caf\u00e9 Molido Hausbrandt Descafeinado 250 Grs para Espresso - YAOMARKET\" \/>\n<meta property=\"og:description\" content=\"Hausbrandt Decaffeinato es caf\u00e9 sin cafe\u00edna. \u00a1Este caf\u00e9 de Hausbrandt es un caf\u00e9 de muy alta calidad! El contenido de cafe\u00edna en este caf\u00e9 no supera el 0,10%. Hausbrandt ha elaborado un caf\u00e9 de m\u00e1xima calidad con estos granos de caf\u00e9 descafeinado. \u00a1Puede saborear el delicioso aroma, que se basa en el caf\u00e9 Gourmet de Hausbrandt!  Contenido Neto: 250grs\" \/>\n<meta property=\"og:url\" content=\"https:\/\/yaomarket.cl\/?product=cafe-molido-hausbrandt-descaffeinato-250-grs\" \/>\n<meta property=\"og:site_name\" content=\"YAOMARKET\" \/>\n<meta property=\"article:publisher\" content=\"https:\/\/www.facebook.com\/yaomarketchile\/\" \/>\n<meta property=\"article:modified_time\" content=\"2025-05-19T18:55:13+00:00\" \/>\n<meta property=\"og:image\" content=\"https:\/\/yaomarket.cl\/wp-content\/uploads\/2023\/02\/cafe-molido-hausbrandt-descafeinado-100-arabica-250-grs.png\" \/>\n\t<meta property=\"og:image:width\" content=\"1100\" \/>\n\t<meta property=\"og:image:height\" content=\"1422\" \/>\n\t<meta property=\"og:image:type\" content=\"image\/png\" \/>\n<meta name=\"twitter:card\" content=\"summary_large_image\" \/>\n<script type=\"application\/ld+json\" class=\"yoast-schema-graph\">{\"@context\":\"https:\/\/schema.org\",\"@graph\":[{\"@type\":\"WebPage\",\"@id\":\"https:\/\/yaomarket.cl\/?product=cafe-molido-hausbrandt-descaffeinato-250-grs\",\"url\":\"https:\/\/yaomarket.cl\/?product=cafe-molido-hausbrandt-descaffeinato-250-grs\",\"name\":\"Caf\u00e9 Molido Hausbrandt Descafeinado 250 Grs para Espresso - YAOMARKET\",\"isPartOf\":{\"@id\":\"https:\/\/yaomarket.cl\/#website\"},\"primaryImageOfPage\":{\"@id\":\"https:\/\/yaomarket.cl\/?product=cafe-molido-hausbrandt-descaffeinato-250-grs#primaryimage\"},\"image\":{\"@id\":\"https:\/\/yaomarket.cl\/?product=cafe-molido-hausbrandt-descaffeinato-250-grs#primaryimage\"},\"thumbnailUrl\":\"https:\/\/yaomarket.cl\/wp-content\/uploads\/2023\/02\/cafe-molido-hausbrandt-descafeinado-100-arabica-250-grs.png\",\"datePublished\":\"2023-02-24T01:42:47+00:00\",\"dateModified\":\"2025-05-19T18:55:13+00:00\",\"breadcrumb\":{\"@id\":\"https:\/\/yaomarket.cl\/?product=cafe-molido-hausbrandt-descaffeinato-250-grs#breadcrumb\"},\"inLanguage\":\"es\",\"potentialAction\":[{\"@type\":\"ReadAction\",\"target\":[\"https:\/\/yaomarket.cl\/?product=cafe-molido-hausbrandt-descaffeinato-250-grs\"]}]},{\"@type\":\"ImageObject\",\"inLanguage\":\"es\",\"@id\":\"https:\/\/yaomarket.cl\/?product=cafe-molido-hausbrandt-descaffeinato-250-grs#primaryimage\",\"url\":\"https:\/\/yaomarket.cl\/wp-content\/uploads\/2023\/02\/cafe-molido-hausbrandt-descafeinado-100-arabica-250-grs.png\",\"contentUrl\":\"https:\/\/yaomarket.cl\/wp-content\/uploads\/2023\/02\/cafe-molido-hausbrandt-descafeinado-100-arabica-250-grs.png\",\"width\":1100,\"height\":1422},{\"@type\":\"BreadcrumbList\",\"@id\":\"https:\/\/yaomarket.cl\/?product=cafe-molido-hausbrandt-descaffeinato-250-grs#breadcrumb\",\"itemListElement\":[{\"@type\":\"ListItem\",\"position\":1,\"name\":\"Portada\",\"item\":\"https:\/\/yaomarket.cl\/\"},{\"@type\":\"ListItem\",\"position\":2,\"name\":\"TIENDA\",\"item\":\"https:\/\/yaomarket.cl\/?page_id=8\"},{\"@type\":\"ListItem\",\"position\":3,\"name\":\"Caf\u00e9 Molido Hausbrandt Descafeinado 250 Grs para Espresso\"}]},{\"@type\":\"WebSite\",\"@id\":\"https:\/\/yaomarket.cl\/#website\",\"url\":\"https:\/\/yaomarket.cl\/\",\"name\":\"YAOMARKET\",\"description\":\"\",\"publisher\":{\"@id\":\"https:\/\/yaomarket.cl\/#organization\"},\"potentialAction\":[{\"@type\":\"SearchAction\",\"target\":{\"@type\":\"EntryPoint\",\"urlTemplate\":\"https:\/\/yaomarket.cl\/?s={search_term_string}\"},\"query-input\":{\"@type\":\"PropertyValueSpecification\",\"valueRequired\":true,\"valueName\":\"search_term_string\"}}],\"inLanguage\":\"es\"},{\"@type\":\"Organization\",\"@id\":\"https:\/\/yaomarket.cl\/#organization\",\"name\":\"YAOMARKET\",\"url\":\"https:\/\/yaomarket.cl\/\",\"logo\":{\"@type\":\"ImageObject\",\"inLanguage\":\"es\",\"@id\":\"https:\/\/yaomarket.cl\/#\/schema\/logo\/image\/\",\"url\":\"https:\/\/yaomarket.cl\/wp-content\/uploads\/2023\/08\/Logo-Original-Yao-Market-Circular.png\",\"contentUrl\":\"https:\/\/yaomarket.cl\/wp-content\/uploads\/2023\/08\/Logo-Original-Yao-Market-Circular.png\",\"width\":522,\"height\":522,\"caption\":\"YAOMARKET\"},\"image\":{\"@id\":\"https:\/\/yaomarket.cl\/#\/schema\/logo\/image\/\"},\"sameAs\":[\"https:\/\/www.facebook.com\/yaomarketchile\/\",\"https:\/\/www.instagram.com\/yao_market\/\"]}]}<\/script>\n<!-- \/ Yoast SEO plugin. -->","yoast_head_json":{"title":"Caf\u00e9 Molido Hausbrandt Descafeinado 250 Grs para Espresso - YAOMARKET","robots":{"index":"index","follow":"follow","max-snippet":"max-snippet:-1","max-image-preview":"max-image-preview:large","max-video-preview":"max-video-preview:-1"},"canonical":"https:\/\/yaomarket.cl\/?product=cafe-molido-hausbrandt-descaffeinato-250-grs","og_locale":"es_ES","og_type":"article","og_title":"Caf\u00e9 Molido Hausbrandt Descafeinado 250 Grs para Espresso - YAOMARKET","og_description":"Hausbrandt Decaffeinato es caf\u00e9 sin cafe\u00edna. \u00a1Este caf\u00e9 de Hausbrandt es un caf\u00e9 de muy alta calidad! El contenido de cafe\u00edna en este caf\u00e9 no supera el 0,10%. Hausbrandt ha elaborado un caf\u00e9 de m\u00e1xima calidad con estos granos de caf\u00e9 descafeinado. \u00a1Puede saborear el delicioso aroma, que se basa en el caf\u00e9 Gourmet de Hausbrandt!  Contenido Neto: 250grs","og_url":"https:\/\/yaomarket.cl\/?product=cafe-molido-hausbrandt-descaffeinato-250-grs","og_site_name":"YAOMARKET","article_publisher":"https:\/\/www.facebook.com\/yaomarketchile\/","article_modified_time":"2025-05-19T18:55:13+00:00","og_image":[{"width":1100,"height":1422,"url":"https:\/\/yaomarket.cl\/wp-content\/uploads\/2023\/02\/cafe-molido-hausbrandt-descafeinado-100-arabica-250-grs.png","type":"image\/png"}],"twitter_card":"summary_large_image","schema":{"@context":"https:\/\/schema.org","@graph":[{"@type":"WebPage","@id":"https:\/\/yaomarket.cl\/?product=cafe-molido-hausbrandt-descaffeinato-250-grs","url":"https:\/\/yaomarket.cl\/?product=cafe-molido-hausbrandt-descaffeinato-250-grs","name":"Caf\u00e9 Molido Hausbrandt Descafeinado 250 Grs para Espresso - YAOMARKET","isPartOf":{"@id":"https:\/\/yaomarket.cl\/#website"},"primaryImageOfPage":{"@id":"https:\/\/yaomarket.cl\/?product=cafe-molido-hausbrandt-descaffeinato-250-grs#primaryimage"},"image":{"@id":"https:\/\/yaomarket.cl\/?product=cafe-molido-hausbrandt-descaffeinato-250-grs#primaryimage"},"thumbnailUrl":"https:\/\/yaomarket.cl\/wp-content\/uploads\/2023\/02\/cafe-molido-hausbrandt-descafeinado-100-arabica-250-grs.png","datePublished":"2023-02-24T01:42:47+00:00","dateModified":"2025-05-19T18:55:13+00:00","breadcrumb":{"@id":"https:\/\/yaomarket.cl\/?product=cafe-molido-hausbrandt-descaffeinato-250-grs#breadcrumb"},"inLanguage":"es","potentialAction":[{"@type":"ReadAction","target":["https:\/\/yaomarket.cl\/?product=cafe-molido-hausbrandt-descaffeinato-250-grs"]}]},{"@type":"ImageObject","inLanguage":"es","@id":"https:\/\/yaomarket.cl\/?product=cafe-molido-hausbrandt-descaffeinato-250-grs#primaryimage","url":"https:\/\/yaomarket.cl\/wp-content\/uploads\/2023\/02\/cafe-molido-hausbrandt-descafeinado-100-arabica-250-grs.png","contentUrl":"https:\/\/yaomarket.cl\/wp-content\/uploads\/2023\/02\/cafe-molido-hausbrandt-descafeinado-100-arabica-250-grs.png","width":1100,"height":1422},{"@type":"BreadcrumbList","@id":"https:\/\/yaomarket.cl\/?product=cafe-molido-hausbrandt-descaffeinato-250-grs#breadcrumb","itemListElement":[{"@type":"ListItem","position":1,"name":"Portada","item":"https:\/\/yaomarket.cl\/"},{"@type":"ListItem","position":2,"name":"TIENDA","item":"https:\/\/yaomarket.cl\/?page_id=8"},{"@type":"ListItem","position":3,"name":"Caf\u00e9 Molido Hausbrandt Descafeinado 250 Grs para Espresso"}]},{"@type":"WebSite","@id":"https:\/\/yaomarket.cl\/#website","url":"https:\/\/yaomarket.cl\/","name":"YAOMARKET","description":"","publisher":{"@id":"https:\/\/yaomarket.cl\/#organization"},"potentialAction":[{"@type":"SearchAction","target":{"@type":"EntryPoint","urlTemplate":"https:\/\/yaomarket.cl\/?s={search_term_string}"},"query-input":{"@type":"PropertyValueSpecification","valueRequired":true,"valueName":"search_term_string"}}],"inLanguage":"es"},{"@type":"Organization","@id":"https:\/\/yaomarket.cl\/#organization","name":"YAOMARKET","url":"https:\/\/yaomarket.cl\/","logo":{"@type":"ImageObject","inLanguage":"es","@id":"https:\/\/yaomarket.cl\/#\/schema\/logo\/image\/","url":"https:\/\/yaomarket.cl\/wp-content\/uploads\/2023\/08\/Logo-Original-Yao-Market-Circular.png","contentUrl":"https:\/\/yaomarket.cl\/wp-content\/uploads\/2023\/08\/Logo-Original-Yao-Market-Circular.png","width":522,"height":522,"caption":"YAOMARKET"},"image":{"@id":"https:\/\/yaomarket.cl\/#\/schema\/logo\/image\/"},"sameAs":["https:\/\/www.facebook.com\/yaomarketchile\/","https:\/\/www.instagram.com\/yao_market\/"]}]}},"_links":{"self":[{"href":"https:\/\/yaomarket.cl\/index.php?rest_route=\/wp\/v2\/product\/8978","targetHints":{"allow":["GET"]}}],"collection":[{"href":"https:\/\/yaomarket.cl\/index.php?rest_route=\/wp\/v2\/product"}],"about":[{"href":"https:\/\/yaomarket.cl\/index.php?rest_route=\/wp\/v2\/types\/product"}],"wp:featuredmedia":[{"embeddable":true,"href":"https:\/\/yaomarket.cl\/index.php?rest_route=\/wp\/v2\/media\/8979"}],"wp:attachment":[{"href":"https:\/\/yaomarket.cl\/index.php?rest_route=%2Fwp%2Fv2%2Fmedia&parent=8978"}],"wp:term":[{"taxonomy":"product_cat","embeddable":true,"href":"https:\/\/yaomarket.cl\/index.php?rest_route=%2Fwp%2Fv2%2Fproduct_cat&post=8978"},{"taxonomy":"product_tag","embeddable":true,"href":"https:\/\/yaomarket.cl\/index.php?rest_route=%2Fwp%2Fv2%2Fproduct_tag&post=8978"}],"curies":[{"name":"wp","href":"https:\/\/api.w.org\/{rel}","templated":true}]}}