{"id":12050,"date":"2025-05-27T03:58:28","date_gmt":"2025-05-27T03:58:28","guid":{"rendered":"https:\/\/yaomarket.cl\/?post_type=product&#038;p=12050"},"modified":"2025-05-27T03:58:28","modified_gmt":"2025-05-27T03:58:28","slug":"pimienta-negra-en-grano-36-gr-con-molinillo","status":"publish","type":"product","link":"https:\/\/yaomarket.cl\/?product=pimienta-negra-en-grano-36-gr-con-molinillo","title":{"rendered":"Pimienta Negra En Grano 36 Gr (Con Molinillo)"},"content":{"rendered":"<p><strong><span style=\"color: #000000;\">Recomendaciones:<\/span><\/strong><br \/>\n<span style=\"color: #000000;\">Ya sea que los utilices en platos de carne, pescado, verduras, sopas, salsas, aderezos o ensaladas, los Granos de Pimienta Negra Enteros de Kot\u00e1nyi son la elecci\u00f3n perfecta como condimento.<\/span><\/p>\n<p><span style=\"color: #000000;\"><strong>Pa\u00eds de origen:<\/strong> Austria.<\/span><\/p>\n","protected":false},"excerpt":{"rendered":"<p><span style=\"color: #000000;\">Dale sabor a tu comida: los granos de pimienta negros enteros de Kot\u00e1nyi liberan todo su sabor y picante cuando se muelen.<\/span><\/p>\n<p><span style=\"color: #000000;\">El intenso calor y el aroma especiado de los granos de pimienta negra los convierten en una maravillosa adici\u00f3n a casi cualquier plato. Su maravilloso sabor combina mejor con la carne de res, por lo que son la especia preferida para los filetes.<\/span><\/p>\n<p><span style=\"color: #000000;\">Para obtener el m\u00e1ximo sabor de los granos de pimienta, muela inmediatamente antes de usarlos o espolvor\u00e9elos directamente del paquete herm\u00e9tico. Dado que la pimienta puede volverse amarga r\u00e1pidamente cuando se expone a altas temperaturas, es una buena idea agregarla a la carne y las verduras en una etapa tard\u00eda del proceso de cocci\u00f3n.<\/span><\/p>\n<p><strong><span style=\"color: #000000;\">Ingredientes:<\/span><\/strong><\/p>\n<p><span style=\"color: #000000;\">Pimienta.<\/span><\/p>\n<p><span style=\"color: #000000;\"><strong>Contenido Neto:<\/strong> 36grs.<\/span><\/p>\n","protected":false},"featured_media":12051,"template":"","meta":[],"product_cat":[696,697,700],"product_tag":[],"class_list":{"0":"post-12050","1":"product","2":"type-product","3":"status-publish","4":"has-post-thumbnail","6":"product_cat-gourmet","7":"product_cat-para-cocinar","8":"product_cat-sal-y-pimienta","10":"first","11":"instock","12":"shipping-taxable","13":"purchasable","14":"product-type-simple"},"yoast_head":"<!-- This site is optimized with the Yoast SEO plugin v25.2 - https:\/\/yoast.com\/wordpress\/plugins\/seo\/ -->\n<title>Pimienta Negra En Grano 36 Gr (Con Molinillo) - YAOMARKET<\/title>\n<meta name=\"robots\" content=\"index, follow, max-snippet:-1, max-image-preview:large, max-video-preview:-1\" \/>\n<link rel=\"canonical\" href=\"https:\/\/yaomarket.cl\/?product=pimienta-negra-en-grano-36-gr-con-molinillo\" \/>\n<meta property=\"og:locale\" content=\"es_ES\" \/>\n<meta property=\"og:type\" content=\"article\" \/>\n<meta property=\"og:title\" content=\"Pimienta Negra En Grano 36 Gr (Con Molinillo) - YAOMARKET\" \/>\n<meta property=\"og:description\" content=\"Dale sabor a tu comida: los granos de pimienta negros enteros de Kot\u00e1nyi liberan todo su sabor y picante cuando se muelen.  El intenso calor y el aroma especiado de los granos de pimienta negra los convierten en una maravillosa adici\u00f3n a casi cualquier plato. Su maravilloso sabor combina mejor con la carne de res, por lo que son la especia preferida para los filetes.  Para obtener el m\u00e1ximo sabor de los granos de pimienta, muela inmediatamente antes de usarlos o espolvor\u00e9elos directamente del paquete herm\u00e9tico. Dado que la pimienta puede volverse amarga r\u00e1pidamente cuando se expone a altas temperaturas, es una buena idea agregarla a la carne y las verduras en una etapa tard\u00eda del proceso de cocci\u00f3n.  Ingredientes:  Pimienta.  Contenido Neto: 36grs.\" \/>\n<meta property=\"og:url\" content=\"https:\/\/yaomarket.cl\/?product=pimienta-negra-en-grano-36-gr-con-molinillo\" \/>\n<meta property=\"og:site_name\" content=\"YAOMARKET\" \/>\n<meta property=\"article:publisher\" content=\"https:\/\/www.facebook.com\/yaomarketchile\/\" \/>\n<meta property=\"og:image\" content=\"https:\/\/yaomarket.cl\/wp-content\/uploads\/2025\/05\/pimienta-negra-en-grano-36-gr-con-molinillo.png\" \/>\n\t<meta property=\"og:image:width\" content=\"800\" \/>\n\t<meta property=\"og:image:height\" content=\"800\" \/>\n\t<meta property=\"og:image:type\" content=\"image\/png\" \/>\n<meta name=\"twitter:card\" content=\"summary_large_image\" \/>\n<meta name=\"twitter:label1\" content=\"Tiempo de lectura\" \/>\n\t<meta name=\"twitter:data1\" content=\"1 minuto\" \/>\n<script type=\"application\/ld+json\" class=\"yoast-schema-graph\">{\"@context\":\"https:\/\/schema.org\",\"@graph\":[{\"@type\":\"WebPage\",\"@id\":\"https:\/\/yaomarket.cl\/?product=pimienta-negra-en-grano-36-gr-con-molinillo\",\"url\":\"https:\/\/yaomarket.cl\/?product=pimienta-negra-en-grano-36-gr-con-molinillo\",\"name\":\"Pimienta Negra En Grano 36 Gr (Con Molinillo) - YAOMARKET\",\"isPartOf\":{\"@id\":\"https:\/\/yaomarket.cl\/#website\"},\"primaryImageOfPage\":{\"@id\":\"https:\/\/yaomarket.cl\/?product=pimienta-negra-en-grano-36-gr-con-molinillo#primaryimage\"},\"image\":{\"@id\":\"https:\/\/yaomarket.cl\/?product=pimienta-negra-en-grano-36-gr-con-molinillo#primaryimage\"},\"thumbnailUrl\":\"https:\/\/yaomarket.cl\/wp-content\/uploads\/2025\/05\/pimienta-negra-en-grano-36-gr-con-molinillo.png\",\"datePublished\":\"2025-05-27T03:58:28+00:00\",\"breadcrumb\":{\"@id\":\"https:\/\/yaomarket.cl\/?product=pimienta-negra-en-grano-36-gr-con-molinillo#breadcrumb\"},\"inLanguage\":\"es\",\"potentialAction\":[{\"@type\":\"ReadAction\",\"target\":[\"https:\/\/yaomarket.cl\/?product=pimienta-negra-en-grano-36-gr-con-molinillo\"]}]},{\"@type\":\"ImageObject\",\"inLanguage\":\"es\",\"@id\":\"https:\/\/yaomarket.cl\/?product=pimienta-negra-en-grano-36-gr-con-molinillo#primaryimage\",\"url\":\"https:\/\/yaomarket.cl\/wp-content\/uploads\/2025\/05\/pimienta-negra-en-grano-36-gr-con-molinillo.png\",\"contentUrl\":\"https:\/\/yaomarket.cl\/wp-content\/uploads\/2025\/05\/pimienta-negra-en-grano-36-gr-con-molinillo.png\",\"width\":800,\"height\":800},{\"@type\":\"BreadcrumbList\",\"@id\":\"https:\/\/yaomarket.cl\/?product=pimienta-negra-en-grano-36-gr-con-molinillo#breadcrumb\",\"itemListElement\":[{\"@type\":\"ListItem\",\"position\":1,\"name\":\"Portada\",\"item\":\"https:\/\/yaomarket.cl\/\"},{\"@type\":\"ListItem\",\"position\":2,\"name\":\"TIENDA\",\"item\":\"https:\/\/yaomarket.cl\/?page_id=8\"},{\"@type\":\"ListItem\",\"position\":3,\"name\":\"Pimienta Negra En Grano 36 Gr (Con Molinillo)\"}]},{\"@type\":\"WebSite\",\"@id\":\"https:\/\/yaomarket.cl\/#website\",\"url\":\"https:\/\/yaomarket.cl\/\",\"name\":\"YAOMARKET\",\"description\":\"\",\"publisher\":{\"@id\":\"https:\/\/yaomarket.cl\/#organization\"},\"potentialAction\":[{\"@type\":\"SearchAction\",\"target\":{\"@type\":\"EntryPoint\",\"urlTemplate\":\"https:\/\/yaomarket.cl\/?s={search_term_string}\"},\"query-input\":{\"@type\":\"PropertyValueSpecification\",\"valueRequired\":true,\"valueName\":\"search_term_string\"}}],\"inLanguage\":\"es\"},{\"@type\":\"Organization\",\"@id\":\"https:\/\/yaomarket.cl\/#organization\",\"name\":\"YAOMARKET\",\"url\":\"https:\/\/yaomarket.cl\/\",\"logo\":{\"@type\":\"ImageObject\",\"inLanguage\":\"es\",\"@id\":\"https:\/\/yaomarket.cl\/#\/schema\/logo\/image\/\",\"url\":\"https:\/\/yaomarket.cl\/wp-content\/uploads\/2023\/08\/Logo-Original-Yao-Market-Circular.png\",\"contentUrl\":\"https:\/\/yaomarket.cl\/wp-content\/uploads\/2023\/08\/Logo-Original-Yao-Market-Circular.png\",\"width\":522,\"height\":522,\"caption\":\"YAOMARKET\"},\"image\":{\"@id\":\"https:\/\/yaomarket.cl\/#\/schema\/logo\/image\/\"},\"sameAs\":[\"https:\/\/www.facebook.com\/yaomarketchile\/\",\"https:\/\/www.instagram.com\/yao_market\/\"]}]}<\/script>\n<!-- \/ Yoast SEO plugin. -->","yoast_head_json":{"title":"Pimienta Negra En Grano 36 Gr (Con Molinillo) - YAOMARKET","robots":{"index":"index","follow":"follow","max-snippet":"max-snippet:-1","max-image-preview":"max-image-preview:large","max-video-preview":"max-video-preview:-1"},"canonical":"https:\/\/yaomarket.cl\/?product=pimienta-negra-en-grano-36-gr-con-molinillo","og_locale":"es_ES","og_type":"article","og_title":"Pimienta Negra En Grano 36 Gr (Con Molinillo) - YAOMARKET","og_description":"Dale sabor a tu comida: los granos de pimienta negros enteros de Kot\u00e1nyi liberan todo su sabor y picante cuando se muelen.  El intenso calor y el aroma especiado de los granos de pimienta negra los convierten en una maravillosa adici\u00f3n a casi cualquier plato. Su maravilloso sabor combina mejor con la carne de res, por lo que son la especia preferida para los filetes.  Para obtener el m\u00e1ximo sabor de los granos de pimienta, muela inmediatamente antes de usarlos o espolvor\u00e9elos directamente del paquete herm\u00e9tico. Dado que la pimienta puede volverse amarga r\u00e1pidamente cuando se expone a altas temperaturas, es una buena idea agregarla a la carne y las verduras en una etapa tard\u00eda del proceso de cocci\u00f3n.  Ingredientes:  Pimienta.  Contenido Neto: 36grs.","og_url":"https:\/\/yaomarket.cl\/?product=pimienta-negra-en-grano-36-gr-con-molinillo","og_site_name":"YAOMARKET","article_publisher":"https:\/\/www.facebook.com\/yaomarketchile\/","og_image":[{"width":800,"height":800,"url":"https:\/\/yaomarket.cl\/wp-content\/uploads\/2025\/05\/pimienta-negra-en-grano-36-gr-con-molinillo.png","type":"image\/png"}],"twitter_card":"summary_large_image","twitter_misc":{"Tiempo de lectura":"1 minuto"},"schema":{"@context":"https:\/\/schema.org","@graph":[{"@type":"WebPage","@id":"https:\/\/yaomarket.cl\/?product=pimienta-negra-en-grano-36-gr-con-molinillo","url":"https:\/\/yaomarket.cl\/?product=pimienta-negra-en-grano-36-gr-con-molinillo","name":"Pimienta Negra En Grano 36 Gr (Con Molinillo) - YAOMARKET","isPartOf":{"@id":"https:\/\/yaomarket.cl\/#website"},"primaryImageOfPage":{"@id":"https:\/\/yaomarket.cl\/?product=pimienta-negra-en-grano-36-gr-con-molinillo#primaryimage"},"image":{"@id":"https:\/\/yaomarket.cl\/?product=pimienta-negra-en-grano-36-gr-con-molinillo#primaryimage"},"thumbnailUrl":"https:\/\/yaomarket.cl\/wp-content\/uploads\/2025\/05\/pimienta-negra-en-grano-36-gr-con-molinillo.png","datePublished":"2025-05-27T03:58:28+00:00","breadcrumb":{"@id":"https:\/\/yaomarket.cl\/?product=pimienta-negra-en-grano-36-gr-con-molinillo#breadcrumb"},"inLanguage":"es","potentialAction":[{"@type":"ReadAction","target":["https:\/\/yaomarket.cl\/?product=pimienta-negra-en-grano-36-gr-con-molinillo"]}]},{"@type":"ImageObject","inLanguage":"es","@id":"https:\/\/yaomarket.cl\/?product=pimienta-negra-en-grano-36-gr-con-molinillo#primaryimage","url":"https:\/\/yaomarket.cl\/wp-content\/uploads\/2025\/05\/pimienta-negra-en-grano-36-gr-con-molinillo.png","contentUrl":"https:\/\/yaomarket.cl\/wp-content\/uploads\/2025\/05\/pimienta-negra-en-grano-36-gr-con-molinillo.png","width":800,"height":800},{"@type":"BreadcrumbList","@id":"https:\/\/yaomarket.cl\/?product=pimienta-negra-en-grano-36-gr-con-molinillo#breadcrumb","itemListElement":[{"@type":"ListItem","position":1,"name":"Portada","item":"https:\/\/yaomarket.cl\/"},{"@type":"ListItem","position":2,"name":"TIENDA","item":"https:\/\/yaomarket.cl\/?page_id=8"},{"@type":"ListItem","position":3,"name":"Pimienta Negra En Grano 36 Gr (Con Molinillo)"}]},{"@type":"WebSite","@id":"https:\/\/yaomarket.cl\/#website","url":"https:\/\/yaomarket.cl\/","name":"YAOMARKET","description":"","publisher":{"@id":"https:\/\/yaomarket.cl\/#organization"},"potentialAction":[{"@type":"SearchAction","target":{"@type":"EntryPoint","urlTemplate":"https:\/\/yaomarket.cl\/?s={search_term_string}"},"query-input":{"@type":"PropertyValueSpecification","valueRequired":true,"valueName":"search_term_string"}}],"inLanguage":"es"},{"@type":"Organization","@id":"https:\/\/yaomarket.cl\/#organization","name":"YAOMARKET","url":"https:\/\/yaomarket.cl\/","logo":{"@type":"ImageObject","inLanguage":"es","@id":"https:\/\/yaomarket.cl\/#\/schema\/logo\/image\/","url":"https:\/\/yaomarket.cl\/wp-content\/uploads\/2023\/08\/Logo-Original-Yao-Market-Circular.png","contentUrl":"https:\/\/yaomarket.cl\/wp-content\/uploads\/2023\/08\/Logo-Original-Yao-Market-Circular.png","width":522,"height":522,"caption":"YAOMARKET"},"image":{"@id":"https:\/\/yaomarket.cl\/#\/schema\/logo\/image\/"},"sameAs":["https:\/\/www.facebook.com\/yaomarketchile\/","https:\/\/www.instagram.com\/yao_market\/"]}]}},"_links":{"self":[{"href":"https:\/\/yaomarket.cl\/index.php?rest_route=\/wp\/v2\/product\/12050","targetHints":{"allow":["GET"]}}],"collection":[{"href":"https:\/\/yaomarket.cl\/index.php?rest_route=\/wp\/v2\/product"}],"about":[{"href":"https:\/\/yaomarket.cl\/index.php?rest_route=\/wp\/v2\/types\/product"}],"wp:featuredmedia":[{"embeddable":true,"href":"https:\/\/yaomarket.cl\/index.php?rest_route=\/wp\/v2\/media\/12051"}],"wp:attachment":[{"href":"https:\/\/yaomarket.cl\/index.php?rest_route=%2Fwp%2Fv2%2Fmedia&parent=12050"}],"wp:term":[{"taxonomy":"product_cat","embeddable":true,"href":"https:\/\/yaomarket.cl\/index.php?rest_route=%2Fwp%2Fv2%2Fproduct_cat&post=12050"},{"taxonomy":"product_tag","embeddable":true,"href":"https:\/\/yaomarket.cl\/index.php?rest_route=%2Fwp%2Fv2%2Fproduct_tag&post=12050"}],"curies":[{"name":"wp","href":"https:\/\/api.w.org\/{rel}","templated":true}]}}