{"id":11925,"date":"2025-05-26T16:04:15","date_gmt":"2025-05-26T16:04:15","guid":{"rendered":"https:\/\/yaomarket.cl\/?post_type=product&#038;p=11925"},"modified":"2025-05-26T16:04:15","modified_gmt":"2025-05-26T16:04:15","slug":"tetera-ahmad-tea-370ml","status":"publish","type":"product","link":"https:\/\/yaomarket.cl\/?product=tetera-ahmad-tea-370ml","title":{"rendered":"Tetera Ahmad Tea 370Ml"},"content":{"rendered":"<p><span style=\"color: #000000;\">Incluye una tetera con tapa a juego.\u00a0<\/span><\/p>\n<p><span style=\"color: #000000;\">La tetera de porcelana tiene una boquilla a prueba de derrames junto con un mango ergon\u00f3mico.<\/span><\/p>\n<p><span style=\"color: #000000;\">Recomendamos lavar a mano.\u00a0<\/span><\/p>\n","protected":false},"excerpt":{"rendered":"<p><span style=\"color: #000000;\">Esta hermosa tetera color verde esmeralda de porcelana, es ideal para el su uso diario debido a su buen tama\u00f1o y peso o simplemente para tus ocasiones especiales si prefieres.<\/span><\/p>\n<p><span style=\"color: #000000;\">Rinde 370Ml.<\/span><\/p>\n<p><span style=\"color: #000000;\">Este modelo no incluye infusor.<\/span><\/p>\n<p><span style=\"color: #000000;\">De f\u00e1cil limpieza debido a su tapa encajable, despu\u00e9s de preparar t\u00e9 se puede desodorizar con bicarbonato (solo si es necesario).<\/span><\/p>\n<p><span style=\"color: #000000;\"><em>No apta para fuentes de calor directo.<\/em><\/span><\/p>\n<p><span style=\"color: #000000;\"><strong>Regalo ideal<\/strong>: su dise\u00f1o simple pero elegante, encantar\u00e1 tus sentidos, convirtiendo esta tetera en un regalo para amigos, familiares o como una adici\u00f3n para tu propia colecci\u00f3n de vajilla y teter\u00eda en tu hogar.\u00a0<\/span><\/p>\n","protected":false},"featured_media":11926,"template":"","meta":[],"product_cat":[684,686],"product_tag":[],"class_list":{"0":"post-11925","1":"product","2":"type-product","3":"status-publish","4":"has-post-thumbnail","6":"product_cat-accesorios-para-te","7":"product_cat-teteras","9":"first","10":"instock","11":"shipping-taxable","12":"purchasable","13":"product-type-simple"},"yoast_head":"<!-- This site is optimized with the Yoast SEO plugin v25.2 - https:\/\/yoast.com\/wordpress\/plugins\/seo\/ -->\n<title>Tetera Ahmad Tea 370Ml - YAOMARKET<\/title>\n<meta name=\"robots\" content=\"index, follow, max-snippet:-1, max-image-preview:large, max-video-preview:-1\" \/>\n<link rel=\"canonical\" href=\"https:\/\/yaomarket.cl\/?product=tetera-ahmad-tea-370ml\" \/>\n<meta property=\"og:locale\" content=\"es_ES\" \/>\n<meta property=\"og:type\" content=\"article\" \/>\n<meta property=\"og:title\" content=\"Tetera Ahmad Tea 370Ml - YAOMARKET\" \/>\n<meta property=\"og:description\" content=\"Esta hermosa tetera color verde esmeralda de porcelana, es ideal para el su uso diario debido a su buen tama\u00f1o y peso o simplemente para tus ocasiones especiales si prefieres.  Rinde 370Ml.  Este modelo no incluye infusor.  De f\u00e1cil limpieza debido a su tapa encajable, despu\u00e9s de preparar t\u00e9 se puede desodorizar con bicarbonato (solo si es necesario).  No apta para fuentes de calor directo.  Regalo ideal: su dise\u00f1o simple pero elegante, encantar\u00e1 tus sentidos, convirtiendo esta tetera en un regalo para amigos, familiares o como una adici\u00f3n para tu propia colecci\u00f3n de vajilla y teter\u00eda en tu hogar.\u00a0\" \/>\n<meta property=\"og:url\" content=\"https:\/\/yaomarket.cl\/?product=tetera-ahmad-tea-370ml\" \/>\n<meta property=\"og:site_name\" content=\"YAOMARKET\" \/>\n<meta property=\"article:publisher\" content=\"https:\/\/www.facebook.com\/yaomarketchile\/\" \/>\n<meta property=\"og:image\" content=\"https:\/\/yaomarket.cl\/wp-content\/uploads\/2025\/05\/tetera-ahmad-tea-450-ml-.jpg\" \/>\n\t<meta property=\"og:image:width\" content=\"800\" \/>\n\t<meta property=\"og:image:height\" content=\"800\" \/>\n\t<meta property=\"og:image:type\" content=\"image\/jpeg\" \/>\n<meta name=\"twitter:card\" content=\"summary_large_image\" \/>\n<meta name=\"twitter:label1\" content=\"Tiempo de lectura\" \/>\n\t<meta name=\"twitter:data1\" content=\"1 minuto\" \/>\n<script type=\"application\/ld+json\" class=\"yoast-schema-graph\">{\"@context\":\"https:\/\/schema.org\",\"@graph\":[{\"@type\":\"WebPage\",\"@id\":\"https:\/\/yaomarket.cl\/?product=tetera-ahmad-tea-370ml\",\"url\":\"https:\/\/yaomarket.cl\/?product=tetera-ahmad-tea-370ml\",\"name\":\"Tetera Ahmad Tea 370Ml - YAOMARKET\",\"isPartOf\":{\"@id\":\"https:\/\/yaomarket.cl\/#website\"},\"primaryImageOfPage\":{\"@id\":\"https:\/\/yaomarket.cl\/?product=tetera-ahmad-tea-370ml#primaryimage\"},\"image\":{\"@id\":\"https:\/\/yaomarket.cl\/?product=tetera-ahmad-tea-370ml#primaryimage\"},\"thumbnailUrl\":\"https:\/\/yaomarket.cl\/wp-content\/uploads\/2025\/05\/tetera-ahmad-tea-450-ml-.jpg\",\"datePublished\":\"2025-05-26T16:04:15+00:00\",\"breadcrumb\":{\"@id\":\"https:\/\/yaomarket.cl\/?product=tetera-ahmad-tea-370ml#breadcrumb\"},\"inLanguage\":\"es\",\"potentialAction\":[{\"@type\":\"ReadAction\",\"target\":[\"https:\/\/yaomarket.cl\/?product=tetera-ahmad-tea-370ml\"]}]},{\"@type\":\"ImageObject\",\"inLanguage\":\"es\",\"@id\":\"https:\/\/yaomarket.cl\/?product=tetera-ahmad-tea-370ml#primaryimage\",\"url\":\"https:\/\/yaomarket.cl\/wp-content\/uploads\/2025\/05\/tetera-ahmad-tea-450-ml-.jpg\",\"contentUrl\":\"https:\/\/yaomarket.cl\/wp-content\/uploads\/2025\/05\/tetera-ahmad-tea-450-ml-.jpg\",\"width\":800,\"height\":800},{\"@type\":\"BreadcrumbList\",\"@id\":\"https:\/\/yaomarket.cl\/?product=tetera-ahmad-tea-370ml#breadcrumb\",\"itemListElement\":[{\"@type\":\"ListItem\",\"position\":1,\"name\":\"Portada\",\"item\":\"https:\/\/yaomarket.cl\/\"},{\"@type\":\"ListItem\",\"position\":2,\"name\":\"TIENDA\",\"item\":\"https:\/\/yaomarket.cl\/?page_id=8\"},{\"@type\":\"ListItem\",\"position\":3,\"name\":\"Tetera Ahmad Tea 370Ml\"}]},{\"@type\":\"WebSite\",\"@id\":\"https:\/\/yaomarket.cl\/#website\",\"url\":\"https:\/\/yaomarket.cl\/\",\"name\":\"YAOMARKET\",\"description\":\"\",\"publisher\":{\"@id\":\"https:\/\/yaomarket.cl\/#organization\"},\"potentialAction\":[{\"@type\":\"SearchAction\",\"target\":{\"@type\":\"EntryPoint\",\"urlTemplate\":\"https:\/\/yaomarket.cl\/?s={search_term_string}\"},\"query-input\":{\"@type\":\"PropertyValueSpecification\",\"valueRequired\":true,\"valueName\":\"search_term_string\"}}],\"inLanguage\":\"es\"},{\"@type\":\"Organization\",\"@id\":\"https:\/\/yaomarket.cl\/#organization\",\"name\":\"YAOMARKET\",\"url\":\"https:\/\/yaomarket.cl\/\",\"logo\":{\"@type\":\"ImageObject\",\"inLanguage\":\"es\",\"@id\":\"https:\/\/yaomarket.cl\/#\/schema\/logo\/image\/\",\"url\":\"https:\/\/yaomarket.cl\/wp-content\/uploads\/2023\/08\/Logo-Original-Yao-Market-Circular.png\",\"contentUrl\":\"https:\/\/yaomarket.cl\/wp-content\/uploads\/2023\/08\/Logo-Original-Yao-Market-Circular.png\",\"width\":522,\"height\":522,\"caption\":\"YAOMARKET\"},\"image\":{\"@id\":\"https:\/\/yaomarket.cl\/#\/schema\/logo\/image\/\"},\"sameAs\":[\"https:\/\/www.facebook.com\/yaomarketchile\/\",\"https:\/\/www.instagram.com\/yao_market\/\"]}]}<\/script>\n<!-- \/ Yoast SEO plugin. -->","yoast_head_json":{"title":"Tetera Ahmad Tea 370Ml - YAOMARKET","robots":{"index":"index","follow":"follow","max-snippet":"max-snippet:-1","max-image-preview":"max-image-preview:large","max-video-preview":"max-video-preview:-1"},"canonical":"https:\/\/yaomarket.cl\/?product=tetera-ahmad-tea-370ml","og_locale":"es_ES","og_type":"article","og_title":"Tetera Ahmad Tea 370Ml - YAOMARKET","og_description":"Esta hermosa tetera color verde esmeralda de porcelana, es ideal para el su uso diario debido a su buen tama\u00f1o y peso o simplemente para tus ocasiones especiales si prefieres.  Rinde 370Ml.  Este modelo no incluye infusor.  De f\u00e1cil limpieza debido a su tapa encajable, despu\u00e9s de preparar t\u00e9 se puede desodorizar con bicarbonato (solo si es necesario).  No apta para fuentes de calor directo.  Regalo ideal: su dise\u00f1o simple pero elegante, encantar\u00e1 tus sentidos, convirtiendo esta tetera en un regalo para amigos, familiares o como una adici\u00f3n para tu propia colecci\u00f3n de vajilla y teter\u00eda en tu hogar.\u00a0","og_url":"https:\/\/yaomarket.cl\/?product=tetera-ahmad-tea-370ml","og_site_name":"YAOMARKET","article_publisher":"https:\/\/www.facebook.com\/yaomarketchile\/","og_image":[{"width":800,"height":800,"url":"https:\/\/yaomarket.cl\/wp-content\/uploads\/2025\/05\/tetera-ahmad-tea-450-ml-.jpg","type":"image\/jpeg"}],"twitter_card":"summary_large_image","twitter_misc":{"Tiempo de lectura":"1 minuto"},"schema":{"@context":"https:\/\/schema.org","@graph":[{"@type":"WebPage","@id":"https:\/\/yaomarket.cl\/?product=tetera-ahmad-tea-370ml","url":"https:\/\/yaomarket.cl\/?product=tetera-ahmad-tea-370ml","name":"Tetera Ahmad Tea 370Ml - YAOMARKET","isPartOf":{"@id":"https:\/\/yaomarket.cl\/#website"},"primaryImageOfPage":{"@id":"https:\/\/yaomarket.cl\/?product=tetera-ahmad-tea-370ml#primaryimage"},"image":{"@id":"https:\/\/yaomarket.cl\/?product=tetera-ahmad-tea-370ml#primaryimage"},"thumbnailUrl":"https:\/\/yaomarket.cl\/wp-content\/uploads\/2025\/05\/tetera-ahmad-tea-450-ml-.jpg","datePublished":"2025-05-26T16:04:15+00:00","breadcrumb":{"@id":"https:\/\/yaomarket.cl\/?product=tetera-ahmad-tea-370ml#breadcrumb"},"inLanguage":"es","potentialAction":[{"@type":"ReadAction","target":["https:\/\/yaomarket.cl\/?product=tetera-ahmad-tea-370ml"]}]},{"@type":"ImageObject","inLanguage":"es","@id":"https:\/\/yaomarket.cl\/?product=tetera-ahmad-tea-370ml#primaryimage","url":"https:\/\/yaomarket.cl\/wp-content\/uploads\/2025\/05\/tetera-ahmad-tea-450-ml-.jpg","contentUrl":"https:\/\/yaomarket.cl\/wp-content\/uploads\/2025\/05\/tetera-ahmad-tea-450-ml-.jpg","width":800,"height":800},{"@type":"BreadcrumbList","@id":"https:\/\/yaomarket.cl\/?product=tetera-ahmad-tea-370ml#breadcrumb","itemListElement":[{"@type":"ListItem","position":1,"name":"Portada","item":"https:\/\/yaomarket.cl\/"},{"@type":"ListItem","position":2,"name":"TIENDA","item":"https:\/\/yaomarket.cl\/?page_id=8"},{"@type":"ListItem","position":3,"name":"Tetera Ahmad Tea 370Ml"}]},{"@type":"WebSite","@id":"https:\/\/yaomarket.cl\/#website","url":"https:\/\/yaomarket.cl\/","name":"YAOMARKET","description":"","publisher":{"@id":"https:\/\/yaomarket.cl\/#organization"},"potentialAction":[{"@type":"SearchAction","target":{"@type":"EntryPoint","urlTemplate":"https:\/\/yaomarket.cl\/?s={search_term_string}"},"query-input":{"@type":"PropertyValueSpecification","valueRequired":true,"valueName":"search_term_string"}}],"inLanguage":"es"},{"@type":"Organization","@id":"https:\/\/yaomarket.cl\/#organization","name":"YAOMARKET","url":"https:\/\/yaomarket.cl\/","logo":{"@type":"ImageObject","inLanguage":"es","@id":"https:\/\/yaomarket.cl\/#\/schema\/logo\/image\/","url":"https:\/\/yaomarket.cl\/wp-content\/uploads\/2023\/08\/Logo-Original-Yao-Market-Circular.png","contentUrl":"https:\/\/yaomarket.cl\/wp-content\/uploads\/2023\/08\/Logo-Original-Yao-Market-Circular.png","width":522,"height":522,"caption":"YAOMARKET"},"image":{"@id":"https:\/\/yaomarket.cl\/#\/schema\/logo\/image\/"},"sameAs":["https:\/\/www.facebook.com\/yaomarketchile\/","https:\/\/www.instagram.com\/yao_market\/"]}]}},"_links":{"self":[{"href":"https:\/\/yaomarket.cl\/index.php?rest_route=\/wp\/v2\/product\/11925","targetHints":{"allow":["GET"]}}],"collection":[{"href":"https:\/\/yaomarket.cl\/index.php?rest_route=\/wp\/v2\/product"}],"about":[{"href":"https:\/\/yaomarket.cl\/index.php?rest_route=\/wp\/v2\/types\/product"}],"wp:featuredmedia":[{"embeddable":true,"href":"https:\/\/yaomarket.cl\/index.php?rest_route=\/wp\/v2\/media\/11926"}],"wp:attachment":[{"href":"https:\/\/yaomarket.cl\/index.php?rest_route=%2Fwp%2Fv2%2Fmedia&parent=11925"}],"wp:term":[{"taxonomy":"product_cat","embeddable":true,"href":"https:\/\/yaomarket.cl\/index.php?rest_route=%2Fwp%2Fv2%2Fproduct_cat&post=11925"},{"taxonomy":"product_tag","embeddable":true,"href":"https:\/\/yaomarket.cl\/index.php?rest_route=%2Fwp%2Fv2%2Fproduct_tag&post=11925"}],"curies":[{"name":"wp","href":"https:\/\/api.w.org\/{rel}","templated":true}]}}