{"id":11578,"date":"2025-04-02T01:22:28","date_gmt":"2025-04-02T01:22:28","guid":{"rendered":"https:\/\/yaomarket.cl\/?post_type=product&#038;p=11578"},"modified":"2025-05-26T03:25:19","modified_gmt":"2025-05-26T03:25:19","slug":"te-negro-con-frutilla-ahmad-strawberry-sensation-10-bolsitas","status":"publish","type":"product","link":"https:\/\/yaomarket.cl\/?product=te-negro-con-frutilla-ahmad-strawberry-sensation-10-bolsitas","title":{"rendered":"T\u00e9 Negro con frutilla Ahmad Strawberry Sensation (10 Bolsitas)"},"content":{"rendered":"<p><span style=\"color: #000000;\">D\u00e9jate llevar por el sabor dulce y jugoso de Strawberry Sensation. Este t\u00e9 negro con cafe\u00edna est\u00e1 infusionado con un delicioso sabor a fresa y contiene trozos reales de fruta. \u00a1Disfruta del sabor de las fresas maduras de verano en cualquier \u00e9poca del a\u00f1o!<\/span><\/p>\n<p><span style=\"color: #000000;\">La intensa riqueza del t\u00e9 negro se combina maravillosamente con la brillante y frutal dulzura de las fresas, creando una taza perfectamente equilibrada que resulta tanto refrescante como energizante.<\/span><\/p>\n<div class=\"desc-content\">\n<h3><span style=\"color: #000000;\">Especificaciones del Producto<\/span><\/h3>\n<div class=\"row\">\n<div class=\"col-md-6 col-xs-12\">\n<ul>\n<li><span style=\"color: #000000;\"><strong>Contenido:<\/strong>\u00a010 bolsitas de t\u00e9<\/span><\/li>\n<li><span style=\"color: #000000;\"><strong>Tipo de T\u00e9:<\/strong>\u00a0T\u00e9 negro con fresa<\/span><\/li>\n<li><span style=\"color: #000000;\"><strong>Sabores:<\/strong>\u00a0Fresa<\/span><\/li>\n<li><span style=\"color: #000000;\"><strong>Origen:<\/strong>\u00a0Malawi, Kenya<\/span><\/li>\n<li><span style=\"color: #000000;\"><strong>Tiempo de Infusi\u00f3n:<\/strong>\u00a03-5 minutos<\/span><\/li>\n<\/ul>\n<\/div>\n<div class=\"col-md-6 col-xs-12\">\n<ul>\n<li><span style=\"color: #000000;\"><strong>Presentaci\u00f3n:<\/strong>\u00a0Caja con 10 bolsitas de t\u00e9<\/span><\/li>\n<li><span style=\"color: #000000;\"><strong>Composici\u00f3n:<\/strong>\u00a0T\u00e9 negro, trozos reales de fresa y aromas naturales<\/span><\/li>\n<li><span style=\"color: #000000;\"><strong>Embalaje:<\/strong>\u00a0Disponible en caja individual<\/span><\/li>\n<li><span style=\"color: #000000;\"><strong>Ideal para:<\/strong>\u00a0Amantes del t\u00e9 que buscan una experiencia frutal y dulce<\/span><\/li>\n<\/ul>\n<\/div>\n<\/div>\n<\/div>\n<p>&nbsp;<\/p>\n<h3><span style=\"color: #000000;\">Preparaci\u00f3n Perfecta<\/span><\/h3>\n<ul>\n<li><span style=\"color: #000000;\"><strong>Agua:<\/strong>\u00a0Utiliza siempre agua fresca o filtrada para resaltar los sabores frutales.<\/span><\/li>\n<li><span style=\"color: #000000;\"><strong>Temperatura:<\/strong>\u00a0Calienta el agua hasta punto de ebullici\u00f3n (212\u00b0F\/100\u00b0C).<\/span><\/li>\n<li><span style=\"color: #000000;\"><strong>Tiempo:<\/strong>\u00a0Vierte inmediatamente sobre la bolsita y deja infusionar durante 3-5 minutos.<\/span><\/li>\n<li><span style=\"color: #000000;\"><strong>Servicio:<\/strong>\u00a0Retira la bolsita, remueve ligeramente y disfruta solo o con un toque de az\u00facar para realzar el sabor a fresa.<\/span><\/li>\n<li><span style=\"color: #000000;\"><strong>Variante Helada:<\/strong>\u00a0Prepara con doble concentraci\u00f3n, deja enfriar y sirve con hielo para una experiencia veraniega refrescante.<\/span><\/li>\n<\/ul>\n<p>&nbsp;<\/p>\n<h3><span style=\"color: #000000;\">\u00bfSab\u00edas que?<\/span><\/h3>\n<p><span style=\"color: #000000;\">Las fresas se han disfrutado durante siglos y en la antigua Roma se consideraban una fruta de lujo, valorada por su fragancia y sabor. Nuestro Strawberry Sensation tiene un nivel medio de cafe\u00edna (60mg), perfecto para un impulso energ\u00e9tico moderado con un toque de dulzura frutal.<\/span><\/p>\n","protected":false},"excerpt":{"rendered":"<p><span style=\"color: #000000;\">D\u00e9jate llevar por el sabor dulce y jugoso de nuestro Strawberry Sensation. Cada bolsita combina t\u00e9 negro de alta calidad con trozos reales de fresa, creando una bebida arom\u00e1tica que evoca las fresas maduras del verano durante todo el a\u00f1o. Ideal para quienes buscan un t\u00e9 con car\u00e1cter, equilibrado entre la intensidad del t\u00e9 negro y la dulzura frutal de las fresas, perfecto para disfrutar caliente o helado.<\/span><\/p>\n","protected":false},"featured_media":11579,"template":"","meta":[],"product_cat":[166,84,85],"product_tag":[],"class_list":{"0":"post-11578","1":"product","2":"type-product","3":"status-publish","4":"has-post-thumbnail","6":"product_cat-te-frutal-y-especias","7":"product_cat-mundo-te","8":"product_cat-ahmad-tea","10":"first","11":"instock","12":"shipping-taxable","13":"purchasable","14":"product-type-simple"},"yoast_head":"<!-- This site is optimized with the Yoast SEO plugin v25.2 - https:\/\/yoast.com\/wordpress\/plugins\/seo\/ -->\n<title>T\u00e9 Negro con frutilla Ahmad Strawberry Sensation (10 Bolsitas) - YAOMARKET<\/title>\n<meta name=\"robots\" content=\"index, follow, max-snippet:-1, max-image-preview:large, max-video-preview:-1\" \/>\n<link rel=\"canonical\" href=\"https:\/\/yaomarket.cl\/?product=te-negro-con-frutilla-ahmad-strawberry-sensation-10-bolsitas\" \/>\n<meta property=\"og:locale\" content=\"es_ES\" \/>\n<meta property=\"og:type\" content=\"article\" \/>\n<meta property=\"og:title\" content=\"T\u00e9 Negro con frutilla Ahmad Strawberry Sensation (10 Bolsitas) - YAOMARKET\" \/>\n<meta property=\"og:description\" content=\"D\u00e9jate llevar por el sabor dulce y jugoso de nuestro Strawberry Sensation. Cada bolsita combina t\u00e9 negro de alta calidad con trozos reales de fresa, creando una bebida arom\u00e1tica que evoca las fresas maduras del verano durante todo el a\u00f1o. Ideal para quienes buscan un t\u00e9 con car\u00e1cter, equilibrado entre la intensidad del t\u00e9 negro y la dulzura frutal de las fresas, perfecto para disfrutar caliente o helado.\" \/>\n<meta property=\"og:url\" content=\"https:\/\/yaomarket.cl\/?product=te-negro-con-frutilla-ahmad-strawberry-sensation-10-bolsitas\" \/>\n<meta property=\"og:site_name\" content=\"YAOMARKET\" \/>\n<meta property=\"article:publisher\" content=\"https:\/\/www.facebook.com\/yaomarketchile\/\" \/>\n<meta property=\"article:modified_time\" content=\"2025-05-26T03:25:19+00:00\" \/>\n<meta property=\"og:image\" content=\"https:\/\/yaomarket.cl\/wp-content\/uploads\/2025\/04\/te-con-frutilla-ahmad-strawberry-sensation-10-sobres.png\" \/>\n\t<meta property=\"og:image:width\" content=\"800\" \/>\n\t<meta property=\"og:image:height\" content=\"800\" \/>\n\t<meta property=\"og:image:type\" content=\"image\/png\" \/>\n<meta name=\"twitter:card\" content=\"summary_large_image\" \/>\n<meta name=\"twitter:label1\" content=\"Tiempo de lectura\" \/>\n\t<meta name=\"twitter:data1\" content=\"2 minutos\" \/>\n<script type=\"application\/ld+json\" class=\"yoast-schema-graph\">{\"@context\":\"https:\/\/schema.org\",\"@graph\":[{\"@type\":\"WebPage\",\"@id\":\"https:\/\/yaomarket.cl\/?product=te-negro-con-frutilla-ahmad-strawberry-sensation-10-bolsitas\",\"url\":\"https:\/\/yaomarket.cl\/?product=te-negro-con-frutilla-ahmad-strawberry-sensation-10-bolsitas\",\"name\":\"T\u00e9 Negro con frutilla Ahmad Strawberry Sensation (10 Bolsitas) - YAOMARKET\",\"isPartOf\":{\"@id\":\"https:\/\/yaomarket.cl\/#website\"},\"primaryImageOfPage\":{\"@id\":\"https:\/\/yaomarket.cl\/?product=te-negro-con-frutilla-ahmad-strawberry-sensation-10-bolsitas#primaryimage\"},\"image\":{\"@id\":\"https:\/\/yaomarket.cl\/?product=te-negro-con-frutilla-ahmad-strawberry-sensation-10-bolsitas#primaryimage\"},\"thumbnailUrl\":\"https:\/\/yaomarket.cl\/wp-content\/uploads\/2025\/04\/te-con-frutilla-ahmad-strawberry-sensation-10-sobres.png\",\"datePublished\":\"2025-04-02T01:22:28+00:00\",\"dateModified\":\"2025-05-26T03:25:19+00:00\",\"breadcrumb\":{\"@id\":\"https:\/\/yaomarket.cl\/?product=te-negro-con-frutilla-ahmad-strawberry-sensation-10-bolsitas#breadcrumb\"},\"inLanguage\":\"es\",\"potentialAction\":[{\"@type\":\"ReadAction\",\"target\":[\"https:\/\/yaomarket.cl\/?product=te-negro-con-frutilla-ahmad-strawberry-sensation-10-bolsitas\"]}]},{\"@type\":\"ImageObject\",\"inLanguage\":\"es\",\"@id\":\"https:\/\/yaomarket.cl\/?product=te-negro-con-frutilla-ahmad-strawberry-sensation-10-bolsitas#primaryimage\",\"url\":\"https:\/\/yaomarket.cl\/wp-content\/uploads\/2025\/04\/te-con-frutilla-ahmad-strawberry-sensation-10-sobres.png\",\"contentUrl\":\"https:\/\/yaomarket.cl\/wp-content\/uploads\/2025\/04\/te-con-frutilla-ahmad-strawberry-sensation-10-sobres.png\",\"width\":800,\"height\":800},{\"@type\":\"BreadcrumbList\",\"@id\":\"https:\/\/yaomarket.cl\/?product=te-negro-con-frutilla-ahmad-strawberry-sensation-10-bolsitas#breadcrumb\",\"itemListElement\":[{\"@type\":\"ListItem\",\"position\":1,\"name\":\"Portada\",\"item\":\"https:\/\/yaomarket.cl\/\"},{\"@type\":\"ListItem\",\"position\":2,\"name\":\"TIENDA\",\"item\":\"https:\/\/yaomarket.cl\/?page_id=8\"},{\"@type\":\"ListItem\",\"position\":3,\"name\":\"T\u00e9 Negro con frutilla Ahmad Strawberry Sensation (10 Bolsitas)\"}]},{\"@type\":\"WebSite\",\"@id\":\"https:\/\/yaomarket.cl\/#website\",\"url\":\"https:\/\/yaomarket.cl\/\",\"name\":\"YAOMARKET\",\"description\":\"\",\"publisher\":{\"@id\":\"https:\/\/yaomarket.cl\/#organization\"},\"potentialAction\":[{\"@type\":\"SearchAction\",\"target\":{\"@type\":\"EntryPoint\",\"urlTemplate\":\"https:\/\/yaomarket.cl\/?s={search_term_string}\"},\"query-input\":{\"@type\":\"PropertyValueSpecification\",\"valueRequired\":true,\"valueName\":\"search_term_string\"}}],\"inLanguage\":\"es\"},{\"@type\":\"Organization\",\"@id\":\"https:\/\/yaomarket.cl\/#organization\",\"name\":\"YAOMARKET\",\"url\":\"https:\/\/yaomarket.cl\/\",\"logo\":{\"@type\":\"ImageObject\",\"inLanguage\":\"es\",\"@id\":\"https:\/\/yaomarket.cl\/#\/schema\/logo\/image\/\",\"url\":\"https:\/\/yaomarket.cl\/wp-content\/uploads\/2023\/08\/Logo-Original-Yao-Market-Circular.png\",\"contentUrl\":\"https:\/\/yaomarket.cl\/wp-content\/uploads\/2023\/08\/Logo-Original-Yao-Market-Circular.png\",\"width\":522,\"height\":522,\"caption\":\"YAOMARKET\"},\"image\":{\"@id\":\"https:\/\/yaomarket.cl\/#\/schema\/logo\/image\/\"},\"sameAs\":[\"https:\/\/www.facebook.com\/yaomarketchile\/\",\"https:\/\/www.instagram.com\/yao_market\/\"]}]}<\/script>\n<!-- \/ Yoast SEO plugin. -->","yoast_head_json":{"title":"T\u00e9 Negro con frutilla Ahmad Strawberry Sensation (10 Bolsitas) - YAOMARKET","robots":{"index":"index","follow":"follow","max-snippet":"max-snippet:-1","max-image-preview":"max-image-preview:large","max-video-preview":"max-video-preview:-1"},"canonical":"https:\/\/yaomarket.cl\/?product=te-negro-con-frutilla-ahmad-strawberry-sensation-10-bolsitas","og_locale":"es_ES","og_type":"article","og_title":"T\u00e9 Negro con frutilla Ahmad Strawberry Sensation (10 Bolsitas) - YAOMARKET","og_description":"D\u00e9jate llevar por el sabor dulce y jugoso de nuestro Strawberry Sensation. Cada bolsita combina t\u00e9 negro de alta calidad con trozos reales de fresa, creando una bebida arom\u00e1tica que evoca las fresas maduras del verano durante todo el a\u00f1o. Ideal para quienes buscan un t\u00e9 con car\u00e1cter, equilibrado entre la intensidad del t\u00e9 negro y la dulzura frutal de las fresas, perfecto para disfrutar caliente o helado.","og_url":"https:\/\/yaomarket.cl\/?product=te-negro-con-frutilla-ahmad-strawberry-sensation-10-bolsitas","og_site_name":"YAOMARKET","article_publisher":"https:\/\/www.facebook.com\/yaomarketchile\/","article_modified_time":"2025-05-26T03:25:19+00:00","og_image":[{"width":800,"height":800,"url":"https:\/\/yaomarket.cl\/wp-content\/uploads\/2025\/04\/te-con-frutilla-ahmad-strawberry-sensation-10-sobres.png","type":"image\/png"}],"twitter_card":"summary_large_image","twitter_misc":{"Tiempo de lectura":"2 minutos"},"schema":{"@context":"https:\/\/schema.org","@graph":[{"@type":"WebPage","@id":"https:\/\/yaomarket.cl\/?product=te-negro-con-frutilla-ahmad-strawberry-sensation-10-bolsitas","url":"https:\/\/yaomarket.cl\/?product=te-negro-con-frutilla-ahmad-strawberry-sensation-10-bolsitas","name":"T\u00e9 Negro con frutilla Ahmad Strawberry Sensation (10 Bolsitas) - YAOMARKET","isPartOf":{"@id":"https:\/\/yaomarket.cl\/#website"},"primaryImageOfPage":{"@id":"https:\/\/yaomarket.cl\/?product=te-negro-con-frutilla-ahmad-strawberry-sensation-10-bolsitas#primaryimage"},"image":{"@id":"https:\/\/yaomarket.cl\/?product=te-negro-con-frutilla-ahmad-strawberry-sensation-10-bolsitas#primaryimage"},"thumbnailUrl":"https:\/\/yaomarket.cl\/wp-content\/uploads\/2025\/04\/te-con-frutilla-ahmad-strawberry-sensation-10-sobres.png","datePublished":"2025-04-02T01:22:28+00:00","dateModified":"2025-05-26T03:25:19+00:00","breadcrumb":{"@id":"https:\/\/yaomarket.cl\/?product=te-negro-con-frutilla-ahmad-strawberry-sensation-10-bolsitas#breadcrumb"},"inLanguage":"es","potentialAction":[{"@type":"ReadAction","target":["https:\/\/yaomarket.cl\/?product=te-negro-con-frutilla-ahmad-strawberry-sensation-10-bolsitas"]}]},{"@type":"ImageObject","inLanguage":"es","@id":"https:\/\/yaomarket.cl\/?product=te-negro-con-frutilla-ahmad-strawberry-sensation-10-bolsitas#primaryimage","url":"https:\/\/yaomarket.cl\/wp-content\/uploads\/2025\/04\/te-con-frutilla-ahmad-strawberry-sensation-10-sobres.png","contentUrl":"https:\/\/yaomarket.cl\/wp-content\/uploads\/2025\/04\/te-con-frutilla-ahmad-strawberry-sensation-10-sobres.png","width":800,"height":800},{"@type":"BreadcrumbList","@id":"https:\/\/yaomarket.cl\/?product=te-negro-con-frutilla-ahmad-strawberry-sensation-10-bolsitas#breadcrumb","itemListElement":[{"@type":"ListItem","position":1,"name":"Portada","item":"https:\/\/yaomarket.cl\/"},{"@type":"ListItem","position":2,"name":"TIENDA","item":"https:\/\/yaomarket.cl\/?page_id=8"},{"@type":"ListItem","position":3,"name":"T\u00e9 Negro con frutilla Ahmad Strawberry Sensation (10 Bolsitas)"}]},{"@type":"WebSite","@id":"https:\/\/yaomarket.cl\/#website","url":"https:\/\/yaomarket.cl\/","name":"YAOMARKET","description":"","publisher":{"@id":"https:\/\/yaomarket.cl\/#organization"},"potentialAction":[{"@type":"SearchAction","target":{"@type":"EntryPoint","urlTemplate":"https:\/\/yaomarket.cl\/?s={search_term_string}"},"query-input":{"@type":"PropertyValueSpecification","valueRequired":true,"valueName":"search_term_string"}}],"inLanguage":"es"},{"@type":"Organization","@id":"https:\/\/yaomarket.cl\/#organization","name":"YAOMARKET","url":"https:\/\/yaomarket.cl\/","logo":{"@type":"ImageObject","inLanguage":"es","@id":"https:\/\/yaomarket.cl\/#\/schema\/logo\/image\/","url":"https:\/\/yaomarket.cl\/wp-content\/uploads\/2023\/08\/Logo-Original-Yao-Market-Circular.png","contentUrl":"https:\/\/yaomarket.cl\/wp-content\/uploads\/2023\/08\/Logo-Original-Yao-Market-Circular.png","width":522,"height":522,"caption":"YAOMARKET"},"image":{"@id":"https:\/\/yaomarket.cl\/#\/schema\/logo\/image\/"},"sameAs":["https:\/\/www.facebook.com\/yaomarketchile\/","https:\/\/www.instagram.com\/yao_market\/"]}]}},"_links":{"self":[{"href":"https:\/\/yaomarket.cl\/index.php?rest_route=\/wp\/v2\/product\/11578","targetHints":{"allow":["GET"]}}],"collection":[{"href":"https:\/\/yaomarket.cl\/index.php?rest_route=\/wp\/v2\/product"}],"about":[{"href":"https:\/\/yaomarket.cl\/index.php?rest_route=\/wp\/v2\/types\/product"}],"wp:featuredmedia":[{"embeddable":true,"href":"https:\/\/yaomarket.cl\/index.php?rest_route=\/wp\/v2\/media\/11579"}],"wp:attachment":[{"href":"https:\/\/yaomarket.cl\/index.php?rest_route=%2Fwp%2Fv2%2Fmedia&parent=11578"}],"wp:term":[{"taxonomy":"product_cat","embeddable":true,"href":"https:\/\/yaomarket.cl\/index.php?rest_route=%2Fwp%2Fv2%2Fproduct_cat&post=11578"},{"taxonomy":"product_tag","embeddable":true,"href":"https:\/\/yaomarket.cl\/index.php?rest_route=%2Fwp%2Fv2%2Fproduct_tag&post=11578"}],"curies":[{"name":"wp","href":"https:\/\/api.w.org\/{rel}","templated":true}]}}