{"id":11427,"date":"2025-03-31T18:25:25","date_gmt":"2025-03-31T18:25:25","guid":{"rendered":"https:\/\/yaomarket.cl\/?post_type=product&#038;p=11427"},"modified":"2025-05-25T21:07:54","modified_gmt":"2025-05-25T21:07:54","slug":"capsulas-de-cafe-hausbrandt-gourmet-10-unidades","status":"publish","type":"product","link":"https:\/\/yaomarket.cl\/?product=capsulas-de-cafe-hausbrandt-gourmet-10-unidades","title":{"rendered":"C\u00e1psulas De Caf\u00e9 Hausbrandt Gourmet 10 unidades"},"content":{"rendered":"","protected":false},"excerpt":{"rendered":"<p><span style=\"color: #000000;\">Gourmet es el producto estrella de la tradicional empresa Hausbrandt, un espresso que se considera el m\u00e1s prestigioso de los tostadores. Desde 1892, Hausbrandt ha estado activa en el comercio de caf\u00e9 con tostadores. Para el caf\u00e9 gourmet solo se utilizan granos de Ar\u00e1bica cuidadosamente seleccionados y recolectados a mano de plantaciones a gran altitud en Colombia, Guatemala, San Salvador y Brasil. El aroma y el bouquet inconfundibles del caf\u00e9 gourmet se desarrollan mediante el tueste de tambor giratorio particularmente lento a baja temperatura. El resultado es un caf\u00e9 bajo en \u00e1cido excepcionalmente bien tolerado, con un aroma fino y equilibrado, con un sabor afrutado pero tambi\u00e9n a chocolate, noble y equilibrado, lo mejor que ofrece Hausbrandt.\u00a0<strong>C\u00e1psulas de caf\u00e9 molido espresso Hausbrandt para m\u00e1quina Guzzini<\/strong>.<strong>\u00a0<\/strong><\/span><\/p>\n<p><span style=\"color: #000000;\"><strong>Contenido por envase:<\/strong> 10 unidades.<\/span><\/p>\n","protected":false},"featured_media":11428,"template":"","meta":[],"product_cat":[72,76,78,81],"product_tag":[],"class_list":{"0":"post-11427","1":"product","2":"type-product","3":"status-publish","4":"has-post-thumbnail","6":"product_cat-cafe","7":"product_cat-cafe-alto-en-cafeina","8":"product_cat-cafe-en-capsulas","9":"product_cat-guzzini","11":"first","12":"instock","13":"shipping-taxable","14":"purchasable","15":"product-type-simple"},"yoast_head":"<!-- This site is optimized with the Yoast SEO plugin v25.2 - https:\/\/yoast.com\/wordpress\/plugins\/seo\/ -->\n<title>C\u00e1psulas De Caf\u00e9 Hausbrandt Gourmet 10 unidades - YAOMARKET<\/title>\n<meta name=\"robots\" content=\"index, follow, max-snippet:-1, max-image-preview:large, max-video-preview:-1\" \/>\n<link rel=\"canonical\" href=\"https:\/\/yaomarket.cl\/?product=capsulas-de-cafe-hausbrandt-gourmet-10-unidades\" \/>\n<meta property=\"og:locale\" content=\"es_ES\" \/>\n<meta property=\"og:type\" content=\"article\" \/>\n<meta property=\"og:title\" content=\"C\u00e1psulas De Caf\u00e9 Hausbrandt Gourmet 10 unidades - YAOMARKET\" \/>\n<meta property=\"og:description\" content=\"Gourmet es el producto estrella de la tradicional empresa Hausbrandt, un espresso que se considera el m\u00e1s prestigioso de los tostadores. Desde 1892, Hausbrandt ha estado activa en el comercio de caf\u00e9 con tostadores. Para el caf\u00e9 gourmet solo se utilizan granos de Ar\u00e1bica cuidadosamente seleccionados y recolectados a mano de plantaciones a gran altitud en Colombia, Guatemala, San Salvador y Brasil. El aroma y el bouquet inconfundibles del caf\u00e9 gourmet se desarrollan mediante el tueste de tambor giratorio particularmente lento a baja temperatura. El resultado es un caf\u00e9 bajo en \u00e1cido excepcionalmente bien tolerado, con un aroma fino y equilibrado, con un sabor afrutado pero tambi\u00e9n a chocolate, noble y equilibrado, lo mejor que ofrece Hausbrandt.\u00a0C\u00e1psulas de caf\u00e9 molido espresso Hausbrandt para m\u00e1quina Guzzini.\u00a0  Contenido por envase: 10 unidades.\" \/>\n<meta property=\"og:url\" content=\"https:\/\/yaomarket.cl\/?product=capsulas-de-cafe-hausbrandt-gourmet-10-unidades\" \/>\n<meta property=\"og:site_name\" content=\"YAOMARKET\" \/>\n<meta property=\"article:publisher\" content=\"https:\/\/www.facebook.com\/yaomarketchile\/\" \/>\n<meta property=\"article:modified_time\" content=\"2025-05-25T21:07:54+00:00\" \/>\n<meta property=\"og:image\" content=\"https:\/\/yaomarket.cl\/wp-content\/uploads\/2025\/03\/capsulas-de-cafe-hausbrandt-gourmet-10-unidades.png\" \/>\n\t<meta property=\"og:image:width\" content=\"400\" \/>\n\t<meta property=\"og:image:height\" content=\"400\" \/>\n\t<meta property=\"og:image:type\" content=\"image\/png\" \/>\n<meta name=\"twitter:card\" content=\"summary_large_image\" \/>\n<script type=\"application\/ld+json\" class=\"yoast-schema-graph\">{\"@context\":\"https:\/\/schema.org\",\"@graph\":[{\"@type\":\"WebPage\",\"@id\":\"https:\/\/yaomarket.cl\/?product=capsulas-de-cafe-hausbrandt-gourmet-10-unidades\",\"url\":\"https:\/\/yaomarket.cl\/?product=capsulas-de-cafe-hausbrandt-gourmet-10-unidades\",\"name\":\"C\u00e1psulas De Caf\u00e9 Hausbrandt Gourmet 10 unidades - YAOMARKET\",\"isPartOf\":{\"@id\":\"https:\/\/yaomarket.cl\/#website\"},\"primaryImageOfPage\":{\"@id\":\"https:\/\/yaomarket.cl\/?product=capsulas-de-cafe-hausbrandt-gourmet-10-unidades#primaryimage\"},\"image\":{\"@id\":\"https:\/\/yaomarket.cl\/?product=capsulas-de-cafe-hausbrandt-gourmet-10-unidades#primaryimage\"},\"thumbnailUrl\":\"https:\/\/yaomarket.cl\/wp-content\/uploads\/2025\/03\/capsulas-de-cafe-hausbrandt-gourmet-10-unidades.png\",\"datePublished\":\"2025-03-31T18:25:25+00:00\",\"dateModified\":\"2025-05-25T21:07:54+00:00\",\"breadcrumb\":{\"@id\":\"https:\/\/yaomarket.cl\/?product=capsulas-de-cafe-hausbrandt-gourmet-10-unidades#breadcrumb\"},\"inLanguage\":\"es\",\"potentialAction\":[{\"@type\":\"ReadAction\",\"target\":[\"https:\/\/yaomarket.cl\/?product=capsulas-de-cafe-hausbrandt-gourmet-10-unidades\"]}]},{\"@type\":\"ImageObject\",\"inLanguage\":\"es\",\"@id\":\"https:\/\/yaomarket.cl\/?product=capsulas-de-cafe-hausbrandt-gourmet-10-unidades#primaryimage\",\"url\":\"https:\/\/yaomarket.cl\/wp-content\/uploads\/2025\/03\/capsulas-de-cafe-hausbrandt-gourmet-10-unidades.png\",\"contentUrl\":\"https:\/\/yaomarket.cl\/wp-content\/uploads\/2025\/03\/capsulas-de-cafe-hausbrandt-gourmet-10-unidades.png\",\"width\":400,\"height\":400},{\"@type\":\"BreadcrumbList\",\"@id\":\"https:\/\/yaomarket.cl\/?product=capsulas-de-cafe-hausbrandt-gourmet-10-unidades#breadcrumb\",\"itemListElement\":[{\"@type\":\"ListItem\",\"position\":1,\"name\":\"Portada\",\"item\":\"https:\/\/yaomarket.cl\/\"},{\"@type\":\"ListItem\",\"position\":2,\"name\":\"TIENDA\",\"item\":\"https:\/\/yaomarket.cl\/?page_id=8\"},{\"@type\":\"ListItem\",\"position\":3,\"name\":\"C\u00e1psulas De Caf\u00e9 Hausbrandt Gourmet 10 unidades\"}]},{\"@type\":\"WebSite\",\"@id\":\"https:\/\/yaomarket.cl\/#website\",\"url\":\"https:\/\/yaomarket.cl\/\",\"name\":\"YAOMARKET\",\"description\":\"\",\"publisher\":{\"@id\":\"https:\/\/yaomarket.cl\/#organization\"},\"potentialAction\":[{\"@type\":\"SearchAction\",\"target\":{\"@type\":\"EntryPoint\",\"urlTemplate\":\"https:\/\/yaomarket.cl\/?s={search_term_string}\"},\"query-input\":{\"@type\":\"PropertyValueSpecification\",\"valueRequired\":true,\"valueName\":\"search_term_string\"}}],\"inLanguage\":\"es\"},{\"@type\":\"Organization\",\"@id\":\"https:\/\/yaomarket.cl\/#organization\",\"name\":\"YAOMARKET\",\"url\":\"https:\/\/yaomarket.cl\/\",\"logo\":{\"@type\":\"ImageObject\",\"inLanguage\":\"es\",\"@id\":\"https:\/\/yaomarket.cl\/#\/schema\/logo\/image\/\",\"url\":\"https:\/\/yaomarket.cl\/wp-content\/uploads\/2023\/08\/Logo-Original-Yao-Market-Circular.png\",\"contentUrl\":\"https:\/\/yaomarket.cl\/wp-content\/uploads\/2023\/08\/Logo-Original-Yao-Market-Circular.png\",\"width\":522,\"height\":522,\"caption\":\"YAOMARKET\"},\"image\":{\"@id\":\"https:\/\/yaomarket.cl\/#\/schema\/logo\/image\/\"},\"sameAs\":[\"https:\/\/www.facebook.com\/yaomarketchile\/\",\"https:\/\/www.instagram.com\/yao_market\/\"]}]}<\/script>\n<!-- \/ Yoast SEO plugin. -->","yoast_head_json":{"title":"C\u00e1psulas De Caf\u00e9 Hausbrandt Gourmet 10 unidades - YAOMARKET","robots":{"index":"index","follow":"follow","max-snippet":"max-snippet:-1","max-image-preview":"max-image-preview:large","max-video-preview":"max-video-preview:-1"},"canonical":"https:\/\/yaomarket.cl\/?product=capsulas-de-cafe-hausbrandt-gourmet-10-unidades","og_locale":"es_ES","og_type":"article","og_title":"C\u00e1psulas De Caf\u00e9 Hausbrandt Gourmet 10 unidades - YAOMARKET","og_description":"Gourmet es el producto estrella de la tradicional empresa Hausbrandt, un espresso que se considera el m\u00e1s prestigioso de los tostadores. Desde 1892, Hausbrandt ha estado activa en el comercio de caf\u00e9 con tostadores. Para el caf\u00e9 gourmet solo se utilizan granos de Ar\u00e1bica cuidadosamente seleccionados y recolectados a mano de plantaciones a gran altitud en Colombia, Guatemala, San Salvador y Brasil. El aroma y el bouquet inconfundibles del caf\u00e9 gourmet se desarrollan mediante el tueste de tambor giratorio particularmente lento a baja temperatura. El resultado es un caf\u00e9 bajo en \u00e1cido excepcionalmente bien tolerado, con un aroma fino y equilibrado, con un sabor afrutado pero tambi\u00e9n a chocolate, noble y equilibrado, lo mejor que ofrece Hausbrandt.\u00a0C\u00e1psulas de caf\u00e9 molido espresso Hausbrandt para m\u00e1quina Guzzini.\u00a0  Contenido por envase: 10 unidades.","og_url":"https:\/\/yaomarket.cl\/?product=capsulas-de-cafe-hausbrandt-gourmet-10-unidades","og_site_name":"YAOMARKET","article_publisher":"https:\/\/www.facebook.com\/yaomarketchile\/","article_modified_time":"2025-05-25T21:07:54+00:00","og_image":[{"width":400,"height":400,"url":"https:\/\/yaomarket.cl\/wp-content\/uploads\/2025\/03\/capsulas-de-cafe-hausbrandt-gourmet-10-unidades.png","type":"image\/png"}],"twitter_card":"summary_large_image","schema":{"@context":"https:\/\/schema.org","@graph":[{"@type":"WebPage","@id":"https:\/\/yaomarket.cl\/?product=capsulas-de-cafe-hausbrandt-gourmet-10-unidades","url":"https:\/\/yaomarket.cl\/?product=capsulas-de-cafe-hausbrandt-gourmet-10-unidades","name":"C\u00e1psulas De Caf\u00e9 Hausbrandt Gourmet 10 unidades - YAOMARKET","isPartOf":{"@id":"https:\/\/yaomarket.cl\/#website"},"primaryImageOfPage":{"@id":"https:\/\/yaomarket.cl\/?product=capsulas-de-cafe-hausbrandt-gourmet-10-unidades#primaryimage"},"image":{"@id":"https:\/\/yaomarket.cl\/?product=capsulas-de-cafe-hausbrandt-gourmet-10-unidades#primaryimage"},"thumbnailUrl":"https:\/\/yaomarket.cl\/wp-content\/uploads\/2025\/03\/capsulas-de-cafe-hausbrandt-gourmet-10-unidades.png","datePublished":"2025-03-31T18:25:25+00:00","dateModified":"2025-05-25T21:07:54+00:00","breadcrumb":{"@id":"https:\/\/yaomarket.cl\/?product=capsulas-de-cafe-hausbrandt-gourmet-10-unidades#breadcrumb"},"inLanguage":"es","potentialAction":[{"@type":"ReadAction","target":["https:\/\/yaomarket.cl\/?product=capsulas-de-cafe-hausbrandt-gourmet-10-unidades"]}]},{"@type":"ImageObject","inLanguage":"es","@id":"https:\/\/yaomarket.cl\/?product=capsulas-de-cafe-hausbrandt-gourmet-10-unidades#primaryimage","url":"https:\/\/yaomarket.cl\/wp-content\/uploads\/2025\/03\/capsulas-de-cafe-hausbrandt-gourmet-10-unidades.png","contentUrl":"https:\/\/yaomarket.cl\/wp-content\/uploads\/2025\/03\/capsulas-de-cafe-hausbrandt-gourmet-10-unidades.png","width":400,"height":400},{"@type":"BreadcrumbList","@id":"https:\/\/yaomarket.cl\/?product=capsulas-de-cafe-hausbrandt-gourmet-10-unidades#breadcrumb","itemListElement":[{"@type":"ListItem","position":1,"name":"Portada","item":"https:\/\/yaomarket.cl\/"},{"@type":"ListItem","position":2,"name":"TIENDA","item":"https:\/\/yaomarket.cl\/?page_id=8"},{"@type":"ListItem","position":3,"name":"C\u00e1psulas De Caf\u00e9 Hausbrandt Gourmet 10 unidades"}]},{"@type":"WebSite","@id":"https:\/\/yaomarket.cl\/#website","url":"https:\/\/yaomarket.cl\/","name":"YAOMARKET","description":"","publisher":{"@id":"https:\/\/yaomarket.cl\/#organization"},"potentialAction":[{"@type":"SearchAction","target":{"@type":"EntryPoint","urlTemplate":"https:\/\/yaomarket.cl\/?s={search_term_string}"},"query-input":{"@type":"PropertyValueSpecification","valueRequired":true,"valueName":"search_term_string"}}],"inLanguage":"es"},{"@type":"Organization","@id":"https:\/\/yaomarket.cl\/#organization","name":"YAOMARKET","url":"https:\/\/yaomarket.cl\/","logo":{"@type":"ImageObject","inLanguage":"es","@id":"https:\/\/yaomarket.cl\/#\/schema\/logo\/image\/","url":"https:\/\/yaomarket.cl\/wp-content\/uploads\/2023\/08\/Logo-Original-Yao-Market-Circular.png","contentUrl":"https:\/\/yaomarket.cl\/wp-content\/uploads\/2023\/08\/Logo-Original-Yao-Market-Circular.png","width":522,"height":522,"caption":"YAOMARKET"},"image":{"@id":"https:\/\/yaomarket.cl\/#\/schema\/logo\/image\/"},"sameAs":["https:\/\/www.facebook.com\/yaomarketchile\/","https:\/\/www.instagram.com\/yao_market\/"]}]}},"_links":{"self":[{"href":"https:\/\/yaomarket.cl\/index.php?rest_route=\/wp\/v2\/product\/11427","targetHints":{"allow":["GET"]}}],"collection":[{"href":"https:\/\/yaomarket.cl\/index.php?rest_route=\/wp\/v2\/product"}],"about":[{"href":"https:\/\/yaomarket.cl\/index.php?rest_route=\/wp\/v2\/types\/product"}],"wp:featuredmedia":[{"embeddable":true,"href":"https:\/\/yaomarket.cl\/index.php?rest_route=\/wp\/v2\/media\/11428"}],"wp:attachment":[{"href":"https:\/\/yaomarket.cl\/index.php?rest_route=%2Fwp%2Fv2%2Fmedia&parent=11427"}],"wp:term":[{"taxonomy":"product_cat","embeddable":true,"href":"https:\/\/yaomarket.cl\/index.php?rest_route=%2Fwp%2Fv2%2Fproduct_cat&post=11427"},{"taxonomy":"product_tag","embeddable":true,"href":"https:\/\/yaomarket.cl\/index.php?rest_route=%2Fwp%2Fv2%2Fproduct_tag&post=11427"}],"curies":[{"name":"wp","href":"https:\/\/api.w.org\/{rel}","templated":true}]}}