{"id":11200,"date":"2025-02-26T02:30:00","date_gmt":"2025-02-26T02:30:00","guid":{"rendered":"https:\/\/yaomarket.cl\/?post_type=product&#038;p=11200"},"modified":"2025-06-09T21:36:37","modified_gmt":"2025-06-09T21:36:37","slug":"coffit-protein-cafe-proteico-300-grs","status":"publish","type":"product","link":"https:\/\/yaomarket.cl\/?product=coffit-protein-cafe-proteico-300-grs","title":{"rendered":"Coffit Protein Caf\u00e9 Proteico 300 grs."},"content":{"rendered":"<h5><span style=\"color: #000000;\">Coffit Protein Caf\u00e9 Proteico 300 grs.<\/span><\/h5>\n<p><span style=\"color: #000000;\"><strong>Coffit Protein: El nuevo caf\u00e9 con extra de Prote\u00edna de Revitta Wellness<\/strong><\/span><\/p>\n<p><span style=\"color: #000000;\">Si te encanta el caf\u00e9 y buscas una nueva forma deliciosa y nutritiva para consumirlo, Coffit Protein es ideal para ti. Coffit, el caf\u00e9 energizante de Revitta Wellness\u00a0lanz\u00f3 su nueva versi\u00f3n: Un caf\u00e9 delicioso alto en prote\u00ednas, excelente para complementar tu alimentaci\u00f3n y llegar a tus requerimientos proteicos diarios.<\/span><\/p>\n<p><span style=\"color: #000000;\"><strong>Descubre el Caf\u00e9 con Prote\u00edna de Revitta Wellness\u00a0\u00a0<\/strong><\/span><\/p>\n<p><span style=\"color: #000000;\">El nuevo Caf\u00e9 con prote\u00edna de Revitta Wellness, es un caf\u00e9 que aporta 100 mg de Cafe\u00edna por porci\u00f3n, sumado a que se le agrega 11 gramos de prote\u00edna de alta calidad. Tendr\u00e1s un delicioso Caf\u00e9 con un excelente aporte nutricional.<\/span><\/p>\n<p><span style=\"color: #000000;\"><strong>Caf\u00e9 Ar\u00e1bico, Prote\u00edna Whey y Cafe\u00edna: La combinaci\u00f3n perfecta<\/strong><\/span><\/p>\n<p><span style=\"color: #000000;\">Coffit Protein se elabora con caf\u00e9 ar\u00e1bico de alta calidad, adem\u00e1s esta enriquecido con 100 mg de cafe\u00edna anhidra. La cafe\u00edna es ideal para proporcionar energ\u00eda en tus entrenamientos, gracias a su acci\u00f3n estimulante del Sistema Nervioso Central, retraso en la fatiga muscular y su efecto lipol\u00edtico.<\/span><\/p>\n<p><span style=\"color: #000000;\">Coffit Protein esta enriquecido con 11 gramos de prote\u00edna Whey, una prote\u00edna de alta calidad que posee todos los amino\u00e1cidos esenciales necesarios para la regeneraci\u00f3n y recuperaci\u00f3n muscular.<\/span><\/p>\n<p><span style=\"color: #000000;\">En cuanto al aporte nutricional de Coffit Protein, \u00e9ste posee un aporte de tan s\u00f3lo 84 calor\u00edas por porci\u00f3n, es muy bajo en Sodio y sin az\u00facar a\u00f1adida. Por esta raz\u00f3n, es un Caf\u00e9 extra nutritivo y muy saludable.<\/span><\/p>\n<p><span style=\"color: #000000;\"><strong>\u00bfC\u00f3mo incluir Coffit protein en tu rutina diaria?<\/strong><\/span><\/p>\n<p><span style=\"color: #000000;\">Puedes disfrutar de Coffit antes o despu\u00e9s de tu entrenamiento. Ideal si lo consumes previo a tu entrenamiento ya que tendr\u00e1s energ\u00eda con los 100 mg de Cafe\u00edna sumado a un buen aporte proteico. Tambi\u00e9n, al consumirlo posterior a tu entrenamiento tendr\u00e1s un excelente aporte de prote\u00edna para la recuperaci\u00f3n muscular post entrenamiento y, adem\u00e1s un aporte extra de cafe\u00edna para continuar tu d\u00eda con energ\u00eda.<\/span><\/p>\n<p><span style=\"color: #000000;\">Recientes estudios han aludido al potencial de consumir Cafe\u00edna Post entrenamiento para la recuperaci\u00f3n posterior al ejercicio gracias a su capacidad para ayudar a recuperar el gluc\u00f3geno muscular.<\/span><\/p>\n<p><span style=\"color: #000000;\">Coffit es un excelente complemento para tu alimentaci\u00f3n, puedes optar por consumirlo previo o posterior a tus entrenamientos, obteniendo excelentes resultados que favorecer\u00e1n tu desempe\u00f1o deportivo. Visita Revitta Wellness en Instagram para conocer m\u00e1s sobre este producto, otros alimentos saludables y suplementos.<\/span><\/p>\n","protected":false},"excerpt":{"rendered":"<p><span style=\"color: #000000;\"><strong>Coffit Protein caf\u00e9 proteico 300 grs. de Winkler Nutrition:<\/strong><\/span><\/p>\n<ul>\n<li><span style=\"color: #000000;\">11 grs. de prote\u00edna (whey)<\/span><\/li>\n<li><span style=\"color: #000000;\">100mg de cafe\u00edna anhidra<\/span><\/li>\n<li><span style=\"color: #000000;\">100% caf\u00e9 ar\u00e1bico<\/span><\/li>\n<\/ul>\n<p><span style=\"color: #000000;\">Formato: Polvo<\/span><\/p>\n<p><span style=\"color: #000000;\">Contenido neto: 300 grs.<\/span><\/p>\n<p><span style=\"color: #000000;\">Porciones: 15<\/span><\/p>\n<p><span style=\"color: #000000;\">Modo de uso: Mezclar 1 medida dosificadora (20 grs.) en una taza con 250cc de agua caliente y revolver hasta que el producto se disuelva completamente.<\/span><\/p>\n","protected":false},"featured_media":11201,"template":"","meta":[],"product_cat":[534,536,537,726],"product_tag":[],"class_list":{"0":"post-11200","1":"product","2":"type-product","3":"status-publish","4":"has-post-thumbnail","6":"product_cat-deportista","7":"product_cat-energia-y-resistencia","8":"product_cat-proteinas","9":"product_cat-super-alimentos","11":"first","12":"instock","13":"shipping-taxable","14":"purchasable","15":"product-type-simple"},"yoast_head":"<!-- This site is optimized with the Yoast SEO plugin v25.2 - https:\/\/yoast.com\/wordpress\/plugins\/seo\/ -->\n<title>Coffit Protein Caf\u00e9 Proteico 300 grs. - YAOMARKET<\/title>\n<meta name=\"robots\" content=\"index, follow, max-snippet:-1, max-image-preview:large, max-video-preview:-1\" \/>\n<link rel=\"canonical\" href=\"https:\/\/yaomarket.cl\/?product=coffit-protein-cafe-proteico-300-grs\" \/>\n<meta property=\"og:locale\" content=\"es_ES\" \/>\n<meta property=\"og:type\" content=\"article\" \/>\n<meta property=\"og:title\" content=\"Coffit Protein Caf\u00e9 Proteico 300 grs. - YAOMARKET\" \/>\n<meta property=\"og:description\" content=\"Coffit Protein caf\u00e9 proteico 300 grs. de Winkler Nutrition:   11 grs. de prote\u00edna (whey)  100mg de cafe\u00edna anhidra  100% caf\u00e9 ar\u00e1bico  Formato: Polvo  Contenido neto: 300 grs.  Porciones: 15  Modo de uso: Mezclar 1 medida dosificadora (20 grs.) en una taza con 250cc de agua caliente y revolver hasta que el producto se disuelva completamente.\" \/>\n<meta property=\"og:url\" content=\"https:\/\/yaomarket.cl\/?product=coffit-protein-cafe-proteico-300-grs\" \/>\n<meta property=\"og:site_name\" content=\"YAOMARKET\" \/>\n<meta property=\"article:publisher\" content=\"https:\/\/www.facebook.com\/yaomarketchile\/\" \/>\n<meta property=\"article:modified_time\" content=\"2025-06-09T21:36:37+00:00\" \/>\n<meta property=\"og:image\" content=\"https:\/\/yaomarket.cl\/wp-content\/uploads\/2025\/02\/CoffitProtein_600px-2.jpg\" \/>\n\t<meta property=\"og:image:width\" content=\"600\" \/>\n\t<meta property=\"og:image:height\" content=\"600\" \/>\n\t<meta property=\"og:image:type\" content=\"image\/jpeg\" \/>\n<meta name=\"twitter:card\" content=\"summary_large_image\" \/>\n<meta name=\"twitter:label1\" content=\"Tiempo de lectura\" \/>\n\t<meta name=\"twitter:data1\" content=\"2 minutos\" \/>\n<script type=\"application\/ld+json\" class=\"yoast-schema-graph\">{\"@context\":\"https:\/\/schema.org\",\"@graph\":[{\"@type\":\"WebPage\",\"@id\":\"https:\/\/yaomarket.cl\/?product=coffit-protein-cafe-proteico-300-grs\",\"url\":\"https:\/\/yaomarket.cl\/?product=coffit-protein-cafe-proteico-300-grs\",\"name\":\"Coffit Protein Caf\u00e9 Proteico 300 grs. - YAOMARKET\",\"isPartOf\":{\"@id\":\"https:\/\/yaomarket.cl\/#website\"},\"primaryImageOfPage\":{\"@id\":\"https:\/\/yaomarket.cl\/?product=coffit-protein-cafe-proteico-300-grs#primaryimage\"},\"image\":{\"@id\":\"https:\/\/yaomarket.cl\/?product=coffit-protein-cafe-proteico-300-grs#primaryimage\"},\"thumbnailUrl\":\"https:\/\/yaomarket.cl\/wp-content\/uploads\/2025\/02\/CoffitProtein_600px-2.jpg\",\"datePublished\":\"2025-02-26T02:30:00+00:00\",\"dateModified\":\"2025-06-09T21:36:37+00:00\",\"breadcrumb\":{\"@id\":\"https:\/\/yaomarket.cl\/?product=coffit-protein-cafe-proteico-300-grs#breadcrumb\"},\"inLanguage\":\"es\",\"potentialAction\":[{\"@type\":\"ReadAction\",\"target\":[\"https:\/\/yaomarket.cl\/?product=coffit-protein-cafe-proteico-300-grs\"]}]},{\"@type\":\"ImageObject\",\"inLanguage\":\"es\",\"@id\":\"https:\/\/yaomarket.cl\/?product=coffit-protein-cafe-proteico-300-grs#primaryimage\",\"url\":\"https:\/\/yaomarket.cl\/wp-content\/uploads\/2025\/02\/CoffitProtein_600px-2.jpg\",\"contentUrl\":\"https:\/\/yaomarket.cl\/wp-content\/uploads\/2025\/02\/CoffitProtein_600px-2.jpg\",\"width\":600,\"height\":600},{\"@type\":\"BreadcrumbList\",\"@id\":\"https:\/\/yaomarket.cl\/?product=coffit-protein-cafe-proteico-300-grs#breadcrumb\",\"itemListElement\":[{\"@type\":\"ListItem\",\"position\":1,\"name\":\"Portada\",\"item\":\"https:\/\/yaomarket.cl\/\"},{\"@type\":\"ListItem\",\"position\":2,\"name\":\"TIENDA\",\"item\":\"https:\/\/yaomarket.cl\/?page_id=8\"},{\"@type\":\"ListItem\",\"position\":3,\"name\":\"Coffit Protein Caf\u00e9 Proteico 300 grs.\"}]},{\"@type\":\"WebSite\",\"@id\":\"https:\/\/yaomarket.cl\/#website\",\"url\":\"https:\/\/yaomarket.cl\/\",\"name\":\"YAOMARKET\",\"description\":\"\",\"publisher\":{\"@id\":\"https:\/\/yaomarket.cl\/#organization\"},\"potentialAction\":[{\"@type\":\"SearchAction\",\"target\":{\"@type\":\"EntryPoint\",\"urlTemplate\":\"https:\/\/yaomarket.cl\/?s={search_term_string}\"},\"query-input\":{\"@type\":\"PropertyValueSpecification\",\"valueRequired\":true,\"valueName\":\"search_term_string\"}}],\"inLanguage\":\"es\"},{\"@type\":\"Organization\",\"@id\":\"https:\/\/yaomarket.cl\/#organization\",\"name\":\"YAOMARKET\",\"url\":\"https:\/\/yaomarket.cl\/\",\"logo\":{\"@type\":\"ImageObject\",\"inLanguage\":\"es\",\"@id\":\"https:\/\/yaomarket.cl\/#\/schema\/logo\/image\/\",\"url\":\"https:\/\/yaomarket.cl\/wp-content\/uploads\/2023\/08\/Logo-Original-Yao-Market-Circular.png\",\"contentUrl\":\"https:\/\/yaomarket.cl\/wp-content\/uploads\/2023\/08\/Logo-Original-Yao-Market-Circular.png\",\"width\":522,\"height\":522,\"caption\":\"YAOMARKET\"},\"image\":{\"@id\":\"https:\/\/yaomarket.cl\/#\/schema\/logo\/image\/\"},\"sameAs\":[\"https:\/\/www.facebook.com\/yaomarketchile\/\",\"https:\/\/www.instagram.com\/yao_market\/\"]}]}<\/script>\n<!-- \/ Yoast SEO plugin. -->","yoast_head_json":{"title":"Coffit Protein Caf\u00e9 Proteico 300 grs. - YAOMARKET","robots":{"index":"index","follow":"follow","max-snippet":"max-snippet:-1","max-image-preview":"max-image-preview:large","max-video-preview":"max-video-preview:-1"},"canonical":"https:\/\/yaomarket.cl\/?product=coffit-protein-cafe-proteico-300-grs","og_locale":"es_ES","og_type":"article","og_title":"Coffit Protein Caf\u00e9 Proteico 300 grs. - YAOMARKET","og_description":"Coffit Protein caf\u00e9 proteico 300 grs. de Winkler Nutrition:   11 grs. de prote\u00edna (whey)  100mg de cafe\u00edna anhidra  100% caf\u00e9 ar\u00e1bico  Formato: Polvo  Contenido neto: 300 grs.  Porciones: 15  Modo de uso: Mezclar 1 medida dosificadora (20 grs.) en una taza con 250cc de agua caliente y revolver hasta que el producto se disuelva completamente.","og_url":"https:\/\/yaomarket.cl\/?product=coffit-protein-cafe-proteico-300-grs","og_site_name":"YAOMARKET","article_publisher":"https:\/\/www.facebook.com\/yaomarketchile\/","article_modified_time":"2025-06-09T21:36:37+00:00","og_image":[{"width":600,"height":600,"url":"https:\/\/yaomarket.cl\/wp-content\/uploads\/2025\/02\/CoffitProtein_600px-2.jpg","type":"image\/jpeg"}],"twitter_card":"summary_large_image","twitter_misc":{"Tiempo de lectura":"2 minutos"},"schema":{"@context":"https:\/\/schema.org","@graph":[{"@type":"WebPage","@id":"https:\/\/yaomarket.cl\/?product=coffit-protein-cafe-proteico-300-grs","url":"https:\/\/yaomarket.cl\/?product=coffit-protein-cafe-proteico-300-grs","name":"Coffit Protein Caf\u00e9 Proteico 300 grs. - YAOMARKET","isPartOf":{"@id":"https:\/\/yaomarket.cl\/#website"},"primaryImageOfPage":{"@id":"https:\/\/yaomarket.cl\/?product=coffit-protein-cafe-proteico-300-grs#primaryimage"},"image":{"@id":"https:\/\/yaomarket.cl\/?product=coffit-protein-cafe-proteico-300-grs#primaryimage"},"thumbnailUrl":"https:\/\/yaomarket.cl\/wp-content\/uploads\/2025\/02\/CoffitProtein_600px-2.jpg","datePublished":"2025-02-26T02:30:00+00:00","dateModified":"2025-06-09T21:36:37+00:00","breadcrumb":{"@id":"https:\/\/yaomarket.cl\/?product=coffit-protein-cafe-proteico-300-grs#breadcrumb"},"inLanguage":"es","potentialAction":[{"@type":"ReadAction","target":["https:\/\/yaomarket.cl\/?product=coffit-protein-cafe-proteico-300-grs"]}]},{"@type":"ImageObject","inLanguage":"es","@id":"https:\/\/yaomarket.cl\/?product=coffit-protein-cafe-proteico-300-grs#primaryimage","url":"https:\/\/yaomarket.cl\/wp-content\/uploads\/2025\/02\/CoffitProtein_600px-2.jpg","contentUrl":"https:\/\/yaomarket.cl\/wp-content\/uploads\/2025\/02\/CoffitProtein_600px-2.jpg","width":600,"height":600},{"@type":"BreadcrumbList","@id":"https:\/\/yaomarket.cl\/?product=coffit-protein-cafe-proteico-300-grs#breadcrumb","itemListElement":[{"@type":"ListItem","position":1,"name":"Portada","item":"https:\/\/yaomarket.cl\/"},{"@type":"ListItem","position":2,"name":"TIENDA","item":"https:\/\/yaomarket.cl\/?page_id=8"},{"@type":"ListItem","position":3,"name":"Coffit Protein Caf\u00e9 Proteico 300 grs."}]},{"@type":"WebSite","@id":"https:\/\/yaomarket.cl\/#website","url":"https:\/\/yaomarket.cl\/","name":"YAOMARKET","description":"","publisher":{"@id":"https:\/\/yaomarket.cl\/#organization"},"potentialAction":[{"@type":"SearchAction","target":{"@type":"EntryPoint","urlTemplate":"https:\/\/yaomarket.cl\/?s={search_term_string}"},"query-input":{"@type":"PropertyValueSpecification","valueRequired":true,"valueName":"search_term_string"}}],"inLanguage":"es"},{"@type":"Organization","@id":"https:\/\/yaomarket.cl\/#organization","name":"YAOMARKET","url":"https:\/\/yaomarket.cl\/","logo":{"@type":"ImageObject","inLanguage":"es","@id":"https:\/\/yaomarket.cl\/#\/schema\/logo\/image\/","url":"https:\/\/yaomarket.cl\/wp-content\/uploads\/2023\/08\/Logo-Original-Yao-Market-Circular.png","contentUrl":"https:\/\/yaomarket.cl\/wp-content\/uploads\/2023\/08\/Logo-Original-Yao-Market-Circular.png","width":522,"height":522,"caption":"YAOMARKET"},"image":{"@id":"https:\/\/yaomarket.cl\/#\/schema\/logo\/image\/"},"sameAs":["https:\/\/www.facebook.com\/yaomarketchile\/","https:\/\/www.instagram.com\/yao_market\/"]}]}},"_links":{"self":[{"href":"https:\/\/yaomarket.cl\/index.php?rest_route=\/wp\/v2\/product\/11200","targetHints":{"allow":["GET"]}}],"collection":[{"href":"https:\/\/yaomarket.cl\/index.php?rest_route=\/wp\/v2\/product"}],"about":[{"href":"https:\/\/yaomarket.cl\/index.php?rest_route=\/wp\/v2\/types\/product"}],"wp:featuredmedia":[{"embeddable":true,"href":"https:\/\/yaomarket.cl\/index.php?rest_route=\/wp\/v2\/media\/11201"}],"wp:attachment":[{"href":"https:\/\/yaomarket.cl\/index.php?rest_route=%2Fwp%2Fv2%2Fmedia&parent=11200"}],"wp:term":[{"taxonomy":"product_cat","embeddable":true,"href":"https:\/\/yaomarket.cl\/index.php?rest_route=%2Fwp%2Fv2%2Fproduct_cat&post=11200"},{"taxonomy":"product_tag","embeddable":true,"href":"https:\/\/yaomarket.cl\/index.php?rest_route=%2Fwp%2Fv2%2Fproduct_tag&post=11200"}],"curies":[{"name":"wp","href":"https:\/\/api.w.org\/{rel}","templated":true}]}}