{"id":11176,"date":"2025-02-26T02:11:03","date_gmt":"2025-02-26T02:11:03","guid":{"rendered":"https:\/\/yaomarket.cl\/?post_type=product&#038;p=11176"},"modified":"2025-04-25T04:11:24","modified_gmt":"2025-04-25T04:11:24","slug":"proteina-vegana-vegan-protein-1-kg-30-servicios","status":"publish","type":"product","link":"https:\/\/yaomarket.cl\/?product=proteina-vegana-vegan-protein-1-kg-30-servicios","title":{"rendered":"Proteina Vegana Vegan Protein 1 kg. 30 servicios"},"content":{"rendered":"<h3><span style=\"color: #000000;\"><strong>Proteina Vegana Vegan Protein 1 kg. 30 servicios<\/strong><\/span><\/h3>\n<p><span style=\"color: #000000;\"><strong>Proteina Vegana Vegan Protein 1 kg. 30 servicios de Revitta Wellness: La Prote\u00edna vegetal apta para veganos de Revitta Wellness<\/strong><\/span><\/p>\n<p><span style=\"color: #000000;\"><strong>\u00a0\u00a0\u00a0<\/strong>Muchas veces se asocia el consumo de prote\u00edna a alimentos de origen animal como carnes, l\u00e1cteos o suplementos hechos en base a Suero de Leche. Sin embargo, existen prote\u00ednas vegetales de excelente calidad, que pueden llegar a tener los mismos beneficios que un suplemento de prote\u00edna de origen animal. Revitta Wellness trae esta innovadora alternativa: Vegan protein.<\/span><\/p>\n<p><span style=\"color: #000000;\">La Prote\u00edna Vegana de Revitta Wellness Es una prote\u00edna hecha en base a una combinaci\u00f3n de prote\u00ednas vegetales como la Prote\u00edna de Arveja, Soya y Arroz. Adem\u00e1s, est\u00e1 enriquecida con micronutrientes esenciales para las personas veganas como la Vitamina B12, Hierro y Vitamina C.<\/span><\/p>\n<p><span style=\"color: #000000;\"><strong>Caracter\u00edsticas Vegan Protein<\/strong><\/span><\/p>\n<p><span style=\"color: #000000;\">La Prote\u00edna Vegana de Revitta Wellness tiene un aporte de 24,8 g de prote\u00edna y 3,4 g de Leucina por porci\u00f3n. Este amino\u00e1cido esta involucrado en la s\u00edntesis de prote\u00edna muscular y mantenimiento de masa muscular.<\/span><\/p>\n<p><span style=\"color: #000000;\">Vegan Protein esta hecha en base a 3 tipos de prote\u00ednas de origen vegetal: Prote\u00edna de Arroz, Soya y Arveja. La combinaci\u00f3n de estas 3 prote\u00ednas proporcionar\u00e1 una prote\u00edna de muy buena calidad nutricional, generando beneficios para el cambio de composici\u00f3n corporal, s\u00edntesis de prote\u00edna y mantenci\u00f3n de masa muscular.<\/span><\/p>\n<p><span style=\"color: #000000;\"><strong>Enriquecida con micronutrientes esenciales para personas veganas<\/strong><\/span><\/p>\n<p><span style=\"color: #000000;\">Vegan Protein se encuentra enriquecida con micronutrientes esenciales para las personas que no consumen alimentos de origen animal. \u00a0Estos nutrientes son: Vitamina B12, Hierro y Vitamina C.<\/span><\/p>\n<p><span style=\"color: #000000;\">La Vitamina B12 es de vital importancia, ya que se encuentra involucrada en la s\u00edntesis de gl\u00f3bulos rojos, por lo que su d\u00e9ficit podr\u00eda generar Anemia. Es importante que todas las personas veganas se suplementen con este nutriente. \u00a0El Hierro presente en Vegan Protein es un mineral muy importante para evitar la anemia, por lo que su presencia en conjunto con la Vitamina B12, podr\u00eda ayudar a evitar patolog\u00edas relacionadas con los gl\u00f3bulos rojos. La Vitamina C es un excelente antioxidante, por lo que, al estar presente en la prote\u00edna vegana, proporcionar\u00e1 su efecto antioxidante, ayuda a fortalecer el Sistema Inmune y contribuye a la producci\u00f3n de Col\u00e1geno. Adem\u00e1s, ayuda a la absorci\u00f3n del Hierro.<\/span><\/p>\n<p><span style=\"color: #000000;\">La Prote\u00edna Vegana de Revitta Wellness es una excelente opci\u00f3n para personas veganas, quienes buscan una alimentaci\u00f3n libre de nutrientes de origen animal. La presencia de 3 tipos de prote\u00ednas de origen vegetal hace que sea una fuente proteica de excelente calidad ya que proporcionar\u00e1 todos los amino\u00e1cidos esenciales para la s\u00edntesis de prote\u00edna muscular. \u00a0El enriquecimiento con vitaminas y minerales esenciales para personas veganas lo hace un excelente suplemento para tener beneficios en la salud, tanto en personas veganas como en personas que optan por consumir un suplemento de prote\u00edna de origen vegetal.<\/span><\/p>\n","protected":false},"excerpt":{"rendered":"<p><strong><span style=\"color: #000000;\">Proteina Vegana Vegan Protein 1 kg. 30 servicios<\/span><\/strong><\/p>\n<ul>\n<li><span style=\"color: #000000;\">Prote\u00edna de arveja, arroz y soya<\/span><\/li>\n<li><span style=\"color: #000000;\">24,8 grs. de prote\u00edna por porci\u00f3n<\/span><\/li>\n<li><span style=\"color: #000000;\">Crecimiento muscular<\/span><\/li>\n<li><span style=\"color: #000000;\">Dieta balanceada veganos<\/span><\/li>\n<li><span style=\"color: #000000;\">Con adici\u00f3n de Vitamina B12, Vitamina C y Hierro<\/span><\/li>\n<li><span style=\"color: #000000;\">3,4 grs. de L-Leucina por porci\u00f3n<\/span><\/li>\n<\/ul>\n<p><span style=\"color: #000000;\">Formato: Polvo<\/span><\/p>\n<p><span style=\"color: #000000;\">Sabor: Chocolate, Caramelo, Frutos del bosque y Vainilla<\/span><\/p>\n<p><span style=\"color: #000000;\">Contenido: 1 kg.<\/span><\/p>\n<p><span style=\"color: #000000;\">Porciones: 30<\/span><\/p>\n<p><span style=\"color: #000000;\">Modo de uso: Consumir 1 scoop (33 grs.) en 250 ml de agua o bebida de preferencia o lo prescrito por tu nutricionista.<\/span><\/p>\n","protected":false},"featured_media":11177,"template":"","meta":[],"product_cat":[534,537],"product_tag":[],"class_list":{"0":"post-11176","1":"product","2":"type-product","3":"status-publish","4":"has-post-thumbnail","6":"product_cat-deportista","7":"product_cat-proteinas","9":"first","10":"instock","11":"shipping-taxable","12":"purchasable","13":"product-type-variable"},"yoast_head":"<!-- This site is optimized with the Yoast SEO plugin v25.2 - https:\/\/yoast.com\/wordpress\/plugins\/seo\/ -->\n<title>Proteina Vegana Vegan Protein 1 kg. 30 servicios - YAOMARKET<\/title>\n<meta name=\"robots\" content=\"index, follow, max-snippet:-1, max-image-preview:large, max-video-preview:-1\" \/>\n<link rel=\"canonical\" href=\"https:\/\/yaomarket.cl\/?product=proteina-vegana-vegan-protein-1-kg-30-servicios\" \/>\n<meta property=\"og:locale\" content=\"es_ES\" \/>\n<meta property=\"og:type\" content=\"article\" \/>\n<meta property=\"og:title\" content=\"Proteina Vegana Vegan Protein 1 kg. 30 servicios - YAOMARKET\" \/>\n<meta property=\"og:description\" content=\"Proteina Vegana Vegan Protein 1 kg. 30 servicios   Prote\u00edna de arveja, arroz y soya  24,8 grs. de prote\u00edna por porci\u00f3n  Crecimiento muscular  Dieta balanceada veganos  Con adici\u00f3n de Vitamina B12, Vitamina C y Hierro  3,4 grs. de L-Leucina por porci\u00f3n  Formato: Polvo  Sabor: Chocolate, Caramelo, Frutos del bosque y Vainilla  Contenido: 1 kg.  Porciones: 30  Modo de uso: Consumir 1 scoop (33 grs.) en 250 ml de agua o bebida de preferencia o lo prescrito por tu nutricionista.\" \/>\n<meta property=\"og:url\" content=\"https:\/\/yaomarket.cl\/?product=proteina-vegana-vegan-protein-1-kg-30-servicios\" \/>\n<meta property=\"og:site_name\" content=\"YAOMARKET\" \/>\n<meta property=\"article:publisher\" content=\"https:\/\/www.facebook.com\/yaomarketchile\/\" \/>\n<meta property=\"article:modified_time\" content=\"2025-04-25T04:11:24+00:00\" \/>\n<meta property=\"og:image\" content=\"https:\/\/yaomarket.cl\/wp-content\/uploads\/2025\/02\/VeganEco_600px-550x550-2.jpg\" \/>\n\t<meta property=\"og:image:width\" content=\"550\" \/>\n\t<meta property=\"og:image:height\" content=\"550\" \/>\n\t<meta property=\"og:image:type\" content=\"image\/jpeg\" \/>\n<meta name=\"twitter:card\" content=\"summary_large_image\" \/>\n<meta name=\"twitter:label1\" content=\"Tiempo de lectura\" \/>\n\t<meta name=\"twitter:data1\" content=\"3 minutos\" \/>\n<script type=\"application\/ld+json\" class=\"yoast-schema-graph\">{\"@context\":\"https:\/\/schema.org\",\"@graph\":[{\"@type\":\"WebPage\",\"@id\":\"https:\/\/yaomarket.cl\/?product=proteina-vegana-vegan-protein-1-kg-30-servicios\",\"url\":\"https:\/\/yaomarket.cl\/?product=proteina-vegana-vegan-protein-1-kg-30-servicios\",\"name\":\"Proteina Vegana Vegan Protein 1 kg. 30 servicios - YAOMARKET\",\"isPartOf\":{\"@id\":\"https:\/\/yaomarket.cl\/#website\"},\"primaryImageOfPage\":{\"@id\":\"https:\/\/yaomarket.cl\/?product=proteina-vegana-vegan-protein-1-kg-30-servicios#primaryimage\"},\"image\":{\"@id\":\"https:\/\/yaomarket.cl\/?product=proteina-vegana-vegan-protein-1-kg-30-servicios#primaryimage\"},\"thumbnailUrl\":\"https:\/\/yaomarket.cl\/wp-content\/uploads\/2025\/02\/VeganEco_600px-550x550-2.jpg\",\"datePublished\":\"2025-02-26T02:11:03+00:00\",\"dateModified\":\"2025-04-25T04:11:24+00:00\",\"breadcrumb\":{\"@id\":\"https:\/\/yaomarket.cl\/?product=proteina-vegana-vegan-protein-1-kg-30-servicios#breadcrumb\"},\"inLanguage\":\"es\",\"potentialAction\":[{\"@type\":\"ReadAction\",\"target\":[\"https:\/\/yaomarket.cl\/?product=proteina-vegana-vegan-protein-1-kg-30-servicios\"]}]},{\"@type\":\"ImageObject\",\"inLanguage\":\"es\",\"@id\":\"https:\/\/yaomarket.cl\/?product=proteina-vegana-vegan-protein-1-kg-30-servicios#primaryimage\",\"url\":\"https:\/\/yaomarket.cl\/wp-content\/uploads\/2025\/02\/VeganEco_600px-550x550-2.jpg\",\"contentUrl\":\"https:\/\/yaomarket.cl\/wp-content\/uploads\/2025\/02\/VeganEco_600px-550x550-2.jpg\",\"width\":550,\"height\":550},{\"@type\":\"BreadcrumbList\",\"@id\":\"https:\/\/yaomarket.cl\/?product=proteina-vegana-vegan-protein-1-kg-30-servicios#breadcrumb\",\"itemListElement\":[{\"@type\":\"ListItem\",\"position\":1,\"name\":\"Portada\",\"item\":\"https:\/\/yaomarket.cl\/\"},{\"@type\":\"ListItem\",\"position\":2,\"name\":\"TIENDA\",\"item\":\"https:\/\/yaomarket.cl\/?page_id=8\"},{\"@type\":\"ListItem\",\"position\":3,\"name\":\"Proteina Vegana Vegan Protein 1 kg. 30 servicios\"}]},{\"@type\":\"WebSite\",\"@id\":\"https:\/\/yaomarket.cl\/#website\",\"url\":\"https:\/\/yaomarket.cl\/\",\"name\":\"YAOMARKET\",\"description\":\"\",\"publisher\":{\"@id\":\"https:\/\/yaomarket.cl\/#organization\"},\"potentialAction\":[{\"@type\":\"SearchAction\",\"target\":{\"@type\":\"EntryPoint\",\"urlTemplate\":\"https:\/\/yaomarket.cl\/?s={search_term_string}\"},\"query-input\":{\"@type\":\"PropertyValueSpecification\",\"valueRequired\":true,\"valueName\":\"search_term_string\"}}],\"inLanguage\":\"es\"},{\"@type\":\"Organization\",\"@id\":\"https:\/\/yaomarket.cl\/#organization\",\"name\":\"YAOMARKET\",\"url\":\"https:\/\/yaomarket.cl\/\",\"logo\":{\"@type\":\"ImageObject\",\"inLanguage\":\"es\",\"@id\":\"https:\/\/yaomarket.cl\/#\/schema\/logo\/image\/\",\"url\":\"https:\/\/yaomarket.cl\/wp-content\/uploads\/2023\/08\/Logo-Original-Yao-Market-Circular.png\",\"contentUrl\":\"https:\/\/yaomarket.cl\/wp-content\/uploads\/2023\/08\/Logo-Original-Yao-Market-Circular.png\",\"width\":522,\"height\":522,\"caption\":\"YAOMARKET\"},\"image\":{\"@id\":\"https:\/\/yaomarket.cl\/#\/schema\/logo\/image\/\"},\"sameAs\":[\"https:\/\/www.facebook.com\/yaomarketchile\/\",\"https:\/\/www.instagram.com\/yao_market\/\"]}]}<\/script>\n<!-- \/ Yoast SEO plugin. -->","yoast_head_json":{"title":"Proteina Vegana Vegan Protein 1 kg. 30 servicios - YAOMARKET","robots":{"index":"index","follow":"follow","max-snippet":"max-snippet:-1","max-image-preview":"max-image-preview:large","max-video-preview":"max-video-preview:-1"},"canonical":"https:\/\/yaomarket.cl\/?product=proteina-vegana-vegan-protein-1-kg-30-servicios","og_locale":"es_ES","og_type":"article","og_title":"Proteina Vegana Vegan Protein 1 kg. 30 servicios - YAOMARKET","og_description":"Proteina Vegana Vegan Protein 1 kg. 30 servicios   Prote\u00edna de arveja, arroz y soya  24,8 grs. de prote\u00edna por porci\u00f3n  Crecimiento muscular  Dieta balanceada veganos  Con adici\u00f3n de Vitamina B12, Vitamina C y Hierro  3,4 grs. de L-Leucina por porci\u00f3n  Formato: Polvo  Sabor: Chocolate, Caramelo, Frutos del bosque y Vainilla  Contenido: 1 kg.  Porciones: 30  Modo de uso: Consumir 1 scoop (33 grs.) en 250 ml de agua o bebida de preferencia o lo prescrito por tu nutricionista.","og_url":"https:\/\/yaomarket.cl\/?product=proteina-vegana-vegan-protein-1-kg-30-servicios","og_site_name":"YAOMARKET","article_publisher":"https:\/\/www.facebook.com\/yaomarketchile\/","article_modified_time":"2025-04-25T04:11:24+00:00","og_image":[{"width":550,"height":550,"url":"https:\/\/yaomarket.cl\/wp-content\/uploads\/2025\/02\/VeganEco_600px-550x550-2.jpg","type":"image\/jpeg"}],"twitter_card":"summary_large_image","twitter_misc":{"Tiempo de lectura":"3 minutos"},"schema":{"@context":"https:\/\/schema.org","@graph":[{"@type":"WebPage","@id":"https:\/\/yaomarket.cl\/?product=proteina-vegana-vegan-protein-1-kg-30-servicios","url":"https:\/\/yaomarket.cl\/?product=proteina-vegana-vegan-protein-1-kg-30-servicios","name":"Proteina Vegana Vegan Protein 1 kg. 30 servicios - YAOMARKET","isPartOf":{"@id":"https:\/\/yaomarket.cl\/#website"},"primaryImageOfPage":{"@id":"https:\/\/yaomarket.cl\/?product=proteina-vegana-vegan-protein-1-kg-30-servicios#primaryimage"},"image":{"@id":"https:\/\/yaomarket.cl\/?product=proteina-vegana-vegan-protein-1-kg-30-servicios#primaryimage"},"thumbnailUrl":"https:\/\/yaomarket.cl\/wp-content\/uploads\/2025\/02\/VeganEco_600px-550x550-2.jpg","datePublished":"2025-02-26T02:11:03+00:00","dateModified":"2025-04-25T04:11:24+00:00","breadcrumb":{"@id":"https:\/\/yaomarket.cl\/?product=proteina-vegana-vegan-protein-1-kg-30-servicios#breadcrumb"},"inLanguage":"es","potentialAction":[{"@type":"ReadAction","target":["https:\/\/yaomarket.cl\/?product=proteina-vegana-vegan-protein-1-kg-30-servicios"]}]},{"@type":"ImageObject","inLanguage":"es","@id":"https:\/\/yaomarket.cl\/?product=proteina-vegana-vegan-protein-1-kg-30-servicios#primaryimage","url":"https:\/\/yaomarket.cl\/wp-content\/uploads\/2025\/02\/VeganEco_600px-550x550-2.jpg","contentUrl":"https:\/\/yaomarket.cl\/wp-content\/uploads\/2025\/02\/VeganEco_600px-550x550-2.jpg","width":550,"height":550},{"@type":"BreadcrumbList","@id":"https:\/\/yaomarket.cl\/?product=proteina-vegana-vegan-protein-1-kg-30-servicios#breadcrumb","itemListElement":[{"@type":"ListItem","position":1,"name":"Portada","item":"https:\/\/yaomarket.cl\/"},{"@type":"ListItem","position":2,"name":"TIENDA","item":"https:\/\/yaomarket.cl\/?page_id=8"},{"@type":"ListItem","position":3,"name":"Proteina Vegana Vegan Protein 1 kg. 30 servicios"}]},{"@type":"WebSite","@id":"https:\/\/yaomarket.cl\/#website","url":"https:\/\/yaomarket.cl\/","name":"YAOMARKET","description":"","publisher":{"@id":"https:\/\/yaomarket.cl\/#organization"},"potentialAction":[{"@type":"SearchAction","target":{"@type":"EntryPoint","urlTemplate":"https:\/\/yaomarket.cl\/?s={search_term_string}"},"query-input":{"@type":"PropertyValueSpecification","valueRequired":true,"valueName":"search_term_string"}}],"inLanguage":"es"},{"@type":"Organization","@id":"https:\/\/yaomarket.cl\/#organization","name":"YAOMARKET","url":"https:\/\/yaomarket.cl\/","logo":{"@type":"ImageObject","inLanguage":"es","@id":"https:\/\/yaomarket.cl\/#\/schema\/logo\/image\/","url":"https:\/\/yaomarket.cl\/wp-content\/uploads\/2023\/08\/Logo-Original-Yao-Market-Circular.png","contentUrl":"https:\/\/yaomarket.cl\/wp-content\/uploads\/2023\/08\/Logo-Original-Yao-Market-Circular.png","width":522,"height":522,"caption":"YAOMARKET"},"image":{"@id":"https:\/\/yaomarket.cl\/#\/schema\/logo\/image\/"},"sameAs":["https:\/\/www.facebook.com\/yaomarketchile\/","https:\/\/www.instagram.com\/yao_market\/"]}]}},"_links":{"self":[{"href":"https:\/\/yaomarket.cl\/index.php?rest_route=\/wp\/v2\/product\/11176","targetHints":{"allow":["GET"]}}],"collection":[{"href":"https:\/\/yaomarket.cl\/index.php?rest_route=\/wp\/v2\/product"}],"about":[{"href":"https:\/\/yaomarket.cl\/index.php?rest_route=\/wp\/v2\/types\/product"}],"wp:featuredmedia":[{"embeddable":true,"href":"https:\/\/yaomarket.cl\/index.php?rest_route=\/wp\/v2\/media\/11177"}],"wp:attachment":[{"href":"https:\/\/yaomarket.cl\/index.php?rest_route=%2Fwp%2Fv2%2Fmedia&parent=11176"}],"wp:term":[{"taxonomy":"product_cat","embeddable":true,"href":"https:\/\/yaomarket.cl\/index.php?rest_route=%2Fwp%2Fv2%2Fproduct_cat&post=11176"},{"taxonomy":"product_tag","embeddable":true,"href":"https:\/\/yaomarket.cl\/index.php?rest_route=%2Fwp%2Fv2%2Fproduct_tag&post=11176"}],"curies":[{"name":"wp","href":"https:\/\/api.w.org\/{rel}","templated":true}]}}