{"id":11026,"date":"2025-02-25T15:43:35","date_gmt":"2025-02-25T15:43:35","guid":{"rendered":"https:\/\/yaomarket.cl\/?post_type=product&#038;p=11026"},"modified":"2025-04-25T03:50:42","modified_gmt":"2025-04-25T03:50:42","slug":"gomitas-gummies-omega-hemp-30-gomitas","status":"publish","type":"product","link":"https:\/\/yaomarket.cl\/?product=gomitas-gummies-omega-hemp-30-gomitas","title":{"rendered":"Gomitas Gummies Omega Hemp 30 gomitas"},"content":{"rendered":"<h4><span style=\"color: #000000;\">Gomitas Gummies Omega Hemp 30 gomitas de Healing:<\/span><\/h4>\n<p><span style=\"color: #000000;\">Gomitas Gummies Omega Hemp 30 gomitas de Healing est\u00e1n dise\u00f1adas para proporcionar una dosis \u00f3ptima de \u00e1cidos grasos esenciales para el bienestar general. Formuladas con una cuidadosa combinaci\u00f3n de\u00a0<strong>aceite de c\u00e1\u00f1amo org\u00e1nico full spectrum<\/strong>\u00a0y otros extractos vegetales 100% naturales, este Omega vegano promueve el bienestar cardiovascular y la salud cerebral, ocular y hep\u00e1tica.<\/span><\/p>\n<ul>\n<li><span style=\"color: #000000;\"><strong>Aceite de C\u00e1\u00f1amo org\u00e1nico:\u00a0<\/strong>Una excelente fuente de \u00e1cidos grasos omega-3 y omega-6 en proporciones ideales para el cuerpo humano. El aceite de c\u00e1\u00f1amo promueve la salud del coraz\u00f3n, el cerebro y la piel, y ayuda a mantener un sistema inmunol\u00f3gico saludable.<\/span><\/li>\n<li><span style=\"color: #000000;\"><strong>Aceite de Lino y Girasol:\u00a0<\/strong>Rico en \u00e1cido alfa-linol\u00e9nico, el aceite de lino es conocido por sus propiedades antiinflamatorias y su capacidad para mantener la salud cardiovascular. El aceite de girasol complementa esta acci\u00f3n con su alto contenido en \u00e1cido linoleico, un \u00e1cido graso esencial para el organismo.<\/span><\/li>\n<li><span style=\"color: #000000;\"><strong>Lecitina de Soya:\u00a0<\/strong>Ayuda a mejorar la absorci\u00f3n de los nutrientes liposolubles, como los \u00e1cidos grasos esenciales presentes en este suplemento, y contribuye a mantener la salud del h\u00edgado y el cerebro.<\/span><\/li>\n<li><span style=\"color: #000000;\"><strong>DHA y EPA:\u00a0<\/strong>El \u00e1cido docosahexaenoico (DHA) y el \u00e1cido eicosapentaenoico (EPA) son \u00e1cidos grasos omega-3 esenciales para la salud cerebral, ocular y cardiovascular. Estos nutrientes fundamentales apoyan la funci\u00f3n cognitiva, la salud del coraz\u00f3n y la reducci\u00f3n de la inflamaci\u00f3n en el cuerpo.<\/span><\/li>\n<\/ul>\n","protected":false},"excerpt":{"rendered":"<h4><span style=\"color: #000000;\">Gomitas Gummies Omega Hemp 30 gomitas de Healing:<\/span><\/h4>\n<ul>\n<li><span style=\"color: #000000;\">Omega 3 vegetal<\/span><\/li>\n<li><span style=\"color: #000000;\">Potencia la salud cardiovascular y cerebral<\/span><\/li>\n<li><span style=\"color: #000000;\">Mejora la funci\u00f3n cognitiva<\/span><\/li>\n<li><span style=\"color: #000000;\">Contiene 800 mg EPA y 400 mg DHA<\/span><\/li>\n<\/ul>\n<p><span style=\"color: #000000;\">C<strong>ontenido:<\/strong>\u00a030 gomitas<\/span><\/p>\n<p><span style=\"color: #000000;\"><strong>Porciones:<\/strong>\u00a030<\/span><\/p>\n<p><span style=\"color: #000000;\"><strong>Sabor:<\/strong>\u00a0Berries (gomitas)<\/span><\/p>\n<p><span style=\"color: #000000;\"><strong>Modo de uso:<\/strong>\u00a0Consumir 1 gomita al d\u00eda, de preferencia en la ma\u00f1ana.<\/span><\/p>\n","protected":false},"featured_media":11027,"template":"","meta":[],"product_cat":[670],"product_tag":[],"class_list":{"0":"post-11026","1":"product","2":"type-product","3":"status-publish","4":"has-post-thumbnail","6":"product_cat-vitaminas-y-minerales","8":"first","9":"instock","10":"shipping-taxable","11":"purchasable","12":"product-type-simple"},"yoast_head":"<!-- This site is optimized with the Yoast SEO plugin v25.2 - https:\/\/yoast.com\/wordpress\/plugins\/seo\/ -->\n<title>Gomitas Gummies Omega Hemp 30 gomitas - YAOMARKET<\/title>\n<meta name=\"robots\" content=\"index, follow, max-snippet:-1, max-image-preview:large, max-video-preview:-1\" \/>\n<link rel=\"canonical\" href=\"https:\/\/yaomarket.cl\/?product=gomitas-gummies-omega-hemp-30-gomitas\" \/>\n<meta property=\"og:locale\" content=\"es_ES\" \/>\n<meta property=\"og:type\" content=\"article\" \/>\n<meta property=\"og:title\" content=\"Gomitas Gummies Omega Hemp 30 gomitas - YAOMARKET\" \/>\n<meta property=\"og:description\" content=\"Gomitas Gummies Omega Hemp 30 gomitas de Healing:   Omega 3 vegetal  Potencia la salud cardiovascular y cerebral  Mejora la funci\u00f3n cognitiva  Contiene 800 mg EPA y 400 mg DHA  Contenido:\u00a030 gomitas  Porciones:\u00a030  Sabor:\u00a0Berries (gomitas)  Modo de uso:\u00a0Consumir 1 gomita al d\u00eda, de preferencia en la ma\u00f1ana.\" \/>\n<meta property=\"og:url\" content=\"https:\/\/yaomarket.cl\/?product=gomitas-gummies-omega-hemp-30-gomitas\" \/>\n<meta property=\"og:site_name\" content=\"YAOMARKET\" \/>\n<meta property=\"article:publisher\" content=\"https:\/\/www.facebook.com\/yaomarketchile\/\" \/>\n<meta property=\"article:modified_time\" content=\"2025-04-25T03:50:42+00:00\" \/>\n<meta property=\"og:image\" content=\"https:\/\/yaomarket.cl\/wp-content\/uploads\/2025\/02\/Mesa-de-trabajo-1-copia-100-2.jpg\" \/>\n\t<meta property=\"og:image:width\" content=\"600\" \/>\n\t<meta property=\"og:image:height\" content=\"600\" \/>\n\t<meta property=\"og:image:type\" content=\"image\/jpeg\" \/>\n<meta name=\"twitter:card\" content=\"summary_large_image\" \/>\n<meta name=\"twitter:label1\" content=\"Tiempo de lectura\" \/>\n\t<meta name=\"twitter:data1\" content=\"2 minutos\" \/>\n<script type=\"application\/ld+json\" class=\"yoast-schema-graph\">{\"@context\":\"https:\/\/schema.org\",\"@graph\":[{\"@type\":\"WebPage\",\"@id\":\"https:\/\/yaomarket.cl\/?product=gomitas-gummies-omega-hemp-30-gomitas\",\"url\":\"https:\/\/yaomarket.cl\/?product=gomitas-gummies-omega-hemp-30-gomitas\",\"name\":\"Gomitas Gummies Omega Hemp 30 gomitas - YAOMARKET\",\"isPartOf\":{\"@id\":\"https:\/\/yaomarket.cl\/#website\"},\"primaryImageOfPage\":{\"@id\":\"https:\/\/yaomarket.cl\/?product=gomitas-gummies-omega-hemp-30-gomitas#primaryimage\"},\"image\":{\"@id\":\"https:\/\/yaomarket.cl\/?product=gomitas-gummies-omega-hemp-30-gomitas#primaryimage\"},\"thumbnailUrl\":\"https:\/\/yaomarket.cl\/wp-content\/uploads\/2025\/02\/Mesa-de-trabajo-1-copia-100-2.jpg\",\"datePublished\":\"2025-02-25T15:43:35+00:00\",\"dateModified\":\"2025-04-25T03:50:42+00:00\",\"breadcrumb\":{\"@id\":\"https:\/\/yaomarket.cl\/?product=gomitas-gummies-omega-hemp-30-gomitas#breadcrumb\"},\"inLanguage\":\"es\",\"potentialAction\":[{\"@type\":\"ReadAction\",\"target\":[\"https:\/\/yaomarket.cl\/?product=gomitas-gummies-omega-hemp-30-gomitas\"]}]},{\"@type\":\"ImageObject\",\"inLanguage\":\"es\",\"@id\":\"https:\/\/yaomarket.cl\/?product=gomitas-gummies-omega-hemp-30-gomitas#primaryimage\",\"url\":\"https:\/\/yaomarket.cl\/wp-content\/uploads\/2025\/02\/Mesa-de-trabajo-1-copia-100-2.jpg\",\"contentUrl\":\"https:\/\/yaomarket.cl\/wp-content\/uploads\/2025\/02\/Mesa-de-trabajo-1-copia-100-2.jpg\",\"width\":600,\"height\":600},{\"@type\":\"BreadcrumbList\",\"@id\":\"https:\/\/yaomarket.cl\/?product=gomitas-gummies-omega-hemp-30-gomitas#breadcrumb\",\"itemListElement\":[{\"@type\":\"ListItem\",\"position\":1,\"name\":\"Portada\",\"item\":\"https:\/\/yaomarket.cl\/\"},{\"@type\":\"ListItem\",\"position\":2,\"name\":\"TIENDA\",\"item\":\"https:\/\/yaomarket.cl\/?page_id=8\"},{\"@type\":\"ListItem\",\"position\":3,\"name\":\"Gomitas Gummies Omega Hemp 30 gomitas\"}]},{\"@type\":\"WebSite\",\"@id\":\"https:\/\/yaomarket.cl\/#website\",\"url\":\"https:\/\/yaomarket.cl\/\",\"name\":\"YAOMARKET\",\"description\":\"\",\"publisher\":{\"@id\":\"https:\/\/yaomarket.cl\/#organization\"},\"potentialAction\":[{\"@type\":\"SearchAction\",\"target\":{\"@type\":\"EntryPoint\",\"urlTemplate\":\"https:\/\/yaomarket.cl\/?s={search_term_string}\"},\"query-input\":{\"@type\":\"PropertyValueSpecification\",\"valueRequired\":true,\"valueName\":\"search_term_string\"}}],\"inLanguage\":\"es\"},{\"@type\":\"Organization\",\"@id\":\"https:\/\/yaomarket.cl\/#organization\",\"name\":\"YAOMARKET\",\"url\":\"https:\/\/yaomarket.cl\/\",\"logo\":{\"@type\":\"ImageObject\",\"inLanguage\":\"es\",\"@id\":\"https:\/\/yaomarket.cl\/#\/schema\/logo\/image\/\",\"url\":\"https:\/\/yaomarket.cl\/wp-content\/uploads\/2023\/08\/Logo-Original-Yao-Market-Circular.png\",\"contentUrl\":\"https:\/\/yaomarket.cl\/wp-content\/uploads\/2023\/08\/Logo-Original-Yao-Market-Circular.png\",\"width\":522,\"height\":522,\"caption\":\"YAOMARKET\"},\"image\":{\"@id\":\"https:\/\/yaomarket.cl\/#\/schema\/logo\/image\/\"},\"sameAs\":[\"https:\/\/www.facebook.com\/yaomarketchile\/\",\"https:\/\/www.instagram.com\/yao_market\/\"]}]}<\/script>\n<!-- \/ Yoast SEO plugin. -->","yoast_head_json":{"title":"Gomitas Gummies Omega Hemp 30 gomitas - YAOMARKET","robots":{"index":"index","follow":"follow","max-snippet":"max-snippet:-1","max-image-preview":"max-image-preview:large","max-video-preview":"max-video-preview:-1"},"canonical":"https:\/\/yaomarket.cl\/?product=gomitas-gummies-omega-hemp-30-gomitas","og_locale":"es_ES","og_type":"article","og_title":"Gomitas Gummies Omega Hemp 30 gomitas - YAOMARKET","og_description":"Gomitas Gummies Omega Hemp 30 gomitas de Healing:   Omega 3 vegetal  Potencia la salud cardiovascular y cerebral  Mejora la funci\u00f3n cognitiva  Contiene 800 mg EPA y 400 mg DHA  Contenido:\u00a030 gomitas  Porciones:\u00a030  Sabor:\u00a0Berries (gomitas)  Modo de uso:\u00a0Consumir 1 gomita al d\u00eda, de preferencia en la ma\u00f1ana.","og_url":"https:\/\/yaomarket.cl\/?product=gomitas-gummies-omega-hemp-30-gomitas","og_site_name":"YAOMARKET","article_publisher":"https:\/\/www.facebook.com\/yaomarketchile\/","article_modified_time":"2025-04-25T03:50:42+00:00","og_image":[{"width":600,"height":600,"url":"https:\/\/yaomarket.cl\/wp-content\/uploads\/2025\/02\/Mesa-de-trabajo-1-copia-100-2.jpg","type":"image\/jpeg"}],"twitter_card":"summary_large_image","twitter_misc":{"Tiempo de lectura":"2 minutos"},"schema":{"@context":"https:\/\/schema.org","@graph":[{"@type":"WebPage","@id":"https:\/\/yaomarket.cl\/?product=gomitas-gummies-omega-hemp-30-gomitas","url":"https:\/\/yaomarket.cl\/?product=gomitas-gummies-omega-hemp-30-gomitas","name":"Gomitas Gummies Omega Hemp 30 gomitas - YAOMARKET","isPartOf":{"@id":"https:\/\/yaomarket.cl\/#website"},"primaryImageOfPage":{"@id":"https:\/\/yaomarket.cl\/?product=gomitas-gummies-omega-hemp-30-gomitas#primaryimage"},"image":{"@id":"https:\/\/yaomarket.cl\/?product=gomitas-gummies-omega-hemp-30-gomitas#primaryimage"},"thumbnailUrl":"https:\/\/yaomarket.cl\/wp-content\/uploads\/2025\/02\/Mesa-de-trabajo-1-copia-100-2.jpg","datePublished":"2025-02-25T15:43:35+00:00","dateModified":"2025-04-25T03:50:42+00:00","breadcrumb":{"@id":"https:\/\/yaomarket.cl\/?product=gomitas-gummies-omega-hemp-30-gomitas#breadcrumb"},"inLanguage":"es","potentialAction":[{"@type":"ReadAction","target":["https:\/\/yaomarket.cl\/?product=gomitas-gummies-omega-hemp-30-gomitas"]}]},{"@type":"ImageObject","inLanguage":"es","@id":"https:\/\/yaomarket.cl\/?product=gomitas-gummies-omega-hemp-30-gomitas#primaryimage","url":"https:\/\/yaomarket.cl\/wp-content\/uploads\/2025\/02\/Mesa-de-trabajo-1-copia-100-2.jpg","contentUrl":"https:\/\/yaomarket.cl\/wp-content\/uploads\/2025\/02\/Mesa-de-trabajo-1-copia-100-2.jpg","width":600,"height":600},{"@type":"BreadcrumbList","@id":"https:\/\/yaomarket.cl\/?product=gomitas-gummies-omega-hemp-30-gomitas#breadcrumb","itemListElement":[{"@type":"ListItem","position":1,"name":"Portada","item":"https:\/\/yaomarket.cl\/"},{"@type":"ListItem","position":2,"name":"TIENDA","item":"https:\/\/yaomarket.cl\/?page_id=8"},{"@type":"ListItem","position":3,"name":"Gomitas Gummies Omega Hemp 30 gomitas"}]},{"@type":"WebSite","@id":"https:\/\/yaomarket.cl\/#website","url":"https:\/\/yaomarket.cl\/","name":"YAOMARKET","description":"","publisher":{"@id":"https:\/\/yaomarket.cl\/#organization"},"potentialAction":[{"@type":"SearchAction","target":{"@type":"EntryPoint","urlTemplate":"https:\/\/yaomarket.cl\/?s={search_term_string}"},"query-input":{"@type":"PropertyValueSpecification","valueRequired":true,"valueName":"search_term_string"}}],"inLanguage":"es"},{"@type":"Organization","@id":"https:\/\/yaomarket.cl\/#organization","name":"YAOMARKET","url":"https:\/\/yaomarket.cl\/","logo":{"@type":"ImageObject","inLanguage":"es","@id":"https:\/\/yaomarket.cl\/#\/schema\/logo\/image\/","url":"https:\/\/yaomarket.cl\/wp-content\/uploads\/2023\/08\/Logo-Original-Yao-Market-Circular.png","contentUrl":"https:\/\/yaomarket.cl\/wp-content\/uploads\/2023\/08\/Logo-Original-Yao-Market-Circular.png","width":522,"height":522,"caption":"YAOMARKET"},"image":{"@id":"https:\/\/yaomarket.cl\/#\/schema\/logo\/image\/"},"sameAs":["https:\/\/www.facebook.com\/yaomarketchile\/","https:\/\/www.instagram.com\/yao_market\/"]}]}},"_links":{"self":[{"href":"https:\/\/yaomarket.cl\/index.php?rest_route=\/wp\/v2\/product\/11026","targetHints":{"allow":["GET"]}}],"collection":[{"href":"https:\/\/yaomarket.cl\/index.php?rest_route=\/wp\/v2\/product"}],"about":[{"href":"https:\/\/yaomarket.cl\/index.php?rest_route=\/wp\/v2\/types\/product"}],"wp:featuredmedia":[{"embeddable":true,"href":"https:\/\/yaomarket.cl\/index.php?rest_route=\/wp\/v2\/media\/11027"}],"wp:attachment":[{"href":"https:\/\/yaomarket.cl\/index.php?rest_route=%2Fwp%2Fv2%2Fmedia&parent=11026"}],"wp:term":[{"taxonomy":"product_cat","embeddable":true,"href":"https:\/\/yaomarket.cl\/index.php?rest_route=%2Fwp%2Fv2%2Fproduct_cat&post=11026"},{"taxonomy":"product_tag","embeddable":true,"href":"https:\/\/yaomarket.cl\/index.php?rest_route=%2Fwp%2Fv2%2Fproduct_tag&post=11026"}],"curies":[{"name":"wp","href":"https:\/\/api.w.org\/{rel}","templated":true}]}}