{"id":10981,"date":"2025-02-24T23:57:58","date_gmt":"2025-02-24T23:57:58","guid":{"rendered":"https:\/\/yaomarket.cl\/?post_type=product&#038;p=10981"},"modified":"2025-06-09T20:09:09","modified_gmt":"2025-06-09T20:09:09","slug":"reishi-mushroom-1000mg-60-capsulas","status":"publish","type":"product","link":"https:\/\/yaomarket.cl\/?product=reishi-mushroom-1000mg-60-capsulas","title":{"rendered":"Reishi Mushroom 1000mg 60 c\u00e1psulas"},"content":{"rendered":"<p><span style=\"color: #000000;\"><strong>Reishi Mushroom 1000mg 60 c\u00e1psulas: El Hongo adapt\u00f3geno para mejorar tu salud<\/strong><\/span><\/p>\n<p><span style=\"color: #000000;\">Si buscas mejorar tu bienestar general a trav\u00e9s de compuestos naturales presentes en la naturaleza, Reishi mushroom de Winkler Nutrition definitivamente es para ti. \u00a0El Reishi, conocido tambi\u00e9n como Ganoderma Lucidum es usado hace a\u00f1os en la medicina tradicional china para mejorar la salud, aumentar la vitalidad y alargar la vida.<\/span><\/p>\n<p><span style=\"color: #000000;\">El Reishi es un hongo adapt\u00f3geno con propiedades beneficiosas para la salud como su poder antioxidante, antiinflamatorio, capacidad para fortalecer el sistema inmunol\u00f3gico, antidiab\u00e9tico, anticancer\u00edgeno y hepatoprotector. Estas caracter\u00edsticas lo convierten en un suplemento nutricional imprescindible para aquellos que buscan mejorar su bienestar general.<\/span><\/p>\n<p><span style=\"color: #000000;\">En Winkler Nutrition, contamos con el hongo Reishi en c\u00e1psulas, con un aporte de 1000 mg de cuerpo fruct\u00edfero por porci\u00f3n, dosis adecuada para obtener los grandes beneficios de este hongo medicinal.<\/span><\/p>\n<p><span style=\"color: #000000;\"><strong>\u00bfPor qu\u00e9 elegir Reishi?<\/strong><\/span><\/p>\n<p><span style=\"color: #000000;\">El Reishi es famoso por sus propiedades adaptog\u00e9nicas, lo que significa que ayuda a tu cuerpo a adaptarse al estr\u00e9s y promover el equilibrio emocional. Si deseas mejorar tu energ\u00eda, mantener un sistema inmunol\u00f3gico fuerte y combatir los efectos del envejecimiento, el Reishi es el complemento perfecto para tu rutina diaria.<\/span><\/p>\n<p><span style=\"color: #000000;\"><strong>Beneficios de Reishi para tu salud<\/strong><\/span><\/p>\n<p><span style=\"color: #000000;\">El Reishi posee grandes beneficios para la salud, entre los m\u00e1s destacados se encuentran:<\/span><\/p>\n<ol>\n<li><span style=\"color: #000000;\"><strong>Fortalece el sistema inmunol\u00f3gico<\/strong><\/span><\/li>\n<li><span style=\"color: #000000;\"><strong>Propiedades antiinflamatorias<\/strong><\/span><\/li>\n<li><span style=\"color: #000000;\"><strong>Efecto antioxidante<\/strong><\/span><\/li>\n<li><span style=\"color: #000000;\"><strong>Acci\u00f3n hepatoprotectora<\/strong><\/span><\/li>\n<li><span style=\"color: #000000;\"><strong>Anticancer\u00edgeno<\/strong><\/span><\/li>\n<li><span style=\"color: #000000;\"><strong>Prevenci\u00f3n en enfermedades neurodegenerativas :\u00a0<\/strong>Prevenci\u00f3n\/ mejora en enfermedades neurodegenerativas como aterosclerosis, diabetes, Alzheimer, Parkinson.<\/span><\/li>\n<li><span style=\"color: #000000;\"><strong>Antidiab\u00e9tico<\/strong><\/span><\/li>\n<\/ol>\n<p><span style=\"color: #000000;\"><strong>\u00bfC\u00f3mo tomar el Reishi?<\/strong><\/span><\/p>\n<p><span style=\"color: #000000;\">Lo ideal es consumir dos c\u00e1psulas al d\u00eda de Reishi mushroom de Winkler Nutrition, ideal en las ma\u00f1anas. Para obtener los mejores resultados, te recomendamos tomarlo a diario como parte de una dieta equilibrada. No olvides que un estilo de vida saludable es clave para maximizar sus beneficios.<\/span><\/p>\n","protected":false},"excerpt":{"rendered":"<p><span style=\"color: #000000;\"><strong>Reishi Mushroom 1000mg 60 c\u00e1psulas de Winkler Nutrition:<\/strong><\/span><\/p>\n<ul>\n<li><span style=\"color: #000000;\">Fortalece el sistema inmunol\u00f3gico<\/span><\/li>\n<li><span style=\"color: #000000;\">Propiedades antiinflamatorias<\/span><\/li>\n<li><span style=\"color: #000000;\">Efecto antioxidante<\/span><\/li>\n<li><span style=\"color: #000000;\">Acci\u00f3n hepatoprotectora<\/span><\/li>\n<li><span style=\"color: #000000;\">Anticancer\u00edgeno<\/span><\/li>\n<li><span style=\"color: #000000;\">Prevenci\u00f3n en enfermedades neurodegenerativas : Prevenci\u00f3n\/ mejora en enfermedades neurodegenerativas como aterosclerosis, diabetes, Alzheimer, Parkinson.<\/span><\/li>\n<li><span style=\"color: #000000;\">Antidiab\u00e9tico<\/span><\/li>\n<\/ul>\n<p><span style=\"color: #000000;\">Formato: C\u00e1psulas<\/span><\/p>\n<p><span style=\"color: #000000;\">Contenido neto: 60 c\u00e1psulas<\/span><\/p>\n<p><span style=\"color: #000000;\">Porciones: 30<\/span><\/p>\n<p><span style=\"color: #000000;\">Modo de uso: Consumir 2 c\u00e1psulas al d\u00eda con un vaso de agua.<\/span><\/p>\n","protected":false},"featured_media":10982,"template":"","meta":[],"product_cat":[670],"product_tag":[],"class_list":{"0":"post-10981","1":"product","2":"type-product","3":"status-publish","4":"has-post-thumbnail","6":"product_cat-vitaminas-y-minerales","8":"first","9":"instock","10":"shipping-taxable","11":"purchasable","12":"product-type-simple"},"yoast_head":"<!-- This site is optimized with the Yoast SEO plugin v25.2 - https:\/\/yoast.com\/wordpress\/plugins\/seo\/ -->\n<title>Reishi Mushroom 1000mg 60 c\u00e1psulas - YAOMARKET<\/title>\n<meta name=\"robots\" content=\"index, follow, max-snippet:-1, max-image-preview:large, max-video-preview:-1\" \/>\n<link rel=\"canonical\" href=\"https:\/\/yaomarket.cl\/?product=reishi-mushroom-1000mg-60-capsulas\" \/>\n<meta property=\"og:locale\" content=\"es_ES\" \/>\n<meta property=\"og:type\" content=\"article\" \/>\n<meta property=\"og:title\" content=\"Reishi Mushroom 1000mg 60 c\u00e1psulas - YAOMARKET\" \/>\n<meta property=\"og:description\" content=\"Reishi Mushroom 1000mg 60 c\u00e1psulas de Winkler Nutrition:   Fortalece el sistema inmunol\u00f3gico  Propiedades antiinflamatorias  Efecto antioxidante  Acci\u00f3n hepatoprotectora  Anticancer\u00edgeno  Prevenci\u00f3n en enfermedades neurodegenerativas : Prevenci\u00f3n\/ mejora en enfermedades neurodegenerativas como aterosclerosis, diabetes, Alzheimer, Parkinson.  Antidiab\u00e9tico  Formato: C\u00e1psulas  Contenido neto: 60 c\u00e1psulas  Porciones: 30  Modo de uso: Consumir 2 c\u00e1psulas al d\u00eda con un vaso de agua.\" \/>\n<meta property=\"og:url\" content=\"https:\/\/yaomarket.cl\/?product=reishi-mushroom-1000mg-60-capsulas\" \/>\n<meta property=\"og:site_name\" content=\"YAOMARKET\" \/>\n<meta property=\"article:publisher\" content=\"https:\/\/www.facebook.com\/yaomarketchile\/\" \/>\n<meta property=\"article:modified_time\" content=\"2025-06-09T20:09:09+00:00\" \/>\n<meta property=\"og:image\" content=\"https:\/\/yaomarket.cl\/wp-content\/uploads\/2025\/02\/ReishiMush1_600px.jpg\" \/>\n\t<meta property=\"og:image:width\" content=\"600\" \/>\n\t<meta property=\"og:image:height\" content=\"600\" \/>\n\t<meta property=\"og:image:type\" content=\"image\/jpeg\" \/>\n<meta name=\"twitter:card\" content=\"summary_large_image\" \/>\n<meta name=\"twitter:label1\" content=\"Tiempo de lectura\" \/>\n\t<meta name=\"twitter:data1\" content=\"2 minutos\" \/>\n<script type=\"application\/ld+json\" class=\"yoast-schema-graph\">{\"@context\":\"https:\/\/schema.org\",\"@graph\":[{\"@type\":\"WebPage\",\"@id\":\"https:\/\/yaomarket.cl\/?product=reishi-mushroom-1000mg-60-capsulas\",\"url\":\"https:\/\/yaomarket.cl\/?product=reishi-mushroom-1000mg-60-capsulas\",\"name\":\"Reishi Mushroom 1000mg 60 c\u00e1psulas - YAOMARKET\",\"isPartOf\":{\"@id\":\"https:\/\/yaomarket.cl\/#website\"},\"primaryImageOfPage\":{\"@id\":\"https:\/\/yaomarket.cl\/?product=reishi-mushroom-1000mg-60-capsulas#primaryimage\"},\"image\":{\"@id\":\"https:\/\/yaomarket.cl\/?product=reishi-mushroom-1000mg-60-capsulas#primaryimage\"},\"thumbnailUrl\":\"https:\/\/yaomarket.cl\/wp-content\/uploads\/2025\/02\/ReishiMush1_600px.jpg\",\"datePublished\":\"2025-02-24T23:57:58+00:00\",\"dateModified\":\"2025-06-09T20:09:09+00:00\",\"breadcrumb\":{\"@id\":\"https:\/\/yaomarket.cl\/?product=reishi-mushroom-1000mg-60-capsulas#breadcrumb\"},\"inLanguage\":\"es\",\"potentialAction\":[{\"@type\":\"ReadAction\",\"target\":[\"https:\/\/yaomarket.cl\/?product=reishi-mushroom-1000mg-60-capsulas\"]}]},{\"@type\":\"ImageObject\",\"inLanguage\":\"es\",\"@id\":\"https:\/\/yaomarket.cl\/?product=reishi-mushroom-1000mg-60-capsulas#primaryimage\",\"url\":\"https:\/\/yaomarket.cl\/wp-content\/uploads\/2025\/02\/ReishiMush1_600px.jpg\",\"contentUrl\":\"https:\/\/yaomarket.cl\/wp-content\/uploads\/2025\/02\/ReishiMush1_600px.jpg\",\"width\":600,\"height\":600},{\"@type\":\"BreadcrumbList\",\"@id\":\"https:\/\/yaomarket.cl\/?product=reishi-mushroom-1000mg-60-capsulas#breadcrumb\",\"itemListElement\":[{\"@type\":\"ListItem\",\"position\":1,\"name\":\"Portada\",\"item\":\"https:\/\/yaomarket.cl\/\"},{\"@type\":\"ListItem\",\"position\":2,\"name\":\"TIENDA\",\"item\":\"https:\/\/yaomarket.cl\/?page_id=8\"},{\"@type\":\"ListItem\",\"position\":3,\"name\":\"Reishi Mushroom 1000mg 60 c\u00e1psulas\"}]},{\"@type\":\"WebSite\",\"@id\":\"https:\/\/yaomarket.cl\/#website\",\"url\":\"https:\/\/yaomarket.cl\/\",\"name\":\"YAOMARKET\",\"description\":\"\",\"publisher\":{\"@id\":\"https:\/\/yaomarket.cl\/#organization\"},\"potentialAction\":[{\"@type\":\"SearchAction\",\"target\":{\"@type\":\"EntryPoint\",\"urlTemplate\":\"https:\/\/yaomarket.cl\/?s={search_term_string}\"},\"query-input\":{\"@type\":\"PropertyValueSpecification\",\"valueRequired\":true,\"valueName\":\"search_term_string\"}}],\"inLanguage\":\"es\"},{\"@type\":\"Organization\",\"@id\":\"https:\/\/yaomarket.cl\/#organization\",\"name\":\"YAOMARKET\",\"url\":\"https:\/\/yaomarket.cl\/\",\"logo\":{\"@type\":\"ImageObject\",\"inLanguage\":\"es\",\"@id\":\"https:\/\/yaomarket.cl\/#\/schema\/logo\/image\/\",\"url\":\"https:\/\/yaomarket.cl\/wp-content\/uploads\/2023\/08\/Logo-Original-Yao-Market-Circular.png\",\"contentUrl\":\"https:\/\/yaomarket.cl\/wp-content\/uploads\/2023\/08\/Logo-Original-Yao-Market-Circular.png\",\"width\":522,\"height\":522,\"caption\":\"YAOMARKET\"},\"image\":{\"@id\":\"https:\/\/yaomarket.cl\/#\/schema\/logo\/image\/\"},\"sameAs\":[\"https:\/\/www.facebook.com\/yaomarketchile\/\",\"https:\/\/www.instagram.com\/yao_market\/\"]}]}<\/script>\n<!-- \/ Yoast SEO plugin. -->","yoast_head_json":{"title":"Reishi Mushroom 1000mg 60 c\u00e1psulas - YAOMARKET","robots":{"index":"index","follow":"follow","max-snippet":"max-snippet:-1","max-image-preview":"max-image-preview:large","max-video-preview":"max-video-preview:-1"},"canonical":"https:\/\/yaomarket.cl\/?product=reishi-mushroom-1000mg-60-capsulas","og_locale":"es_ES","og_type":"article","og_title":"Reishi Mushroom 1000mg 60 c\u00e1psulas - YAOMARKET","og_description":"Reishi Mushroom 1000mg 60 c\u00e1psulas de Winkler Nutrition:   Fortalece el sistema inmunol\u00f3gico  Propiedades antiinflamatorias  Efecto antioxidante  Acci\u00f3n hepatoprotectora  Anticancer\u00edgeno  Prevenci\u00f3n en enfermedades neurodegenerativas : Prevenci\u00f3n\/ mejora en enfermedades neurodegenerativas como aterosclerosis, diabetes, Alzheimer, Parkinson.  Antidiab\u00e9tico  Formato: C\u00e1psulas  Contenido neto: 60 c\u00e1psulas  Porciones: 30  Modo de uso: Consumir 2 c\u00e1psulas al d\u00eda con un vaso de agua.","og_url":"https:\/\/yaomarket.cl\/?product=reishi-mushroom-1000mg-60-capsulas","og_site_name":"YAOMARKET","article_publisher":"https:\/\/www.facebook.com\/yaomarketchile\/","article_modified_time":"2025-06-09T20:09:09+00:00","og_image":[{"width":600,"height":600,"url":"https:\/\/yaomarket.cl\/wp-content\/uploads\/2025\/02\/ReishiMush1_600px.jpg","type":"image\/jpeg"}],"twitter_card":"summary_large_image","twitter_misc":{"Tiempo de lectura":"2 minutos"},"schema":{"@context":"https:\/\/schema.org","@graph":[{"@type":"WebPage","@id":"https:\/\/yaomarket.cl\/?product=reishi-mushroom-1000mg-60-capsulas","url":"https:\/\/yaomarket.cl\/?product=reishi-mushroom-1000mg-60-capsulas","name":"Reishi Mushroom 1000mg 60 c\u00e1psulas - YAOMARKET","isPartOf":{"@id":"https:\/\/yaomarket.cl\/#website"},"primaryImageOfPage":{"@id":"https:\/\/yaomarket.cl\/?product=reishi-mushroom-1000mg-60-capsulas#primaryimage"},"image":{"@id":"https:\/\/yaomarket.cl\/?product=reishi-mushroom-1000mg-60-capsulas#primaryimage"},"thumbnailUrl":"https:\/\/yaomarket.cl\/wp-content\/uploads\/2025\/02\/ReishiMush1_600px.jpg","datePublished":"2025-02-24T23:57:58+00:00","dateModified":"2025-06-09T20:09:09+00:00","breadcrumb":{"@id":"https:\/\/yaomarket.cl\/?product=reishi-mushroom-1000mg-60-capsulas#breadcrumb"},"inLanguage":"es","potentialAction":[{"@type":"ReadAction","target":["https:\/\/yaomarket.cl\/?product=reishi-mushroom-1000mg-60-capsulas"]}]},{"@type":"ImageObject","inLanguage":"es","@id":"https:\/\/yaomarket.cl\/?product=reishi-mushroom-1000mg-60-capsulas#primaryimage","url":"https:\/\/yaomarket.cl\/wp-content\/uploads\/2025\/02\/ReishiMush1_600px.jpg","contentUrl":"https:\/\/yaomarket.cl\/wp-content\/uploads\/2025\/02\/ReishiMush1_600px.jpg","width":600,"height":600},{"@type":"BreadcrumbList","@id":"https:\/\/yaomarket.cl\/?product=reishi-mushroom-1000mg-60-capsulas#breadcrumb","itemListElement":[{"@type":"ListItem","position":1,"name":"Portada","item":"https:\/\/yaomarket.cl\/"},{"@type":"ListItem","position":2,"name":"TIENDA","item":"https:\/\/yaomarket.cl\/?page_id=8"},{"@type":"ListItem","position":3,"name":"Reishi Mushroom 1000mg 60 c\u00e1psulas"}]},{"@type":"WebSite","@id":"https:\/\/yaomarket.cl\/#website","url":"https:\/\/yaomarket.cl\/","name":"YAOMARKET","description":"","publisher":{"@id":"https:\/\/yaomarket.cl\/#organization"},"potentialAction":[{"@type":"SearchAction","target":{"@type":"EntryPoint","urlTemplate":"https:\/\/yaomarket.cl\/?s={search_term_string}"},"query-input":{"@type":"PropertyValueSpecification","valueRequired":true,"valueName":"search_term_string"}}],"inLanguage":"es"},{"@type":"Organization","@id":"https:\/\/yaomarket.cl\/#organization","name":"YAOMARKET","url":"https:\/\/yaomarket.cl\/","logo":{"@type":"ImageObject","inLanguage":"es","@id":"https:\/\/yaomarket.cl\/#\/schema\/logo\/image\/","url":"https:\/\/yaomarket.cl\/wp-content\/uploads\/2023\/08\/Logo-Original-Yao-Market-Circular.png","contentUrl":"https:\/\/yaomarket.cl\/wp-content\/uploads\/2023\/08\/Logo-Original-Yao-Market-Circular.png","width":522,"height":522,"caption":"YAOMARKET"},"image":{"@id":"https:\/\/yaomarket.cl\/#\/schema\/logo\/image\/"},"sameAs":["https:\/\/www.facebook.com\/yaomarketchile\/","https:\/\/www.instagram.com\/yao_market\/"]}]}},"_links":{"self":[{"href":"https:\/\/yaomarket.cl\/index.php?rest_route=\/wp\/v2\/product\/10981","targetHints":{"allow":["GET"]}}],"collection":[{"href":"https:\/\/yaomarket.cl\/index.php?rest_route=\/wp\/v2\/product"}],"about":[{"href":"https:\/\/yaomarket.cl\/index.php?rest_route=\/wp\/v2\/types\/product"}],"wp:featuredmedia":[{"embeddable":true,"href":"https:\/\/yaomarket.cl\/index.php?rest_route=\/wp\/v2\/media\/10982"}],"wp:attachment":[{"href":"https:\/\/yaomarket.cl\/index.php?rest_route=%2Fwp%2Fv2%2Fmedia&parent=10981"}],"wp:term":[{"taxonomy":"product_cat","embeddable":true,"href":"https:\/\/yaomarket.cl\/index.php?rest_route=%2Fwp%2Fv2%2Fproduct_cat&post=10981"},{"taxonomy":"product_tag","embeddable":true,"href":"https:\/\/yaomarket.cl\/index.php?rest_route=%2Fwp%2Fv2%2Fproduct_tag&post=10981"}],"curies":[{"name":"wp","href":"https:\/\/api.w.org\/{rel}","templated":true}]}}