{"id":10146,"date":"2023-09-15T01:52:29","date_gmt":"2023-09-15T01:52:29","guid":{"rendered":"https:\/\/yaomarket.cl\/?post_type=product&#038;p=10146"},"modified":"2025-11-04T15:53:55","modified_gmt":"2025-11-04T15:53:55","slug":"wild-protein-granola-mix-berries-300-g","status":"publish","type":"product","link":"https:\/\/yaomarket.cl\/?product=wild-protein-granola-mix-berries-300-g","title":{"rendered":"Wild Protein Granola Mix Berries 300 g"},"content":{"rendered":"<div id=\"product-description-short-427\" class=\"rte-content product-description\">\n<div class=\"rte-content product-description\"><\/div>\n<div class=\"product-actions\">\n<form id=\"add-to-cart-or-refresh\" action=\"https:\/\/europasecreta.cl\/carrito\" method=\"post\">\n<div class=\"product-variants\"><\/div>\n<div class=\"product-add-to-cart pt-3\">\n<div class=\"row extra-small-gutters product-quantity \">\n<div class=\"col col-12 col-sm-auto col-add-qty\">\n<div class=\"qty \">\n<div class=\"input-group bootstrap-touchspin\"><\/div>\n<\/div>\n<\/div>\n<\/div>\n<\/div>\n<\/form>\n<\/div>\n<\/div>\n<div class=\"product-actions\">\n<form id=\"add-to-cart-or-refresh\" action=\"https:\/\/europasecreta.cl\/carrito\" method=\"post\">\n<div class=\"product-variants\"><\/div>\n<div class=\"product-add-to-cart pt-3\">\n<div class=\"row extra-small-gutters product-quantity \">\n<div class=\"col col-12 col-sm-auto col-add-qty\">\n<div class=\"qty \">\n<div class=\"input-group bootstrap-touchspin\"><\/div>\n<\/div>\n<\/div>\n<\/div>\n<\/div>\n<\/form>\n<\/div>\n","protected":false},"excerpt":{"rendered":"<h5>Info Wild: Durante el a\u00f1o 2022, las calor\u00edas de este producto se calculaban mediante el m\u00e9todo \u00abPor Tabla\u00bb. Sin embargo, al igual que muchos otros productos, hemos realizado el cambio al m\u00e9todo \u00abAtwater\u00bb. Este proceso de transici\u00f3n lleva varios meses, lo que ha generado la presencia de productos en el mercado con diferentes valores de calor\u00edas seg\u00fan el m\u00e9todo utilizado.<\/h5>\n<p>Si deseas obtener m\u00e1s informaci\u00f3n al respecto, te invitamos a consultar la descripci\u00f3n del producto, nuestra p\u00e1gina web y nuestras redes sociales. All\u00ed encontrar\u00e1s explicaciones detalladas sobre por qu\u00e9 pueden existir discrepancias en la cantidad de calor\u00edas seg\u00fan el m\u00e9todo de c\u00e1lculo empleado.<\/p>\n<p>No dudes en contactarnos si tienes alguna pregunta o inquietud. Estamos disponibles en todos nuestros canales de comunicaci\u00f3n.<\/p>\n<p>GRANOLA CRUJIENTE CON PROTE\u00cdNA DE SOYA, SEMILLAS DE ZAPALLO Y CRANBERRIES<br \/>\n&#8211; Naturalmente libre de sellos<br \/>\n&#8211; Vegana<br \/>\n&#8211; Sin az\u00facar a\u00f1adida (este alimento no es libre de calor\u00edas)<br \/>\n&#8211; Endulzado con d\u00e1tiles y cranberries<br \/>\nDetalles<\/p>\n<p>&#8211; Es una excelente fuente de prote\u00edna<br \/>\n&#8211; 10 gramos de prote\u00edna por porci\u00f3n<br \/>\n&#8211; Granola sabor berries a base de avena y crisp\u00edn de prote\u00edna. Mezclado con cranberries y semillas de zapallo. Endulzado con d\u00e1tiles y cranberries.<\/p>\n","protected":false},"featured_media":10147,"template":"","meta":[],"product_cat":[549,383],"product_tag":[368,262,419,429,416,415],"class_list":{"0":"post-10146","1":"product","2":"type-product","3":"status-publish","4":"has-post-thumbnail","6":"product_cat-granola","7":"product_cat-vegano","8":"product_tag-berries","9":"product_tag-coco","10":"product_tag-fit","11":"product_tag-granola","12":"product_tag-protein","13":"product_tag-wild","15":"first","16":"outofstock","17":"shipping-taxable","18":"purchasable","19":"product-type-simple"},"yoast_head":"<!-- This site is optimized with the Yoast SEO plugin v25.2 - https:\/\/yoast.com\/wordpress\/plugins\/seo\/ -->\n<title>Wild Protein Granola Mix Berries 300 g - YAOMARKET<\/title>\n<meta name=\"robots\" content=\"index, follow, max-snippet:-1, max-image-preview:large, max-video-preview:-1\" \/>\n<link rel=\"canonical\" href=\"https:\/\/yaomarket.cl\/?product=wild-protein-granola-mix-berries-300-g\" \/>\n<meta property=\"og:locale\" content=\"es_ES\" \/>\n<meta property=\"og:type\" content=\"article\" \/>\n<meta property=\"og:title\" content=\"Wild Protein Granola Mix Berries 300 g - YAOMARKET\" \/>\n<meta property=\"og:description\" content=\"Info Wild: Durante el a\u00f1o 2022, las calor\u00edas de este producto se calculaban mediante el m\u00e9todo &quot;Por Tabla&quot;. Sin embargo, al igual que muchos otros productos, hemos realizado el cambio al m\u00e9todo &quot;Atwater&quot;. Este proceso de transici\u00f3n lleva varios meses, lo que ha generado la presencia de productos en el mercado con diferentes valores de calor\u00edas seg\u00fan el m\u00e9todo utilizado. Si deseas obtener m\u00e1s informaci\u00f3n al respecto, te invitamos a consultar la descripci\u00f3n del producto, nuestra p\u00e1gina web y nuestras redes sociales. All\u00ed encontrar\u00e1s explicaciones detalladas sobre por qu\u00e9 pueden existir discrepancias en la cantidad de calor\u00edas seg\u00fan el m\u00e9todo de c\u00e1lculo empleado.  No dudes en contactarnos si tienes alguna pregunta o inquietud. Estamos disponibles en todos nuestros canales de comunicaci\u00f3n.  GRANOLA CRUJIENTE CON PROTE\u00cdNA DE SOYA, SEMILLAS DE ZAPALLO Y CRANBERRIES - Naturalmente libre de sellos - Vegana - Sin az\u00facar a\u00f1adida (este alimento no es libre de calor\u00edas) - Endulzado con d\u00e1tiles y cranberries Detalles  - Es una excelente fuente de prote\u00edna - 10 gramos de prote\u00edna por porci\u00f3n - Granola sabor berries a base de avena y crisp\u00edn de prote\u00edna. Mezclado con cranberries y semillas de zapallo. Endulzado con d\u00e1tiles y cranberries.\" \/>\n<meta property=\"og:url\" content=\"https:\/\/yaomarket.cl\/?product=wild-protein-granola-mix-berries-300-g\" \/>\n<meta property=\"og:site_name\" content=\"YAOMARKET\" \/>\n<meta property=\"article:publisher\" content=\"https:\/\/www.facebook.com\/yaomarketchile\/\" \/>\n<meta property=\"article:modified_time\" content=\"2025-11-04T15:53:55+00:00\" \/>\n<meta property=\"og:image\" content=\"https:\/\/yaomarket.cl\/wp-content\/uploads\/2023\/09\/wild-protein-granola-mix-berries-300g-imagen-web_1-PhotoRoom.png-PhotoRoom.png\" \/>\n\t<meta property=\"og:image:width\" content=\"480\" \/>\n\t<meta property=\"og:image:height\" content=\"480\" \/>\n\t<meta property=\"og:image:type\" content=\"image\/png\" \/>\n<meta name=\"twitter:card\" content=\"summary_large_image\" \/>\n<script type=\"application\/ld+json\" class=\"yoast-schema-graph\">{\"@context\":\"https:\/\/schema.org\",\"@graph\":[{\"@type\":\"WebPage\",\"@id\":\"https:\/\/yaomarket.cl\/?product=wild-protein-granola-mix-berries-300-g\",\"url\":\"https:\/\/yaomarket.cl\/?product=wild-protein-granola-mix-berries-300-g\",\"name\":\"Wild Protein Granola Mix Berries 300 g - YAOMARKET\",\"isPartOf\":{\"@id\":\"https:\/\/yaomarket.cl\/#website\"},\"primaryImageOfPage\":{\"@id\":\"https:\/\/yaomarket.cl\/?product=wild-protein-granola-mix-berries-300-g#primaryimage\"},\"image\":{\"@id\":\"https:\/\/yaomarket.cl\/?product=wild-protein-granola-mix-berries-300-g#primaryimage\"},\"thumbnailUrl\":\"https:\/\/yaomarket.cl\/wp-content\/uploads\/2023\/09\/wild-protein-granola-mix-berries-300g-imagen-web_1-PhotoRoom.png-PhotoRoom.png\",\"datePublished\":\"2023-09-15T01:52:29+00:00\",\"dateModified\":\"2025-11-04T15:53:55+00:00\",\"breadcrumb\":{\"@id\":\"https:\/\/yaomarket.cl\/?product=wild-protein-granola-mix-berries-300-g#breadcrumb\"},\"inLanguage\":\"es\",\"potentialAction\":[{\"@type\":\"ReadAction\",\"target\":[\"https:\/\/yaomarket.cl\/?product=wild-protein-granola-mix-berries-300-g\"]}]},{\"@type\":\"ImageObject\",\"inLanguage\":\"es\",\"@id\":\"https:\/\/yaomarket.cl\/?product=wild-protein-granola-mix-berries-300-g#primaryimage\",\"url\":\"https:\/\/yaomarket.cl\/wp-content\/uploads\/2023\/09\/wild-protein-granola-mix-berries-300g-imagen-web_1-PhotoRoom.png-PhotoRoom.png\",\"contentUrl\":\"https:\/\/yaomarket.cl\/wp-content\/uploads\/2023\/09\/wild-protein-granola-mix-berries-300g-imagen-web_1-PhotoRoom.png-PhotoRoom.png\",\"width\":480,\"height\":480},{\"@type\":\"BreadcrumbList\",\"@id\":\"https:\/\/yaomarket.cl\/?product=wild-protein-granola-mix-berries-300-g#breadcrumb\",\"itemListElement\":[{\"@type\":\"ListItem\",\"position\":1,\"name\":\"Portada\",\"item\":\"https:\/\/yaomarket.cl\/\"},{\"@type\":\"ListItem\",\"position\":2,\"name\":\"TIENDA\",\"item\":\"https:\/\/yaomarket.cl\/?page_id=8\"},{\"@type\":\"ListItem\",\"position\":3,\"name\":\"Wild Protein Granola Mix Berries 300 g\"}]},{\"@type\":\"WebSite\",\"@id\":\"https:\/\/yaomarket.cl\/#website\",\"url\":\"https:\/\/yaomarket.cl\/\",\"name\":\"YAOMARKET\",\"description\":\"\",\"publisher\":{\"@id\":\"https:\/\/yaomarket.cl\/#organization\"},\"potentialAction\":[{\"@type\":\"SearchAction\",\"target\":{\"@type\":\"EntryPoint\",\"urlTemplate\":\"https:\/\/yaomarket.cl\/?s={search_term_string}\"},\"query-input\":{\"@type\":\"PropertyValueSpecification\",\"valueRequired\":true,\"valueName\":\"search_term_string\"}}],\"inLanguage\":\"es\"},{\"@type\":\"Organization\",\"@id\":\"https:\/\/yaomarket.cl\/#organization\",\"name\":\"YAOMARKET\",\"url\":\"https:\/\/yaomarket.cl\/\",\"logo\":{\"@type\":\"ImageObject\",\"inLanguage\":\"es\",\"@id\":\"https:\/\/yaomarket.cl\/#\/schema\/logo\/image\/\",\"url\":\"https:\/\/yaomarket.cl\/wp-content\/uploads\/2023\/08\/Logo-Original-Yao-Market-Circular.png\",\"contentUrl\":\"https:\/\/yaomarket.cl\/wp-content\/uploads\/2023\/08\/Logo-Original-Yao-Market-Circular.png\",\"width\":522,\"height\":522,\"caption\":\"YAOMARKET\"},\"image\":{\"@id\":\"https:\/\/yaomarket.cl\/#\/schema\/logo\/image\/\"},\"sameAs\":[\"https:\/\/www.facebook.com\/yaomarketchile\/\",\"https:\/\/www.instagram.com\/yao_market\/\"]}]}<\/script>\n<!-- \/ Yoast SEO plugin. -->","yoast_head_json":{"title":"Wild Protein Granola Mix Berries 300 g - YAOMARKET","robots":{"index":"index","follow":"follow","max-snippet":"max-snippet:-1","max-image-preview":"max-image-preview:large","max-video-preview":"max-video-preview:-1"},"canonical":"https:\/\/yaomarket.cl\/?product=wild-protein-granola-mix-berries-300-g","og_locale":"es_ES","og_type":"article","og_title":"Wild Protein Granola Mix Berries 300 g - YAOMARKET","og_description":"Info Wild: Durante el a\u00f1o 2022, las calor\u00edas de este producto se calculaban mediante el m\u00e9todo \"Por Tabla\". Sin embargo, al igual que muchos otros productos, hemos realizado el cambio al m\u00e9todo \"Atwater\". Este proceso de transici\u00f3n lleva varios meses, lo que ha generado la presencia de productos en el mercado con diferentes valores de calor\u00edas seg\u00fan el m\u00e9todo utilizado. Si deseas obtener m\u00e1s informaci\u00f3n al respecto, te invitamos a consultar la descripci\u00f3n del producto, nuestra p\u00e1gina web y nuestras redes sociales. All\u00ed encontrar\u00e1s explicaciones detalladas sobre por qu\u00e9 pueden existir discrepancias en la cantidad de calor\u00edas seg\u00fan el m\u00e9todo de c\u00e1lculo empleado.  No dudes en contactarnos si tienes alguna pregunta o inquietud. Estamos disponibles en todos nuestros canales de comunicaci\u00f3n.  GRANOLA CRUJIENTE CON PROTE\u00cdNA DE SOYA, SEMILLAS DE ZAPALLO Y CRANBERRIES - Naturalmente libre de sellos - Vegana - Sin az\u00facar a\u00f1adida (este alimento no es libre de calor\u00edas) - Endulzado con d\u00e1tiles y cranberries Detalles  - Es una excelente fuente de prote\u00edna - 10 gramos de prote\u00edna por porci\u00f3n - Granola sabor berries a base de avena y crisp\u00edn de prote\u00edna. Mezclado con cranberries y semillas de zapallo. Endulzado con d\u00e1tiles y cranberries.","og_url":"https:\/\/yaomarket.cl\/?product=wild-protein-granola-mix-berries-300-g","og_site_name":"YAOMARKET","article_publisher":"https:\/\/www.facebook.com\/yaomarketchile\/","article_modified_time":"2025-11-04T15:53:55+00:00","og_image":[{"width":480,"height":480,"url":"https:\/\/yaomarket.cl\/wp-content\/uploads\/2023\/09\/wild-protein-granola-mix-berries-300g-imagen-web_1-PhotoRoom.png-PhotoRoom.png","type":"image\/png"}],"twitter_card":"summary_large_image","schema":{"@context":"https:\/\/schema.org","@graph":[{"@type":"WebPage","@id":"https:\/\/yaomarket.cl\/?product=wild-protein-granola-mix-berries-300-g","url":"https:\/\/yaomarket.cl\/?product=wild-protein-granola-mix-berries-300-g","name":"Wild Protein Granola Mix Berries 300 g - YAOMARKET","isPartOf":{"@id":"https:\/\/yaomarket.cl\/#website"},"primaryImageOfPage":{"@id":"https:\/\/yaomarket.cl\/?product=wild-protein-granola-mix-berries-300-g#primaryimage"},"image":{"@id":"https:\/\/yaomarket.cl\/?product=wild-protein-granola-mix-berries-300-g#primaryimage"},"thumbnailUrl":"https:\/\/yaomarket.cl\/wp-content\/uploads\/2023\/09\/wild-protein-granola-mix-berries-300g-imagen-web_1-PhotoRoom.png-PhotoRoom.png","datePublished":"2023-09-15T01:52:29+00:00","dateModified":"2025-11-04T15:53:55+00:00","breadcrumb":{"@id":"https:\/\/yaomarket.cl\/?product=wild-protein-granola-mix-berries-300-g#breadcrumb"},"inLanguage":"es","potentialAction":[{"@type":"ReadAction","target":["https:\/\/yaomarket.cl\/?product=wild-protein-granola-mix-berries-300-g"]}]},{"@type":"ImageObject","inLanguage":"es","@id":"https:\/\/yaomarket.cl\/?product=wild-protein-granola-mix-berries-300-g#primaryimage","url":"https:\/\/yaomarket.cl\/wp-content\/uploads\/2023\/09\/wild-protein-granola-mix-berries-300g-imagen-web_1-PhotoRoom.png-PhotoRoom.png","contentUrl":"https:\/\/yaomarket.cl\/wp-content\/uploads\/2023\/09\/wild-protein-granola-mix-berries-300g-imagen-web_1-PhotoRoom.png-PhotoRoom.png","width":480,"height":480},{"@type":"BreadcrumbList","@id":"https:\/\/yaomarket.cl\/?product=wild-protein-granola-mix-berries-300-g#breadcrumb","itemListElement":[{"@type":"ListItem","position":1,"name":"Portada","item":"https:\/\/yaomarket.cl\/"},{"@type":"ListItem","position":2,"name":"TIENDA","item":"https:\/\/yaomarket.cl\/?page_id=8"},{"@type":"ListItem","position":3,"name":"Wild Protein Granola Mix Berries 300 g"}]},{"@type":"WebSite","@id":"https:\/\/yaomarket.cl\/#website","url":"https:\/\/yaomarket.cl\/","name":"YAOMARKET","description":"","publisher":{"@id":"https:\/\/yaomarket.cl\/#organization"},"potentialAction":[{"@type":"SearchAction","target":{"@type":"EntryPoint","urlTemplate":"https:\/\/yaomarket.cl\/?s={search_term_string}"},"query-input":{"@type":"PropertyValueSpecification","valueRequired":true,"valueName":"search_term_string"}}],"inLanguage":"es"},{"@type":"Organization","@id":"https:\/\/yaomarket.cl\/#organization","name":"YAOMARKET","url":"https:\/\/yaomarket.cl\/","logo":{"@type":"ImageObject","inLanguage":"es","@id":"https:\/\/yaomarket.cl\/#\/schema\/logo\/image\/","url":"https:\/\/yaomarket.cl\/wp-content\/uploads\/2023\/08\/Logo-Original-Yao-Market-Circular.png","contentUrl":"https:\/\/yaomarket.cl\/wp-content\/uploads\/2023\/08\/Logo-Original-Yao-Market-Circular.png","width":522,"height":522,"caption":"YAOMARKET"},"image":{"@id":"https:\/\/yaomarket.cl\/#\/schema\/logo\/image\/"},"sameAs":["https:\/\/www.facebook.com\/yaomarketchile\/","https:\/\/www.instagram.com\/yao_market\/"]}]}},"_links":{"self":[{"href":"https:\/\/yaomarket.cl\/index.php?rest_route=\/wp\/v2\/product\/10146","targetHints":{"allow":["GET"]}}],"collection":[{"href":"https:\/\/yaomarket.cl\/index.php?rest_route=\/wp\/v2\/product"}],"about":[{"href":"https:\/\/yaomarket.cl\/index.php?rest_route=\/wp\/v2\/types\/product"}],"wp:featuredmedia":[{"embeddable":true,"href":"https:\/\/yaomarket.cl\/index.php?rest_route=\/wp\/v2\/media\/10147"}],"wp:attachment":[{"href":"https:\/\/yaomarket.cl\/index.php?rest_route=%2Fwp%2Fv2%2Fmedia&parent=10146"}],"wp:term":[{"taxonomy":"product_cat","embeddable":true,"href":"https:\/\/yaomarket.cl\/index.php?rest_route=%2Fwp%2Fv2%2Fproduct_cat&post=10146"},{"taxonomy":"product_tag","embeddable":true,"href":"https:\/\/yaomarket.cl\/index.php?rest_route=%2Fwp%2Fv2%2Fproduct_tag&post=10146"}],"curies":[{"name":"wp","href":"https:\/\/api.w.org\/{rel}","templated":true}]}}