{"id":10043,"date":"2023-09-06T21:30:52","date_gmt":"2023-09-06T21:30:52","guid":{"rendered":"https:\/\/yaomarket.cl\/?post_type=product&#038;p=10043"},"modified":"2025-11-04T15:24:36","modified_gmt":"2025-11-04T15:24:36","slug":"liquid-energy-plus-35g","status":"publish","type":"product","link":"https:\/\/yaomarket.cl\/?product=liquid-energy-plus-35g","title":{"rendered":"Liquid Energy plus 35g"},"content":{"rendered":"<p>Maltodextrina, agua, sacarosa, jarabe de glucosa, isomaltulosa*, almid\u00f3n de ma\u00edz ceroso, cloruro de sodio, fosfato de potasio, citrato de sodio, \u00e1cido c\u00edtrico, cafe\u00edna.<br \/>\n*Fuente de glucosa y fructosa.Desarrollado y fabricado en Suiza.<\/p>\n<p>Contiene cafe\u00edna.\u00a0No recomendado para ni\u00f1os, mujeres embarazadas y personas sensibles a la cafe\u00edna.<\/p>\n<table width=\"537\">\n<tbody>\n<tr>\n<td>por 100 gramos<\/td>\n<td colspan=\"2\">por sobre<\/td>\n<\/tr>\n<tr>\n<td>Energ\u00eda kJ (kcal)<\/td>\n<td>1190 (280)<\/td>\n<td colspan=\"2\">425 (100)<\/td>\n<\/tr>\n<tr>\n<td>&nbsp;<\/td>\n<td>0g<\/td>\n<td colspan=\"2\">0g<\/td>\n<\/tr>\n<tr>\n<td>del presente: \u00e1cidos grasos saturados<\/td>\n<td>0g<\/td>\n<td colspan=\"2\">0g<\/td>\n<\/tr>\n<tr>\n<td>carbohidratos<\/td>\n<td>70g<\/td>\n<td colspan=\"2\">25g<\/td>\n<\/tr>\n<tr>\n<td>de qu\u00e9 tipos de az\u00facar<\/td>\n<td>33g<\/td>\n<td colspan=\"2\">12g<\/td>\n<\/tr>\n<tr>\n<td>Prote\u00edna<\/td>\n<td>0g<\/td>\n<td colspan=\"2\">0g<\/td>\n<\/tr>\n<tr>\n<td>Sal<\/td>\n<td>0,88g<\/td>\n<td colspan=\"2\">0,31g<\/td>\n<\/tr>\n<\/tbody>\n<\/table>\n<p>Por sobre 35 g:\u00a0\u00a0sodio 123 mg, potasio 55 mg (4%*), cafe\u00edna 25 mg<\/p>\n","protected":false},"excerpt":{"rendered":"<h4><b>LIQUID ENERGY PLUS (35g)<\/b><\/h4>\n<p class=\"p1\">LIQUID ENERGY PLUS de SPONSER\u00ae te proporciona energ\u00eda r\u00e1pida y altamente concentrada en forma l\u00edquida desde el tubo.\u00a0Gracias a las diferentes fuentes de carbohidratos, la energ\u00eda no s\u00f3lo est\u00e1 disponible r\u00e1pidamente, sino que tambi\u00e9n dura m\u00e1s.\u00a0\u00a1Ingredientes funcionales, una ingesta pr\u00e1cticamente dosificable y una tolerabilidad \u00f3ptima completan el gel de carbohidratos y promueven tu m\u00e1ximo rendimiento!<br \/>\nIngredientes especiales<\/p>\n","protected":false},"featured_media":10044,"template":"","meta":[],"product_cat":[534,536],"product_tag":[],"class_list":{"0":"post-10043","1":"product","2":"type-product","3":"status-publish","4":"has-post-thumbnail","6":"product_cat-deportista","7":"product_cat-energia-y-resistencia","9":"first","10":"outofstock","11":"shipping-taxable","12":"purchasable","13":"product-type-simple"},"yoast_head":"<!-- This site is optimized with the Yoast SEO plugin v25.2 - https:\/\/yoast.com\/wordpress\/plugins\/seo\/ -->\n<title>Liquid Energy plus 35g - YAOMARKET<\/title>\n<meta name=\"robots\" content=\"index, follow, max-snippet:-1, max-image-preview:large, max-video-preview:-1\" \/>\n<link rel=\"canonical\" href=\"https:\/\/yaomarket.cl\/?product=liquid-energy-plus-35g\" \/>\n<meta property=\"og:locale\" content=\"es_ES\" \/>\n<meta property=\"og:type\" content=\"article\" \/>\n<meta property=\"og:title\" content=\"Liquid Energy plus 35g - YAOMARKET\" \/>\n<meta property=\"og:description\" content=\"LIQUID ENERGY PLUS (35g) LIQUID ENERGY PLUS de SPONSER\u00ae te proporciona energ\u00eda r\u00e1pida y altamente concentrada en forma l\u00edquida desde el tubo.\u00a0Gracias a las diferentes fuentes de carbohidratos, la energ\u00eda no s\u00f3lo est\u00e1 disponible r\u00e1pidamente, sino que tambi\u00e9n dura m\u00e1s.\u00a0\u00a1Ingredientes funcionales, una ingesta pr\u00e1cticamente dosificable y una tolerabilidad \u00f3ptima completan el gel de carbohidratos y promueven tu m\u00e1ximo rendimiento! Ingredientes especiales\" \/>\n<meta property=\"og:url\" content=\"https:\/\/yaomarket.cl\/?product=liquid-energy-plus-35g\" \/>\n<meta property=\"og:site_name\" content=\"YAOMARKET\" \/>\n<meta property=\"article:publisher\" content=\"https:\/\/www.facebook.com\/yaomarketchile\/\" \/>\n<meta property=\"article:modified_time\" content=\"2025-11-04T15:24:36+00:00\" \/>\n<meta property=\"og:image\" content=\"https:\/\/yaomarket.cl\/wp-content\/uploads\/2023\/09\/liquid-energy-plus-35g.png\" \/>\n\t<meta property=\"og:image:width\" content=\"492\" \/>\n\t<meta property=\"og:image:height\" content=\"492\" \/>\n\t<meta property=\"og:image:type\" content=\"image\/png\" \/>\n<meta name=\"twitter:card\" content=\"summary_large_image\" \/>\n<meta name=\"twitter:label1\" content=\"Tiempo de lectura\" \/>\n\t<meta name=\"twitter:data1\" content=\"1 minuto\" \/>\n<script type=\"application\/ld+json\" class=\"yoast-schema-graph\">{\"@context\":\"https:\/\/schema.org\",\"@graph\":[{\"@type\":\"WebPage\",\"@id\":\"https:\/\/yaomarket.cl\/?product=liquid-energy-plus-35g\",\"url\":\"https:\/\/yaomarket.cl\/?product=liquid-energy-plus-35g\",\"name\":\"Liquid Energy plus 35g - YAOMARKET\",\"isPartOf\":{\"@id\":\"https:\/\/yaomarket.cl\/#website\"},\"primaryImageOfPage\":{\"@id\":\"https:\/\/yaomarket.cl\/?product=liquid-energy-plus-35g#primaryimage\"},\"image\":{\"@id\":\"https:\/\/yaomarket.cl\/?product=liquid-energy-plus-35g#primaryimage\"},\"thumbnailUrl\":\"https:\/\/yaomarket.cl\/wp-content\/uploads\/2023\/09\/liquid-energy-plus-35g.png\",\"datePublished\":\"2023-09-06T21:30:52+00:00\",\"dateModified\":\"2025-11-04T15:24:36+00:00\",\"breadcrumb\":{\"@id\":\"https:\/\/yaomarket.cl\/?product=liquid-energy-plus-35g#breadcrumb\"},\"inLanguage\":\"es\",\"potentialAction\":[{\"@type\":\"ReadAction\",\"target\":[\"https:\/\/yaomarket.cl\/?product=liquid-energy-plus-35g\"]}]},{\"@type\":\"ImageObject\",\"inLanguage\":\"es\",\"@id\":\"https:\/\/yaomarket.cl\/?product=liquid-energy-plus-35g#primaryimage\",\"url\":\"https:\/\/yaomarket.cl\/wp-content\/uploads\/2023\/09\/liquid-energy-plus-35g.png\",\"contentUrl\":\"https:\/\/yaomarket.cl\/wp-content\/uploads\/2023\/09\/liquid-energy-plus-35g.png\",\"width\":492,\"height\":492},{\"@type\":\"BreadcrumbList\",\"@id\":\"https:\/\/yaomarket.cl\/?product=liquid-energy-plus-35g#breadcrumb\",\"itemListElement\":[{\"@type\":\"ListItem\",\"position\":1,\"name\":\"Portada\",\"item\":\"https:\/\/yaomarket.cl\/\"},{\"@type\":\"ListItem\",\"position\":2,\"name\":\"TIENDA\",\"item\":\"https:\/\/yaomarket.cl\/?page_id=8\"},{\"@type\":\"ListItem\",\"position\":3,\"name\":\"Liquid Energy plus 35g\"}]},{\"@type\":\"WebSite\",\"@id\":\"https:\/\/yaomarket.cl\/#website\",\"url\":\"https:\/\/yaomarket.cl\/\",\"name\":\"YAOMARKET\",\"description\":\"\",\"publisher\":{\"@id\":\"https:\/\/yaomarket.cl\/#organization\"},\"potentialAction\":[{\"@type\":\"SearchAction\",\"target\":{\"@type\":\"EntryPoint\",\"urlTemplate\":\"https:\/\/yaomarket.cl\/?s={search_term_string}\"},\"query-input\":{\"@type\":\"PropertyValueSpecification\",\"valueRequired\":true,\"valueName\":\"search_term_string\"}}],\"inLanguage\":\"es\"},{\"@type\":\"Organization\",\"@id\":\"https:\/\/yaomarket.cl\/#organization\",\"name\":\"YAOMARKET\",\"url\":\"https:\/\/yaomarket.cl\/\",\"logo\":{\"@type\":\"ImageObject\",\"inLanguage\":\"es\",\"@id\":\"https:\/\/yaomarket.cl\/#\/schema\/logo\/image\/\",\"url\":\"https:\/\/yaomarket.cl\/wp-content\/uploads\/2023\/08\/Logo-Original-Yao-Market-Circular.png\",\"contentUrl\":\"https:\/\/yaomarket.cl\/wp-content\/uploads\/2023\/08\/Logo-Original-Yao-Market-Circular.png\",\"width\":522,\"height\":522,\"caption\":\"YAOMARKET\"},\"image\":{\"@id\":\"https:\/\/yaomarket.cl\/#\/schema\/logo\/image\/\"},\"sameAs\":[\"https:\/\/www.facebook.com\/yaomarketchile\/\",\"https:\/\/www.instagram.com\/yao_market\/\"]}]}<\/script>\n<!-- \/ Yoast SEO plugin. -->","yoast_head_json":{"title":"Liquid Energy plus 35g - YAOMARKET","robots":{"index":"index","follow":"follow","max-snippet":"max-snippet:-1","max-image-preview":"max-image-preview:large","max-video-preview":"max-video-preview:-1"},"canonical":"https:\/\/yaomarket.cl\/?product=liquid-energy-plus-35g","og_locale":"es_ES","og_type":"article","og_title":"Liquid Energy plus 35g - YAOMARKET","og_description":"LIQUID ENERGY PLUS (35g) LIQUID ENERGY PLUS de SPONSER\u00ae te proporciona energ\u00eda r\u00e1pida y altamente concentrada en forma l\u00edquida desde el tubo.\u00a0Gracias a las diferentes fuentes de carbohidratos, la energ\u00eda no s\u00f3lo est\u00e1 disponible r\u00e1pidamente, sino que tambi\u00e9n dura m\u00e1s.\u00a0\u00a1Ingredientes funcionales, una ingesta pr\u00e1cticamente dosificable y una tolerabilidad \u00f3ptima completan el gel de carbohidratos y promueven tu m\u00e1ximo rendimiento! Ingredientes especiales","og_url":"https:\/\/yaomarket.cl\/?product=liquid-energy-plus-35g","og_site_name":"YAOMARKET","article_publisher":"https:\/\/www.facebook.com\/yaomarketchile\/","article_modified_time":"2025-11-04T15:24:36+00:00","og_image":[{"width":492,"height":492,"url":"https:\/\/yaomarket.cl\/wp-content\/uploads\/2023\/09\/liquid-energy-plus-35g.png","type":"image\/png"}],"twitter_card":"summary_large_image","twitter_misc":{"Tiempo de lectura":"1 minuto"},"schema":{"@context":"https:\/\/schema.org","@graph":[{"@type":"WebPage","@id":"https:\/\/yaomarket.cl\/?product=liquid-energy-plus-35g","url":"https:\/\/yaomarket.cl\/?product=liquid-energy-plus-35g","name":"Liquid Energy plus 35g - YAOMARKET","isPartOf":{"@id":"https:\/\/yaomarket.cl\/#website"},"primaryImageOfPage":{"@id":"https:\/\/yaomarket.cl\/?product=liquid-energy-plus-35g#primaryimage"},"image":{"@id":"https:\/\/yaomarket.cl\/?product=liquid-energy-plus-35g#primaryimage"},"thumbnailUrl":"https:\/\/yaomarket.cl\/wp-content\/uploads\/2023\/09\/liquid-energy-plus-35g.png","datePublished":"2023-09-06T21:30:52+00:00","dateModified":"2025-11-04T15:24:36+00:00","breadcrumb":{"@id":"https:\/\/yaomarket.cl\/?product=liquid-energy-plus-35g#breadcrumb"},"inLanguage":"es","potentialAction":[{"@type":"ReadAction","target":["https:\/\/yaomarket.cl\/?product=liquid-energy-plus-35g"]}]},{"@type":"ImageObject","inLanguage":"es","@id":"https:\/\/yaomarket.cl\/?product=liquid-energy-plus-35g#primaryimage","url":"https:\/\/yaomarket.cl\/wp-content\/uploads\/2023\/09\/liquid-energy-plus-35g.png","contentUrl":"https:\/\/yaomarket.cl\/wp-content\/uploads\/2023\/09\/liquid-energy-plus-35g.png","width":492,"height":492},{"@type":"BreadcrumbList","@id":"https:\/\/yaomarket.cl\/?product=liquid-energy-plus-35g#breadcrumb","itemListElement":[{"@type":"ListItem","position":1,"name":"Portada","item":"https:\/\/yaomarket.cl\/"},{"@type":"ListItem","position":2,"name":"TIENDA","item":"https:\/\/yaomarket.cl\/?page_id=8"},{"@type":"ListItem","position":3,"name":"Liquid Energy plus 35g"}]},{"@type":"WebSite","@id":"https:\/\/yaomarket.cl\/#website","url":"https:\/\/yaomarket.cl\/","name":"YAOMARKET","description":"","publisher":{"@id":"https:\/\/yaomarket.cl\/#organization"},"potentialAction":[{"@type":"SearchAction","target":{"@type":"EntryPoint","urlTemplate":"https:\/\/yaomarket.cl\/?s={search_term_string}"},"query-input":{"@type":"PropertyValueSpecification","valueRequired":true,"valueName":"search_term_string"}}],"inLanguage":"es"},{"@type":"Organization","@id":"https:\/\/yaomarket.cl\/#organization","name":"YAOMARKET","url":"https:\/\/yaomarket.cl\/","logo":{"@type":"ImageObject","inLanguage":"es","@id":"https:\/\/yaomarket.cl\/#\/schema\/logo\/image\/","url":"https:\/\/yaomarket.cl\/wp-content\/uploads\/2023\/08\/Logo-Original-Yao-Market-Circular.png","contentUrl":"https:\/\/yaomarket.cl\/wp-content\/uploads\/2023\/08\/Logo-Original-Yao-Market-Circular.png","width":522,"height":522,"caption":"YAOMARKET"},"image":{"@id":"https:\/\/yaomarket.cl\/#\/schema\/logo\/image\/"},"sameAs":["https:\/\/www.facebook.com\/yaomarketchile\/","https:\/\/www.instagram.com\/yao_market\/"]}]}},"_links":{"self":[{"href":"https:\/\/yaomarket.cl\/index.php?rest_route=\/wp\/v2\/product\/10043","targetHints":{"allow":["GET"]}}],"collection":[{"href":"https:\/\/yaomarket.cl\/index.php?rest_route=\/wp\/v2\/product"}],"about":[{"href":"https:\/\/yaomarket.cl\/index.php?rest_route=\/wp\/v2\/types\/product"}],"wp:featuredmedia":[{"embeddable":true,"href":"https:\/\/yaomarket.cl\/index.php?rest_route=\/wp\/v2\/media\/10044"}],"wp:attachment":[{"href":"https:\/\/yaomarket.cl\/index.php?rest_route=%2Fwp%2Fv2%2Fmedia&parent=10043"}],"wp:term":[{"taxonomy":"product_cat","embeddable":true,"href":"https:\/\/yaomarket.cl\/index.php?rest_route=%2Fwp%2Fv2%2Fproduct_cat&post=10043"},{"taxonomy":"product_tag","embeddable":true,"href":"https:\/\/yaomarket.cl\/index.php?rest_route=%2Fwp%2Fv2%2Fproduct_tag&post=10043"}],"curies":[{"name":"wp","href":"https:\/\/api.w.org\/{rel}","templated":true}]}}