{"id":10030,"date":"2023-09-06T20:56:19","date_gmt":"2023-09-06T20:56:19","guid":{"rendered":"https:\/\/yaomarket.cl\/?post_type=product&#038;p=10030"},"modified":"2025-11-04T15:55:30","modified_gmt":"2025-11-04T15:55:30","slug":"recovery-drink","status":"publish","type":"product","link":"https:\/\/yaomarket.cl\/?product=recovery-drink","title":{"rendered":"Recovery Drink"},"content":{"rendered":"<p>Bebida afrutada con carbohidratos y prote\u00ednas que no contiene lactosa para una restauraci\u00f3n (recuperaci\u00f3n) normal despu\u00e9s de los ejercicios f\u00edsicos. Contiene carbohidratos de cadena corta y larga para el suministro de energ\u00eda. &#8211; A base de case\u00edna y prote\u00edna de suero hidrolizado. &#8211; El aislado de prote\u00edna de suero de la microfiltraci\u00f3n de flujo cruzado proporciona prote\u00ednas concentradas y naturales con factores de alta calidad (25% BCAA). &#8211; Enriquecido con los amino\u00e1cidos libres leucina (1.85 g \/ 100 g) y glutamina (1.6 g \/ 100 g). &#8211; Enriquecido con las fibras diet\u00e9ticas solubles inulina.<\/p>\n<p><strong>Ingredientes<\/strong>:<\/p>\n<p>Frutas en polvo 20% (sacarosa, frutilla, pl\u00e1tano), glucosa, fructosa, prote\u00edna aislada de suero 10%, maltodextrina, inulina 7% (fibra soluble), prote\u00ednas hidrolizadas 6% (case\u00edna, suero), minerales (magnesio, calcio y lactato de zinc). , citrato de sodio, fumarato ferroso, zinc, cobre y gluconato de manganeso, yodato de potasio, levadura de cromo, selenato de sodio), lecitina de girasol emulsionante, L-glutamina 2%, L-leucina 2%, jugo de remolacha de color, \u00e1cido c\u00edtrico acidulante, sabores, espesantes (harina de semilla de guar, xantano), vitaminas (\u00e1cido asc\u00f3rbico, acetato de alfa-tocoferilo, nicotinamida, acetato de retinilo, pantotenato de calcio, colecalciferol, clorhidrato de piridoxina, riboflavina, cianocobalamina, mononitrato de tiamina, \u00e1cido f\u00f3lico, biotina).<\/p>\n","protected":false},"excerpt":{"rendered":"<h4><strong>Bebida Reconstituida sabor manzana-berry 60 gr.<\/strong><\/h4>\n<p>Bebida afrutada con carbohidratos y prote\u00ednas que no contiene lactosa para una restauraci\u00f3n (recuperaci\u00f3n) normal despu\u00e9s de los ejercicios f\u00edsicos. Contiene carbohidratos de cadena corta y larga para el suministro de energ\u00eda.<\/p>\n","protected":false},"featured_media":10031,"template":"","meta":[],"product_cat":[534,536],"product_tag":[],"class_list":{"0":"post-10030","1":"product","2":"type-product","3":"status-publish","4":"has-post-thumbnail","6":"product_cat-deportista","7":"product_cat-energia-y-resistencia","9":"first","10":"outofstock","11":"shipping-taxable","12":"purchasable","13":"product-type-simple"},"yoast_head":"<!-- This site is optimized with the Yoast SEO plugin v25.2 - https:\/\/yoast.com\/wordpress\/plugins\/seo\/ -->\n<title>Recovery Drink - YAOMARKET<\/title>\n<meta name=\"robots\" content=\"index, follow, max-snippet:-1, max-image-preview:large, max-video-preview:-1\" \/>\n<link rel=\"canonical\" href=\"https:\/\/yaomarket.cl\/?product=recovery-drink\" \/>\n<meta property=\"og:locale\" content=\"es_ES\" \/>\n<meta property=\"og:type\" content=\"article\" \/>\n<meta property=\"og:title\" content=\"Recovery Drink - YAOMARKET\" \/>\n<meta property=\"og:description\" content=\"Bebida Reconstituida sabor manzana-berry 60 gr. Bebida afrutada con carbohidratos y prote\u00ednas que no contiene lactosa para una restauraci\u00f3n (recuperaci\u00f3n) normal despu\u00e9s de los ejercicios f\u00edsicos. Contiene carbohidratos de cadena corta y larga para el suministro de energ\u00eda.\" \/>\n<meta property=\"og:url\" content=\"https:\/\/yaomarket.cl\/?product=recovery-drink\" \/>\n<meta property=\"og:site_name\" content=\"YAOMARKET\" \/>\n<meta property=\"article:publisher\" content=\"https:\/\/www.facebook.com\/yaomarketchile\/\" \/>\n<meta property=\"article:modified_time\" content=\"2025-11-04T15:55:30+00:00\" \/>\n<meta property=\"og:image\" content=\"https:\/\/yaomarket.cl\/wp-content\/uploads\/2023\/09\/recovery-drink.png\" \/>\n\t<meta property=\"og:image:width\" content=\"492\" \/>\n\t<meta property=\"og:image:height\" content=\"492\" \/>\n\t<meta property=\"og:image:type\" content=\"image\/png\" \/>\n<meta name=\"twitter:card\" content=\"summary_large_image\" \/>\n<meta name=\"twitter:label1\" content=\"Tiempo de lectura\" \/>\n\t<meta name=\"twitter:data1\" content=\"1 minuto\" \/>\n<script type=\"application\/ld+json\" class=\"yoast-schema-graph\">{\"@context\":\"https:\/\/schema.org\",\"@graph\":[{\"@type\":\"WebPage\",\"@id\":\"https:\/\/yaomarket.cl\/?product=recovery-drink\",\"url\":\"https:\/\/yaomarket.cl\/?product=recovery-drink\",\"name\":\"Recovery Drink - YAOMARKET\",\"isPartOf\":{\"@id\":\"https:\/\/yaomarket.cl\/#website\"},\"primaryImageOfPage\":{\"@id\":\"https:\/\/yaomarket.cl\/?product=recovery-drink#primaryimage\"},\"image\":{\"@id\":\"https:\/\/yaomarket.cl\/?product=recovery-drink#primaryimage\"},\"thumbnailUrl\":\"https:\/\/yaomarket.cl\/wp-content\/uploads\/2023\/09\/recovery-drink.png\",\"datePublished\":\"2023-09-06T20:56:19+00:00\",\"dateModified\":\"2025-11-04T15:55:30+00:00\",\"breadcrumb\":{\"@id\":\"https:\/\/yaomarket.cl\/?product=recovery-drink#breadcrumb\"},\"inLanguage\":\"es\",\"potentialAction\":[{\"@type\":\"ReadAction\",\"target\":[\"https:\/\/yaomarket.cl\/?product=recovery-drink\"]}]},{\"@type\":\"ImageObject\",\"inLanguage\":\"es\",\"@id\":\"https:\/\/yaomarket.cl\/?product=recovery-drink#primaryimage\",\"url\":\"https:\/\/yaomarket.cl\/wp-content\/uploads\/2023\/09\/recovery-drink.png\",\"contentUrl\":\"https:\/\/yaomarket.cl\/wp-content\/uploads\/2023\/09\/recovery-drink.png\",\"width\":492,\"height\":492},{\"@type\":\"BreadcrumbList\",\"@id\":\"https:\/\/yaomarket.cl\/?product=recovery-drink#breadcrumb\",\"itemListElement\":[{\"@type\":\"ListItem\",\"position\":1,\"name\":\"Portada\",\"item\":\"https:\/\/yaomarket.cl\/\"},{\"@type\":\"ListItem\",\"position\":2,\"name\":\"TIENDA\",\"item\":\"https:\/\/yaomarket.cl\/?page_id=8\"},{\"@type\":\"ListItem\",\"position\":3,\"name\":\"Recovery Drink\"}]},{\"@type\":\"WebSite\",\"@id\":\"https:\/\/yaomarket.cl\/#website\",\"url\":\"https:\/\/yaomarket.cl\/\",\"name\":\"YAOMARKET\",\"description\":\"\",\"publisher\":{\"@id\":\"https:\/\/yaomarket.cl\/#organization\"},\"potentialAction\":[{\"@type\":\"SearchAction\",\"target\":{\"@type\":\"EntryPoint\",\"urlTemplate\":\"https:\/\/yaomarket.cl\/?s={search_term_string}\"},\"query-input\":{\"@type\":\"PropertyValueSpecification\",\"valueRequired\":true,\"valueName\":\"search_term_string\"}}],\"inLanguage\":\"es\"},{\"@type\":\"Organization\",\"@id\":\"https:\/\/yaomarket.cl\/#organization\",\"name\":\"YAOMARKET\",\"url\":\"https:\/\/yaomarket.cl\/\",\"logo\":{\"@type\":\"ImageObject\",\"inLanguage\":\"es\",\"@id\":\"https:\/\/yaomarket.cl\/#\/schema\/logo\/image\/\",\"url\":\"https:\/\/yaomarket.cl\/wp-content\/uploads\/2023\/08\/Logo-Original-Yao-Market-Circular.png\",\"contentUrl\":\"https:\/\/yaomarket.cl\/wp-content\/uploads\/2023\/08\/Logo-Original-Yao-Market-Circular.png\",\"width\":522,\"height\":522,\"caption\":\"YAOMARKET\"},\"image\":{\"@id\":\"https:\/\/yaomarket.cl\/#\/schema\/logo\/image\/\"},\"sameAs\":[\"https:\/\/www.facebook.com\/yaomarketchile\/\",\"https:\/\/www.instagram.com\/yao_market\/\"]}]}<\/script>\n<!-- \/ Yoast SEO plugin. -->","yoast_head_json":{"title":"Recovery Drink - YAOMARKET","robots":{"index":"index","follow":"follow","max-snippet":"max-snippet:-1","max-image-preview":"max-image-preview:large","max-video-preview":"max-video-preview:-1"},"canonical":"https:\/\/yaomarket.cl\/?product=recovery-drink","og_locale":"es_ES","og_type":"article","og_title":"Recovery Drink - YAOMARKET","og_description":"Bebida Reconstituida sabor manzana-berry 60 gr. Bebida afrutada con carbohidratos y prote\u00ednas que no contiene lactosa para una restauraci\u00f3n (recuperaci\u00f3n) normal despu\u00e9s de los ejercicios f\u00edsicos. Contiene carbohidratos de cadena corta y larga para el suministro de energ\u00eda.","og_url":"https:\/\/yaomarket.cl\/?product=recovery-drink","og_site_name":"YAOMARKET","article_publisher":"https:\/\/www.facebook.com\/yaomarketchile\/","article_modified_time":"2025-11-04T15:55:30+00:00","og_image":[{"width":492,"height":492,"url":"https:\/\/yaomarket.cl\/wp-content\/uploads\/2023\/09\/recovery-drink.png","type":"image\/png"}],"twitter_card":"summary_large_image","twitter_misc":{"Tiempo de lectura":"1 minuto"},"schema":{"@context":"https:\/\/schema.org","@graph":[{"@type":"WebPage","@id":"https:\/\/yaomarket.cl\/?product=recovery-drink","url":"https:\/\/yaomarket.cl\/?product=recovery-drink","name":"Recovery Drink - YAOMARKET","isPartOf":{"@id":"https:\/\/yaomarket.cl\/#website"},"primaryImageOfPage":{"@id":"https:\/\/yaomarket.cl\/?product=recovery-drink#primaryimage"},"image":{"@id":"https:\/\/yaomarket.cl\/?product=recovery-drink#primaryimage"},"thumbnailUrl":"https:\/\/yaomarket.cl\/wp-content\/uploads\/2023\/09\/recovery-drink.png","datePublished":"2023-09-06T20:56:19+00:00","dateModified":"2025-11-04T15:55:30+00:00","breadcrumb":{"@id":"https:\/\/yaomarket.cl\/?product=recovery-drink#breadcrumb"},"inLanguage":"es","potentialAction":[{"@type":"ReadAction","target":["https:\/\/yaomarket.cl\/?product=recovery-drink"]}]},{"@type":"ImageObject","inLanguage":"es","@id":"https:\/\/yaomarket.cl\/?product=recovery-drink#primaryimage","url":"https:\/\/yaomarket.cl\/wp-content\/uploads\/2023\/09\/recovery-drink.png","contentUrl":"https:\/\/yaomarket.cl\/wp-content\/uploads\/2023\/09\/recovery-drink.png","width":492,"height":492},{"@type":"BreadcrumbList","@id":"https:\/\/yaomarket.cl\/?product=recovery-drink#breadcrumb","itemListElement":[{"@type":"ListItem","position":1,"name":"Portada","item":"https:\/\/yaomarket.cl\/"},{"@type":"ListItem","position":2,"name":"TIENDA","item":"https:\/\/yaomarket.cl\/?page_id=8"},{"@type":"ListItem","position":3,"name":"Recovery Drink"}]},{"@type":"WebSite","@id":"https:\/\/yaomarket.cl\/#website","url":"https:\/\/yaomarket.cl\/","name":"YAOMARKET","description":"","publisher":{"@id":"https:\/\/yaomarket.cl\/#organization"},"potentialAction":[{"@type":"SearchAction","target":{"@type":"EntryPoint","urlTemplate":"https:\/\/yaomarket.cl\/?s={search_term_string}"},"query-input":{"@type":"PropertyValueSpecification","valueRequired":true,"valueName":"search_term_string"}}],"inLanguage":"es"},{"@type":"Organization","@id":"https:\/\/yaomarket.cl\/#organization","name":"YAOMARKET","url":"https:\/\/yaomarket.cl\/","logo":{"@type":"ImageObject","inLanguage":"es","@id":"https:\/\/yaomarket.cl\/#\/schema\/logo\/image\/","url":"https:\/\/yaomarket.cl\/wp-content\/uploads\/2023\/08\/Logo-Original-Yao-Market-Circular.png","contentUrl":"https:\/\/yaomarket.cl\/wp-content\/uploads\/2023\/08\/Logo-Original-Yao-Market-Circular.png","width":522,"height":522,"caption":"YAOMARKET"},"image":{"@id":"https:\/\/yaomarket.cl\/#\/schema\/logo\/image\/"},"sameAs":["https:\/\/www.facebook.com\/yaomarketchile\/","https:\/\/www.instagram.com\/yao_market\/"]}]}},"_links":{"self":[{"href":"https:\/\/yaomarket.cl\/index.php?rest_route=\/wp\/v2\/product\/10030","targetHints":{"allow":["GET"]}}],"collection":[{"href":"https:\/\/yaomarket.cl\/index.php?rest_route=\/wp\/v2\/product"}],"about":[{"href":"https:\/\/yaomarket.cl\/index.php?rest_route=\/wp\/v2\/types\/product"}],"wp:featuredmedia":[{"embeddable":true,"href":"https:\/\/yaomarket.cl\/index.php?rest_route=\/wp\/v2\/media\/10031"}],"wp:attachment":[{"href":"https:\/\/yaomarket.cl\/index.php?rest_route=%2Fwp%2Fv2%2Fmedia&parent=10030"}],"wp:term":[{"taxonomy":"product_cat","embeddable":true,"href":"https:\/\/yaomarket.cl\/index.php?rest_route=%2Fwp%2Fv2%2Fproduct_cat&post=10030"},{"taxonomy":"product_tag","embeddable":true,"href":"https:\/\/yaomarket.cl\/index.php?rest_route=%2Fwp%2Fv2%2Fproduct_tag&post=10030"}],"curies":[{"name":"wp","href":"https:\/\/api.w.org\/{rel}","templated":true}]}}